{"id":197,"date":"2019-11-22T23:12:10","date_gmt":"2019-11-22T16:12:10","guid":{"rendered":"http:\/\/xedap.muathemewordpress.net\/?post_type=product&#038;p=197"},"modified":"2020-05-23T10:29:55","modified_gmt":"2020-05-23T03:29:55","slug":"xe-dap-dua-xds-rc600","status":"publish","type":"product","link":"https:\/\/hosting.conasi.vn\/w\/xedap2011\/san-pham\/xe-dap-dua-xds-rc600\/","title":{"rendered":"Xe \u0110\u1ea1p \u0110ua XdS RC600"},"content":{"rendered":"<h3>V\u1edbi ki\u1ec3u d\u00e1ng c\u01a1 b\u1ea3n c\u1ee7a m\u1ed9t chi\u1ebfc xe \u0111ua v\u00e0 \u0111\u01b0\u1ee3c tinh ch\u1ec9nh k\u1ef9 m\u1ed9t s\u1ed1 chi ti\u1ebft \u0111\u1ec3 ph\u00f9 h\u1ee3p v\u1edbi vi\u1ec7c vi vu khi b\u1ea1n \u0111i l\u1ea1i th\u1ec3 thao ho\u1eb7c d\u00e3 ngo\u1ea1i. Xe \u0111\u01b0\u1ee3c trang b\u1ecb khung h\u1ee3p kim nh\u00f4m X6 th\u01b0\u1eddng \u0111\u01b0\u1ee3c d\u00f9ng trong ch\u1ebf t\u1ea1o khung m\u00e1y bay gi\u00fap chi\u1ebfc xe c\u1ee9ng h\u01a1n 30-50% v\u00e0 nh\u1eb9 r\u1ea5t nhi\u1ec1u h\u01a1n so v\u1edbi khung nh\u00f4m th\u00f4ng th\u01b0\u1eddng. B\u1ed9 chuy\u1ec3n \u0111\u1ed9ng tay l\u1eafc Shimano Sora R3000 18 t\u1ed1c \u0111\u1ed9 ( Nh\u1eadt B\u1ea3n ) sang s\u1ed1 nh\u1ea1y v\u00e0 nh\u1eb9 gi\u00fap gi\u1ea3m h\u00e0nh tr\u00ecnh sang s\u1ed1. H\u00e3y c\u00f9ng F-x Bike kh\u00e1m ph\u00e1 chi ti\u1ebft chi\u1ebfc xe n\u00e0y nh\u00e9 !!!<\/h3>\n<p>\u2714 Khung h\u1ee3p kim nh\u00f4m nh\u1eb9 X6<br \/>\n\u2714 Phu\u1ed9c nh\u00f4m, gi\u1ea3m s\u00f3c h\u01a1i c\u00f3 kh\u00f3a h\u00e0nh tr\u00ecnh Remote Lock<br \/>\n\u2714 C\u1ee7 \u0111\u1ec1 Shimano Sora RD-R3000 ( Nh\u1eadt B\u1ea3n )<br \/>\n\u2714 G\u1ea1t \u0111\u1ec1 Shimano Sora FD-R3000 ( Nh\u1eadt B\u1ea3n )<br \/>\n\u2714 L\u00edp 9 t\u1ea7ng, X\u00edch KMC 9s ( Nh\u1eadt B\u1ea3n )<br \/>\n\u2714 Phanh c\u01a1 h\u1ecdc Tektro<br \/>\n\u2714 Tr\u1ee5c r\u1ed7ng, \u0110\u00f9i \u0111\u0129a nh\u00f4m Prowheel Plus 50T\/34T<br \/>\n\u2714 B\u1ed9 ghi \u0111\u00f4ng tay cu\u1ed9c, c\u1ecdc y\u00ean, potang nh\u00f4m Branta<br \/>\n\u2714 S\u0103m l\u1ed1p Maxxis 700C x 25C<br \/>\n\u2714 Hub Nh\u00f4m b\u1ea1c \u0111\u1ea1n<br \/>\n\u2714 M\u00e0u s\u1eafc: \u0110en \u0110\u1ecf, \u0110en V\u00e0ng Chanh, \u0110en Xanh<br \/>\n\u2714 C\u00e2n N\u1eb7ng: 10kg<br \/>\n\u2714 Ph\u00f9 h\u1ee3p chi\u1ec1u cao t\u1eeb 1m6 \u2013 1m8<\/p>\n<figure id=\"attachment_15155\" class=\"wp-caption aligncenter\" aria-describedby=\"caption-attachment-15155\"><img loading=\"lazy\" class=\"wp-image-15155 size-full\" src=\"https:\/\/xedaphn.net\/wp-content\/uploads\/2019\/11\/Xe-%C4%90%E1%BA%A1p-%C4%90ua-XDS-RC600-%C4%90en-Xanh-1.jpg\" alt=\"Xe \u0110\u1ea1p \u0110ua XDS RC600 \u0110en Xanh\" width=\"1024\" height=\"683\" \/><figcaption id=\"caption-attachment-15155\" class=\"wp-caption-text\">Xe \u0110\u1ea1p \u0110ua XdS RC600 \u0110en Xanh<\/figcaption><\/figure>\n<figure id=\"attachment_15156\" class=\"wp-caption aligncenter\" aria-describedby=\"caption-attachment-15156\"><img loading=\"lazy\" class=\"wp-image-15156 size-full\" src=\"https:\/\/xedaphn.net\/wp-content\/uploads\/2019\/11\/Xe-%C4%90%E1%BA%A1p-%C4%90ua-XDS-RC600-%C4%90en-Xanh-2.jpg\" alt=\"Thi\u1ebft k\u1ebf b\u1eaft m\u1eaft, trang nh\u00e3 t\u1eeb b\u1ea5t c\u1ee9 g\u00f3c nh\u00ecn n\u00e0o\" width=\"1024\" height=\"683\" \/><figcaption id=\"caption-attachment-15156\" class=\"wp-caption-text\">Thi\u1ebft k\u1ebf b\u1eaft m\u1eaft, trang nh\u00e3 t\u1eeb b\u1ea5t c\u1ee9 g\u00f3c nh\u00ecn n\u00e0o<\/figcaption><\/figure>\n<figure id=\"attachment_15157\" class=\"wp-caption aligncenter\" aria-describedby=\"caption-attachment-15157\"><img loading=\"lazy\" class=\"wp-image-15157 size-full\" src=\"https:\/\/xedaphn.net\/wp-content\/uploads\/2019\/11\/Xe-%C4%90%E1%BA%A1p-%C4%90ua-XDS-RC600-%C4%90en-Xanh-3.jpg\" alt=\"Khung L\u00e0m T\u1eeb Ch\u1ea5t Li\u1ec7u Nh\u00f4m X6 Chuy\u00ean D\u00f9ng Trong S\u1ea3n Xu\u1ea5t M\u00e1y Bay\" width=\"1024\" height=\"683\" \/><figcaption id=\"caption-attachment-15157\" class=\"wp-caption-text\">Khung L\u00e0m T\u1eeb Ch\u1ea5t Li\u1ec7u Nh\u00f4m X6 Chuy\u00ean D\u00f9ng Trong S\u1ea3n Xu\u1ea5t M\u00e1y Bay<\/figcaption><\/figure>\n<figure id=\"attachment_15158\" class=\"wp-caption aligncenter\" aria-describedby=\"caption-attachment-15158\"><img loading=\"lazy\" class=\"wp-image-15158 size-full\" src=\"https:\/\/xedaphn.net\/wp-content\/uploads\/2019\/11\/Xe-%C4%90%E1%BA%A1p-%C4%90ua-XDS-RC600-%C4%90en-Xanh-4.jpg\" alt=\"Ph\u00eda Tr\u01b0\u1edbc \u0110\u01b0\u1ee3c Tinh Gi\u1ea3n M\u00e0 V\u1eabn \u0110\u1ea7y \u0110\u1ee7 Ch\u1ee9c N\u0103ng C\u1ea7n C\u00f3 Cho M\u1ed9t Chi\u1ebfc Xe \u0110ua\" width=\"1024\" height=\"683\" \/><figcaption id=\"caption-attachment-15158\" class=\"wp-caption-text\">Ph\u00eda Tr\u01b0\u1edbc \u0110\u01b0\u1ee3c Tinh Gi\u1ea3n T\u1ed1i \u0110a M\u00e0 V\u1eabn \u0110\u1ea7y \u0110\u1ee7 Ch\u1ee9c N\u0103ng C\u1ea7n C\u00f3 Cho M\u1ed9t Chi\u1ebfc Xe \u0110ua<\/figcaption><\/figure>\n<figure id=\"attachment_15159\" class=\"wp-caption aligncenter\" aria-describedby=\"caption-attachment-15159\"><img loading=\"lazy\" class=\"wp-image-15159 size-full\" src=\"https:\/\/xedaphn.net\/wp-content\/uploads\/2019\/11\/Xe-%C4%90%E1%BA%A1p-%C4%90ua-XDS-RC600-%C4%90en-Xanh-5.jpg\" alt=\"M\u1ecdi Chi Ti\u1ebft \u0110\u1ec1u To\u00e1t L\u00ean Ch\u1ea5t Th\u1ec3 Thao\" width=\"1024\" height=\"683\" \/><figcaption id=\"caption-attachment-15159\" class=\"wp-caption-text\">M\u1ecdi Chi Ti\u1ebft \u0110\u1ec1u To\u00e1t L\u00ean Ch\u1ea5t Th\u1ec3 Thao<\/figcaption><\/figure>\n","protected":false},"excerpt":{"rendered":"<p>V\u1edbi ki\u1ec3u d\u00e1ng c\u01a1 b\u1ea3n c\u1ee7a m\u1ed9t chi\u1ebfc xe \u0111ua v\u00e0 \u0111\u01b0\u1ee3c tinh ch\u1ec9nh k\u1ef9 m\u1ed9t s\u1ed1 chi ti\u1ebft \u0111\u1ec3 ph\u00f9 h\u1ee3p v\u1edbi vi\u1ec7c vi vu khi b\u1ea1n \u0111i l\u1ea1i th\u1ec3 thao ho\u1eb7c d\u00e3 ngo\u1ea1i. Xe \u0111\u01b0\u1ee3c trang b\u1ecb khung h\u1ee3p kim nh\u00f4m X6 th\u01b0\u1eddng \u0111\u01b0\u1ee3c d\u00f9ng trong ch\u1ebf t\u1ea1o khung m\u00e1y bay gi\u00fap chi\u1ebfc &#8230;<\/p>\n","protected":false},"featured_media":198,"comment_status":"open","ping_status":"closed","template":"","meta":[],"_links":{"self":[{"href":"https:\/\/hosting.conasi.vn\/w\/xedap2011\/wp-json\/wp\/v2\/product\/197"}],"collection":[{"href":"https:\/\/hosting.conasi.vn\/w\/xedap2011\/wp-json\/wp\/v2\/product"}],"about":[{"href":"https:\/\/hosting.conasi.vn\/w\/xedap2011\/wp-json\/wp\/v2\/types\/product"}],"replies":[{"embeddable":true,"href":"https:\/\/hosting.conasi.vn\/w\/xedap2011\/wp-json\/wp\/v2\/comments?post=197"}],"wp:featuredmedia":[{"embeddable":true,"href":"https:\/\/hosting.conasi.vn\/w\/xedap2011\/wp-json\/wp\/v2\/media\/198"}],"wp:attachment":[{"href":"https:\/\/hosting.conasi.vn\/w\/xedap2011\/wp-json\/wp\/v2\/media?parent=197"}],"curies":[{"name":"wp","href":"https:\/\/api.w.org\/{rel}","templated":true}]}}