{"id":340,"date":"2017-08-05T06:21:48","date_gmt":"2017-08-05T06:21:48","guid":{"rendered":"http:\/\/tracdia.khowebseotop.vn\/?post_type=product&#038;p=340"},"modified":"2017-08-05T06:21:51","modified_gmt":"2017-08-05T06:21:51","slug":"may-khoang-cach-bosch-glm-50","status":"publish","type":"product","link":"https:\/\/hosting.conasi.vn\/w\/tracdia2011\/san-pham\/may-khoang-cach-bosch-glm-50\/","title":{"rendered":"M\u00e1y \u0111o kho\u1ea3ng c\u00e1ch Bosch GLM-50"},"content":{"rendered":"<p>Bosch lu\u00f4n h\u01b0\u1edbng \u0111\u1ebfn m\u1ee5c \u0111\u00edch \u0111em l\u1ea1i nh\u1eefng s\u1ea3n ph\u1ea9m ti\u1ec7n l\u1ee3i cho con ng\u01b0\u1eddi <strong>M\u00e1y \u0111o kho\u1ea3ng c\u00e1ch Bosch GLM-50<\/strong> c\u0169ng l\u00e0 m\u1ed9t trong s\u1ed1 nh\u1eefng thi\u1ebft k\u1ebf m\u00e0 Bosch cho ra m\u1eaft \u0111\u1ec3 ph\u1ee5c v\u1ee5 t\u1ed1t h\u01a1n trong c\u00f4ng t\u00e1c \u0111o \u0111\u1ea1c. S\u1ea3n ph\u1ea9m \u0111\u01b0\u1ee3c trang b\u1ecb nhi\u1ec1u t\u00ednh n\u0103ng \u0111\u1ec3 t\u1ea1i \u0111i\u1ec1u ki\u1ec7n thu\u1eadn l\u1ee3i nh\u1ea5t cho ng\u01b0\u1eddi s\u1eed d\u1ee5ng khi thao t\u00e1c v\u00e0 c\u1ea7n ngay c\u00e1c k\u1ebft qu\u1ea3 \u0111o kho\u1ea3ng c\u00e1ch hay c\u00e1c k\u1ebft qu\u1ea3 \u0111o g\u00f3c.<\/p>\n<p>Ngo\u00e0i ra, <strong>M\u00e1y \u0111o kho\u1ea3ng c\u00e1ch Bosch GLM-50<\/strong> c\u00f2n \u0111\u01b0\u1ee3c trang b\u1ecb nhi\u1ec1u t\u00ednh n\u0103ng \u0111o \u0111\u1ea1c kh\u00e1c nh\u01b0: \u0111o kho\u1ea3ng c\u00e1ch, \u0111o th\u1ec3 t\u00edch, c\u1ed9ng tr\u1eeb s\u1ed1 \u0111o, \u0111\u00f3 gi\u00e1n ti\u1ebfp chi\u1ec1u cao, \u0111o kho\u1ea3ng c\u00e1ch gi\u00e1n ti\u1ebfp hay \u0111o g\u00f3c. Li\u00ean h\u1ec7 ngay v\u1edbi ch\u00fang t\u00f4i \u0111\u1ec3 s\u1edf h\u1eefu nhi\u1ec1u \u01b0u \u0111\u00e3i nh\u1ea5t trong th\u1eddi gian t\u1edbi.<\/p>\n<p><img id=\"M\u00e1y \u0111o kho\u1ea3ng c\u00e1ch Bosch GLM-50\" class=\"aligncenter\" title=\"M\u00e1y \u0111o kho\u1ea3ng c\u00e1ch Bosch GLM-50\" src=\"http:\/\/tracdia.khowebseotop.vn\/wp-content\/uploads\/2017\/08\/may-do-khoang-cach-bosch-glm-50-340.jpg\" alt=\"M\u00e1y \u0111o kho\u1ea3ng c\u00e1ch Bosch GLM-50\" \/><\/p>\n<p><strong>H\u00ecnh \u1ea3nh minh h\u1ecda\u00a0M\u00e1y \u0111o kho\u1ea3ng c\u00e1ch Bosch GLM-50<\/strong><\/p>\n<p><strong>M\u1ed9t s\u1ed1 t\u00ednh n\u0103ng n\u1ed5i b\u1eadt c\u1ee7a M\u00e1y \u0111o kho\u1ea3ng c\u00e1ch Bosch GLM-50:<\/strong><\/p>\n<p>&#8211; C\u01a1 ch\u1ebf b\u1ea3o v\u1ec7 ch\u1ed1ng b\u1ee5i v\u00e0 b\u1eafn t\u00f3e: IP 54<\/p>\n<p>&#8211; C\u00f4ng ngh\u1ec7 laser hi\u1ec7n \u0111\u1ea1i gi\u00fap \u0111o l\u01b0\u1eddng ch\u00ednh x\u00e1c \u1edf kho\u1ea3ng c\u00e1ch xa t\u1edbi 50 m<\/p>\n<p>&#8211; B\u1ecf v\u1eeba t\u00fai \u00e1o nh\u1edd c\u00f3 k\u00edch th\u01b0\u1edbc nh\u1ecf<\/p>\n<p>&#8211; T\u1ea5t c\u1ea3 c\u00e1c ch\u1ee9c n\u0103ng li\u00ean quan \u0111\u1ec3 \u0111\u1ea1t t\u1edbi kh\u1ea3 n\u0103ng s\u1eed d\u1ee5ng cao nh\u1ea5t<\/p>\n<p>&#8211; Ren gi\u00e1 \u0111\u1ee1 ba ch\u00e2n 1\/4&#8242; \u0111\u1ec3 s\u1eed d\u1ee5ng v\u1edbi Gi\u00e1 \u0110\u1ee1 Ba Ch\u00e2n X\u00e2y D\u1ef1ng BS 150 Professional<\/p>\n<p>&#8211; C\u00f3 c\u00e1c ch\u1ee9c n\u0103ng, v\u00ed d\u1ee5 nh\u01b0 \u0111o chi\u1ec1u d\u00e0i, li\u00ean t\u1ee5c, \u0111o chi\u1ec1u d\u00e0i gi\u00e1n ti\u1ebfp, \u0111o di\u1ec7n t\u00edch &amp; dung t\u00edch, ch\u1ee9c n\u0103ng c\u1ed9ng v\u00e0 tr\u1eeb gi\u00fap ti\u1ebft ki\u1ec7m th\u1eddi gian \u0111\u00e1ng k\u1ec3<\/p>\n<p>&#8211; D\u1ee5ng c\u1ee5 l\u00fd t\u01b0\u1edfng cho m\u1ecdi c\u00f4ng tr\u01b0\u1eddng x\u00e2y d\u1ef1ng v\u00ec d\u1ee5ng c\u1ee5 n\u00e0y \u0111\u01b0\u1ee3c ch\u1ebf t\u1ea1o ch\u1ed1ng b\u1ee5i v\u00e0 ch\u1eafn b\u1eafn t\u00f3e (IP 54) c\u00f9ng b\u00e1ng m\u1ec1m<\/p>\n<p>Th\u00f4ng s\u1ed1 k\u1ef9 thu\u1eadt c\u1ee7a\u00a0<strong>M\u00e1y \u0111o kho\u1ea3ng c\u00e1ch Bosch GLM-50:<\/strong><\/p>\n<p>&nbsp;<\/p>\n<table border=\"1\" align=\"center\">\n<tbody>\n<tr>\n<td>\u0110i-\u1ed1t laser<\/td>\n<td>635 nm, &lt; 1 mW<\/td>\n<\/tr>\n<tr>\n<td>Ph\u1ea1m vi \u0111o<\/td>\n<td>0,05 &#8211; 50 m<\/td>\n<\/tr>\n<tr>\n<td>Lo\u1ea1i tia laser<\/td>\n<td>2<\/td>\n<\/tr>\n<tr>\n<td>\u0110\u1ed9 ch\u00ednh x\u00e1c \u0111o l\u01b0\u1eddng<\/td>\n<td>\u00b1 1,5 mm<\/td>\n<\/tr>\n<tr>\n<td>Ngu\u1ed3n c\u1ea5p \u0111i\u1ec7n<\/td>\n<td>2 x 1.5 V LR03 (AAA)<\/td>\n<\/tr>\n<tr>\n<td>Tr\u1ecdng l\u01b0\u1ee3ng, x\u1ea5p x\u1ec9<\/td>\n<td>0,14 kg<\/td>\n<\/tr>\n<tr>\n<td>Chi\u1ec1u r\u1ed9ng<\/td>\n<td>53 mm<\/td>\n<\/tr>\n<\/tbody>\n<\/table>\n","protected":false},"excerpt":{"rendered":"<p>&#8211; Model:\u00a0GLM-50<\/p>\n<p>&#8211; Th\u01b0\u01a1ng hi\u1ec7u: Bosch<\/p>\n<p>&#8211; Xu\u1ea5t x\u1ee9: \u0110\u1ee9c<\/p>\n","protected":false},"featured_media":341,"comment_status":"open","ping_status":"closed","template":"","meta":[],"_links":{"self":[{"href":"https:\/\/hosting.conasi.vn\/w\/tracdia2011\/wp-json\/wp\/v2\/product\/340"}],"collection":[{"href":"https:\/\/hosting.conasi.vn\/w\/tracdia2011\/wp-json\/wp\/v2\/product"}],"about":[{"href":"https:\/\/hosting.conasi.vn\/w\/tracdia2011\/wp-json\/wp\/v2\/types\/product"}],"replies":[{"embeddable":true,"href":"https:\/\/hosting.conasi.vn\/w\/tracdia2011\/wp-json\/wp\/v2\/comments?post=340"}],"wp:featuredmedia":[{"embeddable":true,"href":"https:\/\/hosting.conasi.vn\/w\/tracdia2011\/wp-json\/wp\/v2\/media\/341"}],"wp:attachment":[{"href":"https:\/\/hosting.conasi.vn\/w\/tracdia2011\/wp-json\/wp\/v2\/media?parent=340"}],"curies":[{"name":"wp","href":"https:\/\/api.w.org\/{rel}","templated":true}]}}