{"id":56980,"date":"2019-10-10T14:28:40","date_gmt":"2019-10-10T07:28:40","guid":{"rendered":"http:\/\/thuexe1.muathemewordpress.net\/?post_type=product&#038;p=56980"},"modified":"2020-03-04T15:46:38","modified_gmt":"2020-03-04T08:46:38","slug":"xe-du-lich-7-cho-moi","status":"publish","type":"product","link":"https:\/\/hosting.conasi.vn\/w\/thuexe22011\/san-pham\/xe-du-lich-7-cho-moi\/","title":{"rendered":"Xe du lich 7 ch\u1ed7 \u0111\u1eddi m\u1edbi"},"content":{"rendered":"<p><strong>\u0110I\u1ec2M N\u1ed4I B\u1eacT<\/strong><\/p>\n<ul>\n<li>Di chuy\u1ec3n ti\u1ec7n l\u1ee3i v\u00e0 nhanh ch\u00f3ng t\u1eeb \u0110\u00e0 N\u1eb5ng \u0111\u1ebfn Vinpearl Land Nam H\u1ed9i An ho\u1eb7c ng\u01b0\u1ee3c l\u1ea1i<\/li>\n<li>T\u00e0i x\u1ebf s\u1ebd \u0111\u1ebfn \u0111\u00f3n t\u1ea1i \u0111\u1ecba \u0111i\u1ec3m c\u1ee7a qu\u00fd kh\u00e1ch<\/li>\n<li>Y\u00ean t\u00e2m v\u1edbi t\u00e0i x\u1ebf gi\u00e0u kinh nghi\u1ec7m<\/li>\n<li>Ch\u1ecdn gi\u1edd \u0111\u00f3n ph\u00f9 h\u1ee3p v\u1edbi l\u1ecbch tr\u00ecnh c\u1ee7a qu\u00fd kh\u00e1ch<\/li>\n<li>Kh\u00f4ng c\u1ea7n \u0111\u1ee3i taxi, ti\u1ebft ki\u1ec7m th\u1eddi gian di chuy\u1ec3n<\/li>\n<\/ul>\n<p><strong>TH\u00d4NG TIN D\u1ecaCH V\u1ee4<\/strong><\/p>\n<ul>\n<li>Xe \u00f4 t\u00f4 7 ch\u1ed7 v\u00e0 t\u00e0i x\u1ebf gi\u00e0u kinh nghi\u1ec7m<\/li>\n<li>Kh\u00e1ch h\u00e0ng c\u00f3 th\u1ec3 l\u1ef1a ch\u1ecdn thu\u00ea xe 1 chi\u1ec1u ho\u1eb7c 2 chi\u1ec1u \u0111i v\u1ec1 trong ng\u00e0y<\/li>\n<li>Kh\u00f4ng thu th\u00eam ph\u1ee5 ph\u00ed n\u1ebfu \u0111i\u1ec3m \u0111\u00f3n n\u1eb1m trong b\u00e1n k\u00ednh 5km t\u1eeb \u0110\u00e0i Ph\u00e1t thanh &#8211; Truy\u1ec1n h\u00ecnh \u0110\u00e0 N\u1eb5ng (\u0111\u01b0\u1eddng Tr\u1ea7n H\u01b0ng \u0110\u1ea1o, ph\u01b0\u1eddng An H\u1ea3i T\u00e2y, qu\u1eadn S\u01a1n Tr\u00e0, th\u00e0nh ph\u1ed1 \u0110\u00e0 N\u1eb5ng)<\/li>\n<li>Ph\u1ee5 ph\u00ed s\u1ebd \u0111\u01b0\u1ee3c \u00e1p d\u1ee5ng cho \u0111i\u1ec3m \u0111\u00f3n \u1edf c\u00e1c khu v\u1ef1c kh\u00e1c, nh\u00e2n vi\u00ean La B\u00e0n Tour s\u1ebd li\u00ean h\u1ec7 b\u00e1o ph\u1ee5 ph\u00ed ph\u00f9 h\u1ee3p v\u1edbi \u0111\u1ecba \u0111i\u1ec3m c\u1ee7a kh\u00e1ch h\u00e0ng.<\/li>\n<\/ul>\n<p><strong>\u0110I\u1ec0U KI\u1ec6N &amp; \u0110I\u1ec0U KHO\u1ea2N<\/strong><\/p>\n<ul>\n<li>Kh\u00e1ch ph\u1ea3i \u0111\u1eb7t d\u1ecbch v\u1ee5 tr\u01b0\u1edbc \u00edt nh\u1ea5t 1 ng\u00e0y tr\u01b0\u1edbc ng\u00e0y s\u1eed d\u1ee5ng<\/li>\n<li>Ph\u1ee5 ph\u00ed th\u00eam 30% tr\u00ean gi\u00e1 s\u1ebd \u0111\u01b0\u1ee3c \u00e1p d\u1ee5ng cho d\u1ecbch v\u1ee5 \u0111\u01b0a \u0111\u00f3n t\u1eeb 22:00 \u2013 05:00.<\/li>\n<li>Kh\u00e1ch h\u00e0ng ph\u1ea3i cung c\u1ea5p \u0111\u1ea7y \u0111\u1ee7 th\u1eddi gian \u0111\u00f3n v\u00e0 \u0111i\u1ec3m mong mu\u1ed1n v\u1edbi nh\u00e2n vi\u00ean t\u01b0 v\u1ea5n.<\/li>\n<li>T\u00e0i x\u1ebf s\u1ebd \u0111\u1ee3i qu\u00fd kh\u00e1ch t\u1ed1i \u0111a 15 ph\u00fat t\u00ednh t\u1eeb th\u1eddi \u0111i\u1ec3m \u0111\u00f3n.<\/li>\n<\/ul>\n<p><strong>CH\u00cdNH S\u00c1CH H\u1ee6Y<\/strong><\/p>\n<ul>\n<li>Mi\u1ec5n ph\u00ed h\u1ee7y tr\u01b0\u1edbc \u00edt nh\u1ea5t 1 ng\u00e0y so v\u1edbi ng\u00e0y s\u1eed d\u1ee5ng<\/li>\n<li>T\u1ea5t c\u1ea3 c\u00e1c ph\u00e1t sinh h\u1ee7y sau th\u1eddi gian tr\u00ean s\u1ebd b\u1ecb t\u00ednh ph\u00ed<\/li>\n<\/ul>\n","protected":false},"excerpt":{"rendered":"<ul>\n<li>Di chuy\u1ec3n ti\u1ec7n l\u1ee3i v\u00e0 nhanh ch\u00f3ng t\u1eeb \u0110\u00e0 N\u1eb5ng \u0111\u1ebfn Vinpearl Land Nam H\u1ed9i An ho\u1eb7c ng\u01b0\u1ee3c l\u1ea1i<\/li>\n<li>T\u00e0i x\u1ebf s\u1ebd \u0111\u1ebfn \u0111\u00f3n t\u1ea1i \u0111\u1ecba \u0111i\u1ec3m c\u1ee7a qu\u00fd kh\u00e1ch<\/li>\n<li>Ch\u1ecdn gi\u1edd \u0111\u00f3n ph\u00f9 h\u1ee3p v\u1edbi l\u1ecbch tr\u00ecnh c\u1ee7a qu\u00fd kh\u00e1ch<\/li>\n<li>Kh\u00f4ng c\u1ea7n \u0111\u1ee3i taxi, ti\u1ebft ki\u1ec7m th\u1eddi gian di chuy\u1ec3n<\/li>\n<\/ul>\n","protected":false},"featured_media":87434,"comment_status":"open","ping_status":"closed","template":"","meta":[],"_links":{"self":[{"href":"https:\/\/hosting.conasi.vn\/w\/thuexe22011\/wp-json\/wp\/v2\/product\/56980"}],"collection":[{"href":"https:\/\/hosting.conasi.vn\/w\/thuexe22011\/wp-json\/wp\/v2\/product"}],"about":[{"href":"https:\/\/hosting.conasi.vn\/w\/thuexe22011\/wp-json\/wp\/v2\/types\/product"}],"replies":[{"embeddable":true,"href":"https:\/\/hosting.conasi.vn\/w\/thuexe22011\/wp-json\/wp\/v2\/comments?post=56980"}],"wp:featuredmedia":[{"embeddable":true,"href":"https:\/\/hosting.conasi.vn\/w\/thuexe22011\/wp-json\/wp\/v2\/media\/87434"}],"wp:attachment":[{"href":"https:\/\/hosting.conasi.vn\/w\/thuexe22011\/wp-json\/wp\/v2\/media?parent=56980"}],"curies":[{"name":"wp","href":"https:\/\/api.w.org\/{rel}","templated":true}]}}