{"id":134,"date":"2019-12-30T10:35:04","date_gmt":"2019-12-30T03:35:04","guid":{"rendered":"http:\/\/fashion3.muathemewordpress.net\/?post_type=product&#038;p=134"},"modified":"2019-12-30T12:14:22","modified_gmt":"2019-12-30T05:14:22","slug":"ao-khoac-da-ghi-xam-co-be-che-khuy-cuc-bam-tay-bo-reu","status":"publish","type":"product","link":"https:\/\/hosting.conasi.vn\/w\/thoitrang62011\/san-pham\/ao-khoac-da-ghi-xam-co-be-che-khuy-cuc-bam-tay-bo-reu\/","title":{"rendered":"\u00c1O KHO\u00c1C DA GHI X\u00c1M C\u1ed4 B\u1eba CHE KHUY C\u00daC B\u1ea4M TAY BO R\u00caU"},"content":{"rendered":"<ul class=\"list-unstyled description\">\n<li class=\"p-brand\">Th\u01b0\u01a1ng hi\u1ec7u:\u00a0Liberty Wings<\/li>\n<li class=\"p-model\">M\u00e3 s\u1ea3n ph\u1ea9m:\u00a0<span class=\"p-model\">AD19701-GREY<\/span><\/li>\n<li class=\"p-stock\">T\u00ecnh tr\u1ea1ng:\u00a0<span class=\"journal-stock instock\">50<\/span><\/li>\n<\/ul>\n","protected":false},"excerpt":{"rendered":"<ul class=\"list-unstyled description\">\n<li class=\"p-brand\">Th\u01b0\u01a1ng hi\u1ec7u:\u00a0Liberty Wings<\/li>\n<li class=\"p-model\">M\u00e3 s\u1ea3n ph\u1ea9m:\u00a0<span class=\"p-model\">AD19701-GREY<\/span><\/li>\n<li class=\"p-stock\">T\u00ecnh tr\u1ea1ng:\u00a0<span class=\"journal-stock instock\">50<\/span><\/li>\n<\/ul>\n","protected":false},"featured_media":165,"comment_status":"open","ping_status":"closed","template":"","meta":[],"_links":{"self":[{"href":"https:\/\/hosting.conasi.vn\/w\/thoitrang62011\/wp-json\/wp\/v2\/product\/134"}],"collection":[{"href":"https:\/\/hosting.conasi.vn\/w\/thoitrang62011\/wp-json\/wp\/v2\/product"}],"about":[{"href":"https:\/\/hosting.conasi.vn\/w\/thoitrang62011\/wp-json\/wp\/v2\/types\/product"}],"replies":[{"embeddable":true,"href":"https:\/\/hosting.conasi.vn\/w\/thoitrang62011\/wp-json\/wp\/v2\/comments?post=134"}],"wp:featuredmedia":[{"embeddable":true,"href":"https:\/\/hosting.conasi.vn\/w\/thoitrang62011\/wp-json\/wp\/v2\/media\/165"}],"wp:attachment":[{"href":"https:\/\/hosting.conasi.vn\/w\/thoitrang62011\/wp-json\/wp\/v2\/media?parent=134"}],"curies":[{"name":"wp","href":"https:\/\/api.w.org\/{rel}","templated":true}]}}