{"id":178,"date":"2019-01-09T01:57:55","date_gmt":"2019-01-09T01:57:55","guid":{"rendered":"http:\/\/noithat9.khowebseotop.vn\/?page_id=178"},"modified":"2019-01-09T01:57:55","modified_gmt":"2019-01-09T01:57:55","slug":"chinh-sach-bao-mat-thong-tin","status":"publish","type":"page","link":"https:\/\/hosting.conasi.vn\/w\/noithat92011\/chinh-sach-bao-mat-thong-tin\/","title":{"rendered":"Ch\u00ednh s\u00e1ch b\u1ea3o m\u1eadt th\u00f4ng tin"},"content":{"rendered":"<header class=\"entry-header\">\n<h1 class=\"entry-title\">Ch\u00ednh s\u00e1ch b\u1ea3o m\u1eadt th\u00f4ng tin<\/h1>\n<div class=\"entry-meta\"><\/div>\n<div><\/div>\n<div>\n<div><\/div>\n<\/div>\n<\/header>\n<div class=\"entry-content\">\n<p>Th\u01b0\u01a1ng hi\u1ec7u n\u1ed9i th\u1ea5t GOVI cam k\u1ebft s\u1ebd b\u1ea3o m\u1eadt nh\u1eefng th\u00f4ng tin mang t\u00ednh ri\u00eang t\u01b0 c\u1ee7a qu\u00fd kh\u00e1ch h\u00e0ng. Tuy nhi\u00ean, ch\u00fang t\u00f4i kh\u00f4ng \u0111\u1ea3m b\u1ea3o ng\u0103n ch\u1eb7n \u0111\u01b0\u1ee3c t\u1ea5t c\u1ea3 nh\u1eefng truy c\u1eadp tr\u00e1i ph\u00e9p. Trong tr\u01b0\u1eddng h\u1ee3p th\u00f4ng tin kh\u00e1ch h\u00e0ng b\u1ecb r\u00f2 g\u1ec9 ra ngo\u00e0i n\u1eb1m ngo\u00e0i t\u1ea7m ki\u1ec3m so\u00e1t c\u1ee7a ch\u00fang t\u00f4i, GOVI s\u1ebd kh\u00f4ng ch\u1ecbu tr\u00e1ch nhi\u1ec7m d\u01b0\u1edbi b\u1ea5t k\u00ec h\u00ecnh th\u01b0\u1edbc n\u00e0o \u0111\u1ed1i v\u1edbi b\u1ea5t k\u1ef3 khi\u1ebfu n\u1ea1i n\u00e0o li\u00ean quan \u0111\u1ebfn truy c\u1eadp tr\u00e1i ph\u00e9p \u0111\u00f3.<\/p>\n<p>Qu\u00fd kh\u00e1ch vui l\u00f2ng \u0111\u1ecdc k\u0129 ph\u1ea7n \u201cCh\u00ednh s\u00e1ch b\u1ea3o m\u1eadt\u201d d\u01b0\u1edbi \u0111\u00e2y \u0111\u1ec3 hi\u1ec3u r\u00f5 h\u01a1n nh\u1eefng cam k\u1ebft m\u00e0 ch\u00fang t\u00f4i s\u1ebd th\u1ef1c hi\u1ec7n nh\u1eb1m t\u00f4n tr\u1ecdng, b\u1ea3o v\u1ec7 t\u1ed1i \u0111a quy\u1ec1n l\u1ee3i c\u1ee7a kh\u00e1ch h\u00e0ng.<\/p>\n<ol>\n<li><strong>M\u1ee5c \u0111\u00edch thu th\u1eadp th\u00f4ng tin c\u00e1 nh\u00e2n<\/strong><\/li>\n<\/ol>\n<p>Thu\u1eadt ng\u1eef \u201cTh\u00f4ng tin c\u00e1 nh\u00e2n\u201d trong Ch\u00ednh S\u00e1ch n\u00e0y ngh\u0129a l\u00e0 th\u00f4ng tin nh\u1eadn di\u1ec7n ho\u1eb7c c\u00f3 kh\u1ea3 n\u0103ng nh\u1eadn di\u1ec7n danh t\u00ednh c\u00e1 nh\u00e2n c\u1ee7a qu\u00fd v\u1ecb. Nh\u1eefng lo\u1ea1i th\u00f4ng tin c\u00e1 nh\u00e2n m\u00e0 ch\u00fang t\u00f4i x\u1eed l\u00fd (c\u00f3 th\u1ec3 kh\u00e1c nhau theo ph\u1ea1m vi quy\u1ec1n h\u1ea1n d\u1ef1a tr\u00ean lu\u1eadt ph\u00e1p hi\u1ec7n h\u00e0nh) bao g\u1ed3m:<\/p>\n<ul>\n<li>H\u1ecd t\u00ean, S\u1ed1 CMND ho\u1eb7c h\u1ed9 chi\u1ebfu, Ng\u00e0y sinh, Gi\u1edbi t\u00ednh, Chi ti\u1ebft li\u00ean h\u1ec7 t\u1ea1i nh\u00e0 ri\u00eang v\u00e0 n\u01a1i l\u00e0m vi\u1ec7c, \u0110\u1ecba ch\u1ec9 giao h\u00e0ng, \u0110\u1ecba ch\u1ec9 email, S\u1ed1 \u0111i\u1ec7n tho\u1ea1i c\u1ed1 \u0111\u1ecbnh, S\u1ed1 \u0111i\u1ec7n tho\u1ea1i di \u0111\u1ed9ng.<\/li>\n<li>Th\u00f4ng tin kh\u00e1ch h\u00e0ng cung c\u1ea5p v\u1ec1 s\u1edf th\u00edch, l\u1ef1a ch\u1ecdn, \u0111\u00e1nh gi\u00e1, ho\u1eb7c c\u00e1c th\u00f4ng tin kh\u00e1ch h\u00e0ng \u0111\u1ed3ng \u00fd cung c\u1ea5p trong khi tham gia v\u00e0o c\u00e1c cu\u1ed9c kh\u1ea3o s\u00e1t hay ch\u01b0\u01a1ng tr\u00ecnh khuy\u1ebfn m\u00e3i.<\/li>\n<li>Ch\u00fang t\u00f4i lu\u00f4n th\u00f4ng b\u00e1o cho kh\u00e1ch h\u00e0ng bi\u1ebft v\u1ec1 m\u1ee5c \u0111\u00edch c\u1ee5 th\u1ec3 n\u1ebfu c\u1ea7n thu th\u1eadp nh\u1eefng th\u00f4ng tin c\u00e1 nh\u00e2n c\u1ee7a kh\u00e1ch h\u00e0ng tr\u00ean trang web n\u00e0y, v\u00e0 m\u1ecdi th\u00f4ng tin \u0111\u1ec1u ph\u1ea3i \u0111\u01b0\u1ee3c kh\u00e1ch h\u00e0ng t\u1ef1 nguy\u1ec7n cung c\u1ea5p.<\/li>\n<\/ul>\n<p>C\u00e1c th\u00f4ng tin thu th\u1eadp \u0111\u01b0\u1ee3c th\u00f4ng qua website s\u1ebd gi\u00fap ch\u00fang t\u00f4i:<\/p>\n<ul>\n<li>H\u1ed7 tr\u1ee3 kh\u00e1ch h\u00e0ng khi mua s\u1ea3n ph\u1ea9m<\/li>\n<li>Gi\u1ea3i \u0111\u00e1p th\u1eafc m\u1eafc c\u1ee7a kh\u00e1ch h\u00e0ng<\/li>\n<li>Cung c\u1ea5p cho b\u1ea1n nh\u1eefng th\u00f4ng tin m\u1edbi nh\u1ea5t tr\u00ean website c\u1ee7a ch\u00fang t\u00f4i<\/li>\n<li>Xem x\u00e9t, n\u00e2ng c\u1ea5p n\u1ed9i dung s\u1ea3n ph\u1ea9m, d\u1ecbch v\u1ee5 ho\u00e0n ch\u1ec9nh h\u01a1n<\/li>\n<li>Th\u1ef1c hi\u1ec7n c\u00e1c ho\u1ea1t \u0111\u1ed9ng qu\u1ea3ng b\u00e1 li\u00ean quan \u0111\u1ebfn s\u1ea3n ph\u1ea9m<\/li>\n<\/ul>\n<ol start=\"2\">\n<li><strong>Th\u1eddi gian l\u01b0u tr\u1eef th\u00f4ng tin thu th\u1eadp<\/strong><\/li>\n<\/ol>\n<p>GOVI s\u1ebd l\u01b0u tr\u1eef c\u00e1c th\u00f4ng tin c\u00e1 nh\u00e2n do kh\u00e1ch h\u00e0ng cung c\u1ea5p tr\u00ean c\u00e1c h\u1ec7 th\u1ed1ng n\u1ed9i b\u1ed9 c\u1ee7a ch\u00fang t\u00f4i trong qu\u00e1 tr\u00ecnh cung c\u1ea5p d\u1ecbch v\u1ee5 cho kh\u00e1ch h\u00e0ng ho\u1eb7c cho \u0111\u1ebfn khi ho\u00e0n th\u00e0nh m\u1ee5c \u0111\u00edch thu th\u1eadp ho\u1eb7c khi kh\u00e1ch h\u00e0ng c\u00f3 y\u00eau c\u1ea7u h\u1ee7y c\u00e1c th\u00f4ng tin \u0111\u00e3 cung c\u1ea5p.<\/p>\n<ol start=\"3\">\n<li><strong>S\u1eed d\u1ee5ng th\u00f4ng tin c\u00e1 nh\u00e2n<\/strong><\/li>\n<\/ol>\n<p>Ch\u00fang t\u00f4i thu th\u1eadp v\u00e0 s\u1eed d\u1ee5ng th\u00f4ng tin c\u00e1 nh\u00e2n kh\u00e1ch h\u00e0ng v\u1edbi m\u1ee5c \u0111\u00edch ph\u00f9 h\u1ee3p v\u00e0 ho\u00e0n to\u00e0n tu\u00e2n th\u1ee7 n\u1ed9i dung c\u1ee7a \u201cCh\u00ednh s\u00e1ch b\u1ea3o m\u1eadt\u201d n\u00e0y.<\/p>\n<p>GOVI c\u00f3 th\u1ec3 c\u00f4ng b\u1ed1 c\u00e1c th\u00f4ng tin c\u00e1 nh\u00e2n thu th\u1eadp t\u1eeb kh\u00e1ch h\u00e0ng cho b\u00ean th\u1ee9 ba, nh\u01b0 c\u00e1c \u0111\u1ea1i l\u00fd c\u1ee7a ch\u00fang t\u00f4i, c\u00e1c nh\u00e0 cung c\u1ea5p d\u1ecbch v\u1ee5 kh\u00e1c nh\u1eb1m cung c\u1ea5p d\u1ecbch v\u1ee5 t\u1ed1t nh\u1ea5t cho kh\u00e1ch h\u00e0ng.<\/p>\n<p>GOVI s\u1ebd n\u1ed7 l\u1ef1c \u0111\u1ec3 \u0111\u1ea3m b\u1ea3o r\u1eb1ng c\u00e1c nh\u00e2n vi\u00ean, c\u00e1n b\u1ed9, \u0111\u1ea1i l\u00fd, t\u01b0 v\u1ea5n ho\u1eb7c b\u00ean th\u1ee9 ba n\u00e0o \u0111\u01b0\u1ee3c \u0111\u1ec1 c\u1eadp \u1edf tr\u00ean c\u00f3 li\u00ean quan \u0111\u1ebfn vi\u1ec7c thu th\u1eadp v\u00e0 x\u1eed l\u00fd th\u00f4ng tin kh\u00e1ch h\u00e0ng s\u1ebd nh\u1eadn th\u1ee9c v\u00e0 th\u1ea5u hi\u1ec3u Ch\u00ednh s\u00e1ch b\u1ea3o m\u1eadt n\u00e0y.<\/p>\n<p>Khi c\u1ea7n thi\u1ebft, ch\u00fang t\u00f4i c\u00f3 th\u1ec3 s\u1eed d\u1ee5ng nh\u1eefng th\u00f4ng tin n\u00e0y \u0111\u1ec3 li\u00ean h\u1ec7 tr\u1ef1c ti\u1ebfp v\u1edbi b\u1ea1n d\u01b0\u1edbi c\u00e1c h\u00ecnh th\u1ee9c nh\u01b0: g\u1eedi th\u01b0 ng\u1ecf, \u0111\u01a1n \u0111\u1eb7t h\u00e0ng, th\u01b0 c\u1ea3m \u01a1n, th\u00f4ng tin v\u1ec1 khuy\u1ebfn m\u00e3i v\u00e0 h\u00e0ng m\u1edbi v\u1ec1\u2026<\/p>\n<ol start=\"4\">\n<li><strong>Chia s\u1ebb th\u00f4ng tin c\u00e1 nh\u00e2n<\/strong><\/li>\n<\/ol>\n<p>Ngo\u1ea1i tr\u1eeb c\u00e1c tr\u01b0\u1eddng h\u1ee3p v\u1ec1 s\u1eed d\u1ee5ng th\u00f4ng tin c\u00e1 nh\u00e2n nh\u01b0 \u0111\u00e3 n\u00eau trong ch\u00ednh s\u00e1ch n\u00e0y, ch\u00fang t\u00f4i cam k\u1ebft s\u1ebd kh\u00f4ng ti\u1ebft l\u1ed9 th\u00f4ng tin c\u00e1 nh\u00e2n b\u1ea1n ra ngo\u00e0i. Ch\u00fang t\u00f4i c\u00f3 th\u1ec3 ti\u1ebft l\u1ed9 ho\u1eb7c cung c\u1ea5p th\u00f4ng tin c\u00e1 nh\u00e2n c\u1ee7a b\u1ea1n trong c\u00e1c tr\u01b0\u1eddng h\u1ee3p th\u1eadt s\u1ef1 c\u1ea7n thi\u1ebft nh\u01b0 sau:<\/p>\n<ul>\n<li>Khi c\u00f3 y\u00eau c\u1ea7u c\u1ee7a c\u00e1c c\u01a1 quan ph\u00e1p lu\u1eadt;<\/li>\n<li>Trong tr\u01b0\u1eddng h\u1ee3p m\u00e0 ch\u00fang t\u00f4i tin r\u1eb1ng \u0111i\u1ec1u \u0111\u00f3 s\u1ebd gi\u00fap ch\u00fang t\u00f4i b\u1ea3o v\u1ec7 quy\u1ec1n l\u1ee3i ch\u00ednh \u0111\u00e1ng c\u1ee7a m\u00ecnh tr\u01b0\u1edbc ph\u00e1p lu\u1eadt;<\/li>\n<li>T\u00ecnh hu\u1ed1ng kh\u1ea9n c\u1ea5p v\u00e0 c\u1ea7n thi\u1ebft \u0111\u1ec3 b\u1ea3o v\u1ec7 quy\u1ec1n an to\u00e0n c\u00e1 nh\u00e2n c\u1ee7a c\u00e1c th\u00e0nh vi\u00ean kh\u00e1c.<\/li>\n<\/ul>\n<ol start=\"5\">\n<li><strong>Truy xu\u1ea5t th\u00f4ng tin c\u00e1 nh\u00e2n<\/strong><\/li>\n<\/ol>\n<p>B\u1ea5t k\u1ef3 kh\u00e1ch h\u00e0ng n\u00e0o t\u1ef1 nguy\u1ec7n cung c\u1ea5p Th\u00f4ng tin c\u00e1 nh\u00e2n cho GOVI \u0111\u1ec1u c\u00f3 quy\u1ec1n:<\/p>\n<ul>\n<li>Y\u00eau c\u1ea7u ch\u1ec9nh s\u1eeda, b\u1ed5 sung th\u00f4ng tin \u0111\u00e3 \u0111\u01b0\u1ee3c thu th\u1eadp<\/li>\n<li>Y\u00eau c\u1ea7u d\u1eebng vi\u1ec7c thu th\u1eadp th\u00f4ng tin<\/li>\n<li>Y\u00eau c\u1ea7u x\u00f3a c\u00e1c th\u00f4ng tin \u0111\u00e3 \u0111\u01b0\u1ee3c thu th\u1eadp<\/li>\n<\/ul>\n<p>Kh\u00e1ch h\u00e0ng c\u00f3 th\u1ec3 th\u1ef1c hi\u1ec7n c\u00e1c quy\u1ec1n tr\u00ean b\u1eb1ng c\u00e1ch t\u1ef1 truy c\u1eadp v\u00e0o website ho\u1eb7c li\u00ean h\u1ec7 v\u1edbi ch\u00fang t\u00f4i qua email ho\u1eb7c th\u00f4ng tin cung c\u1ea5p t\u1ea1i m\u1ee5c Li\u00ean h\u1ec7<\/p>\n<\/div>\n","protected":false},"excerpt":{"rendered":"<p>Ch\u00ednh s\u00e1ch b\u1ea3o m\u1eadt th\u00f4ng tin Th\u01b0\u01a1ng hi\u1ec7u n\u1ed9i th\u1ea5t GOVI cam k\u1ebft s\u1ebd b\u1ea3o m\u1eadt nh\u1eefng th\u00f4ng tin mang t\u00ednh ri\u00eang t\u01b0 c\u1ee7a qu\u00fd kh\u00e1ch h\u00e0ng. Tuy nhi\u00ean, ch\u00fang t\u00f4i kh\u00f4ng \u0111\u1ea3m b\u1ea3o ng\u0103n ch\u1eb7n \u0111\u01b0\u1ee3c t\u1ea5t c\u1ea3 nh\u1eefng truy c\u1eadp tr\u00e1i ph\u00e9p. Trong tr\u01b0\u1eddng h\u1ee3p th\u00f4ng tin kh\u00e1ch h\u00e0ng b\u1ecb r\u00f2 g\u1ec9 ra&#8230;<\/p>\n","protected":false},"author":1,"featured_media":0,"parent":0,"menu_order":0,"comment_status":"closed","ping_status":"closed","template":"","meta":[],"_links":{"self":[{"href":"https:\/\/hosting.conasi.vn\/w\/noithat92011\/wp-json\/wp\/v2\/pages\/178"}],"collection":[{"href":"https:\/\/hosting.conasi.vn\/w\/noithat92011\/wp-json\/wp\/v2\/pages"}],"about":[{"href":"https:\/\/hosting.conasi.vn\/w\/noithat92011\/wp-json\/wp\/v2\/types\/page"}],"author":[{"embeddable":true,"href":"https:\/\/hosting.conasi.vn\/w\/noithat92011\/wp-json\/wp\/v2\/users\/1"}],"replies":[{"embeddable":true,"href":"https:\/\/hosting.conasi.vn\/w\/noithat92011\/wp-json\/wp\/v2\/comments?post=178"}],"version-history":[{"count":1,"href":"https:\/\/hosting.conasi.vn\/w\/noithat92011\/wp-json\/wp\/v2\/pages\/178\/revisions"}],"predecessor-version":[{"id":179,"href":"https:\/\/hosting.conasi.vn\/w\/noithat92011\/wp-json\/wp\/v2\/pages\/178\/revisions\/179"}],"wp:attachment":[{"href":"https:\/\/hosting.conasi.vn\/w\/noithat92011\/wp-json\/wp\/v2\/media?parent=178"}],"curies":[{"name":"wp","href":"https:\/\/api.w.org\/{rel}","templated":true}]}}