{"id":2528,"date":"2019-09-28T23:46:54","date_gmt":"2019-09-28T16:46:54","guid":{"rendered":"http:\/\/demo21.muathemewordpress.net\/chi-tiet\/den-tuong-san-vuon-4286601"},"modified":"2019-09-28T23:46:55","modified_gmt":"2019-09-28T16:46:55","slug":"den-tuong-san-vuon-4286601","status":"publish","type":"product","link":"https:\/\/hosting.conasi.vn\/w\/noithat162011\/san-pham\/den-tuong-san-vuon-4286601\/","title":{"rendered":"\u0110e\u0300n t\u01b0\u01a1\u0300ng s\u00e2n v\u01b0\u1eddn 4286601"},"content":{"rendered":"","protected":false},"excerpt":{"rendered":"<p>M\u00e3 SP: 4286601\u00a0<br \/>\n    M\u00e0u: nh\u00f4m\u00a0<br \/>\n    V\u1eadt li\u1ec7u: th\u00e9p t\u1ed5ng h\u1ee3p\u00a0<br \/>\n    B\u00f3ng v\u00e0 c\u00f4ng su\u1ea5t: E27 14W\u00a0<br \/>\n    \u0110i\u1ec7n \u00e1p: 220 &#8211; 240V\u00a0<br \/>\n    K\u00edch th\u01b0\u1edbc: 100 x 100 x 350 (L x W x H) mm\u00a0<br \/>\n    C\u1ea7n l\u1eafp b\u00f3ng \u0111\u00e8n r\u1eddi T\u00ednh n\u0103ng kh\u00e1c: \u0111\u1ed9 k\u00edn IP44<\/p>\n","protected":false},"featured_media":2529,"template":"","meta":[],"thuong-hieu":[],"_links":{"self":[{"href":"https:\/\/hosting.conasi.vn\/w\/noithat162011\/wp-json\/wp\/v2\/product\/2528"}],"collection":[{"href":"https:\/\/hosting.conasi.vn\/w\/noithat162011\/wp-json\/wp\/v2\/product"}],"about":[{"href":"https:\/\/hosting.conasi.vn\/w\/noithat162011\/wp-json\/wp\/v2\/types\/product"}],"wp:featuredmedia":[{"embeddable":true,"href":"https:\/\/hosting.conasi.vn\/w\/noithat162011\/wp-json\/wp\/v2\/media\/2529"}],"wp:attachment":[{"href":"https:\/\/hosting.conasi.vn\/w\/noithat162011\/wp-json\/wp\/v2\/media?parent=2528"}],"wp:term":[{"taxonomy":"thuong-hieu","embeddable":true,"href":"https:\/\/hosting.conasi.vn\/w\/noithat162011\/wp-json\/wp\/v2\/thuong-hieu?post=2528"}],"curies":[{"name":"wp","href":"https:\/\/api.w.org\/{rel}","templated":true}]}}