{"id":2466,"date":"2019-09-28T23:42:47","date_gmt":"2019-09-28T16:42:47","guid":{"rendered":"http:\/\/demo21.muathemewordpress.net\/chi-tiet\/den-tha-2336203"},"modified":"2019-09-28T23:42:49","modified_gmt":"2019-09-28T16:42:49","slug":"den-tha-2336203","status":"publish","type":"product","link":"https:\/\/hosting.conasi.vn\/w\/noithat162011\/san-pham\/den-tha-2336203\/","title":{"rendered":"\u0110\u00e8n th\u1ea3 2336203"},"content":{"rendered":"","protected":false},"excerpt":{"rendered":"<p>\u0110\u00c8N TH\u1ea2  2336203\u00a0<br \/>\nM\u00e0u s\u1eafc : t\u00edm<br \/>\nV\u1eadt li\u1ec7u : Th\u00e9p\u00a0<br \/>\nB\u00f3ng v\u00e0 c\u00f4ng su\u1ea5t : E27 24W\u00a0<br \/>\n\u0110i\u1ec7n \u00e1p : 220V &#8211; 240V\u00a0<br \/>\nK\u00edch th\u01b0\u1edbc : 300 x 300 x 1500 ( L x W x H)mm\u00a0<br \/>\nC\u1ea7n l\u1eafp b\u00f3ng \u0111\u00e8n r\u1eddi<br \/>\nT\u00ednh n\u0103ng kh\u00e1c : \u0111i\u1ec1u ch\u1ec9nh \u0111\u1ed9 d\u00e0i d\u00e2y \u0111\u00e8n<\/p>\n","protected":false},"featured_media":2467,"template":"","meta":[],"thuong-hieu":[],"_links":{"self":[{"href":"https:\/\/hosting.conasi.vn\/w\/noithat162011\/wp-json\/wp\/v2\/product\/2466"}],"collection":[{"href":"https:\/\/hosting.conasi.vn\/w\/noithat162011\/wp-json\/wp\/v2\/product"}],"about":[{"href":"https:\/\/hosting.conasi.vn\/w\/noithat162011\/wp-json\/wp\/v2\/types\/product"}],"wp:featuredmedia":[{"embeddable":true,"href":"https:\/\/hosting.conasi.vn\/w\/noithat162011\/wp-json\/wp\/v2\/media\/2467"}],"wp:attachment":[{"href":"https:\/\/hosting.conasi.vn\/w\/noithat162011\/wp-json\/wp\/v2\/media?parent=2466"}],"wp:term":[{"taxonomy":"thuong-hieu","embeddable":true,"href":"https:\/\/hosting.conasi.vn\/w\/noithat162011\/wp-json\/wp\/v2\/thuong-hieu?post=2466"}],"curies":[{"name":"wp","href":"https:\/\/api.w.org\/{rel}","templated":true}]}}