{"id":2462,"date":"2019-09-28T23:42:35","date_gmt":"2019-09-28T16:42:35","guid":{"rendered":"http:\/\/demo21.muathemewordpress.net\/chi-tiet\/den-tha%cc%89-mau-den-41058-24w"},"modified":"2019-09-28T23:42:37","modified_gmt":"2019-09-28T16:42:37","slug":"den-tha%cc%89-mau-den-41058-24w","status":"publish","type":"product","link":"https:\/\/hosting.conasi.vn\/w\/noithat162011\/san-pham\/den-tha%cc%89-mau-den-41058-24w\/","title":{"rendered":"\u0110e\u0300n tha\u0309 ma\u0300u \u0111en 41058-24W"},"content":{"rendered":"","protected":false},"excerpt":{"rendered":"<p>M\u00e3 SP: 4896401<br \/>\nM\u00e0u s\u1eafc: \u0110en<\/p>\n<p>V\u1eadt li\u1ec7u: Th\u00e9p<br \/>\nB\u00f3ng v\u00e0 c\u00f4ng su\u1ea5t: E27 24W<br \/>\n\u0110i\u1ec7n \u00e1p: 100V -240V<br \/>\nK\u00edch th\u01b0\u1edbc : 130 x 130 x 1500 (L x W x H)mm<br \/>\nT\u00ednh n\u0103ng kh\u00e1c : \u0111i\u1ec1u ch\u1ec9nh \u0111\u01b0\u1ee3c chi\u1ec1u cao \u0111\u00e8n<\/p>\n","protected":false},"featured_media":2463,"template":"","meta":[],"thuong-hieu":[],"_links":{"self":[{"href":"https:\/\/hosting.conasi.vn\/w\/noithat162011\/wp-json\/wp\/v2\/product\/2462"}],"collection":[{"href":"https:\/\/hosting.conasi.vn\/w\/noithat162011\/wp-json\/wp\/v2\/product"}],"about":[{"href":"https:\/\/hosting.conasi.vn\/w\/noithat162011\/wp-json\/wp\/v2\/types\/product"}],"wp:featuredmedia":[{"embeddable":true,"href":"https:\/\/hosting.conasi.vn\/w\/noithat162011\/wp-json\/wp\/v2\/media\/2463"}],"wp:attachment":[{"href":"https:\/\/hosting.conasi.vn\/w\/noithat162011\/wp-json\/wp\/v2\/media?parent=2462"}],"wp:term":[{"taxonomy":"thuong-hieu","embeddable":true,"href":"https:\/\/hosting.conasi.vn\/w\/noithat162011\/wp-json\/wp\/v2\/thuong-hieu?post=2462"}],"curies":[{"name":"wp","href":"https:\/\/api.w.org\/{rel}","templated":true}]}}