{"id":731,"date":"2020-02-12T17:58:09","date_gmt":"2020-02-12T10:58:09","guid":{"rendered":"https:\/\/mayphatdienhungthinhphat.webdemo.vn\/?post_type=product&#038;p=731"},"modified":"2020-02-12T17:58:13","modified_gmt":"2020-02-12T10:58:13","slug":"avr-may-phat-dien-avr-gb-120","status":"publish","type":"product","link":"https:\/\/hosting.conasi.vn\/w\/mayphatdien2011\/san-pham\/avr-may-phat-dien-avr-gb-120\/","title":{"rendered":"AVR m\u00e1y ph\u00e1t \u0111i\u1ec7n AVR GB-120"},"content":{"rendered":"<div>\n<ul>\n<li>V\u1edbi 4% \u0111\u1ed9ng c\u01a1 \u0111i\u1ec1u h\u00e0nh<\/li>\n<li>Sau 10 ph\u00fat<\/li>\n<li>\u00c1p d\u1ee5ng cho tr\u1ea1ng th\u00e1i Mod t\u1eeb\u00a0\u00a0F tr\u1edf \u0111i.\u00a0T\u1ed1c \u0111\u1ed9 ph\u00e1t m\u00e1y c\u00f3 th\u1ec3 \u00e1p d\u1ee5ng.\u00a0Ki\u1ec3m tra v\u1edbi nh\u00e0 m\u00e1y<\/li>\n<li>Nh\u00e0 x\u01b0\u1edfng, b\u00e1n ni\u00eam phong, juper c\u00f3 th\u1ec3 l\u1ef1a ch\u1ecdn<\/li>\n<li>Kh\u00f4ng ng\u01b0ng t\u1ee5<\/li>\n<\/ul>\n<p><em><img class=\"aligncenter\" src=\"https:\/\/mayphatdienhungthinhphat.webdemo.com\/wp-content\/uploads\/2020\/02\/avr-may-phat-dien-avr-gb-120-731.jpg\" alt=\"GB-120-1_\" \/><img class=\"aligncenter\" src=\"https:\/\/mayphatdienhungthinhphat.webdemo.com\/wp-content\/uploads\/2020\/02\/avr-may-phat-dien-avr-gb-120-731-1.jpg\" alt=\"GB-120-2_\" \/><\/em><\/p>\n<p style=\"text-align: center;\"><em>AVR GB-120<\/em><\/p>\n<p>&nbsp;<\/p>\n<\/div>\n<div>\n<table>\n<tbody>\n<tr>\n<td colspan=\"4\" width=\"824\" height=\"48\">K\u1ef9 thu\u1eadt t\u00e1ch ri\u00eang<\/td>\n<\/tr>\n<tr>\n<td rowspan=\"4\" width=\"293\" height=\"104\">C\u1ea3m bi\u1ebfn \/ Ngu\u1ed3n \u0111i\u1ec7n<\/td>\n<td width=\"10\" height=\"26\"><\/td>\n<td width=\"228\" height=\"26\">V\u00f4n<\/td>\n<td width=\"471\" height=\"26\">400V ac, d\u00e2y 1 pha 2<\/td>\n<\/tr>\n<tr>\n<td width=\"10\" height=\"26\"><\/td>\n<td width=\"228\" height=\"26\">T\u1ea7n s\u1ed1<\/td>\n<td width=\"471\" height=\"26\">Danh \u0111\u1ecbnh 50-60 Hz<\/td>\n<\/tr>\n<tr>\n<td width=\"10\" height=\"26\"><\/td>\n<td width=\"228\" height=\"26\">Giai \u0111o\u1ea1n<\/td>\n<td width=\"471\" height=\"26\">1<\/td>\n<\/tr>\n<tr>\n<td width=\"10\" height=\"26\"><\/td>\n<td width=\"228\" height=\"26\">V\u00f4n<\/td>\n<td width=\"471\" height=\"26\">20-100VDC<\/td>\n<\/tr>\n<tr>\n<td rowspan=\"2\" width=\"293\" height=\"52\">\u0110\u1ea7u ra t\u1eeb tr\u01b0\u1eddng<\/td>\n<td width=\"10\" height=\"26\"><\/td>\n<td width=\"228\" height=\"26\">Hi\u1ec7n h\u00e0nh<\/td>\n<td width=\"471\" height=\"26\">20A, k\u1ebft n\u1ed1i song song m\u00e1y ph\u00e1t \u0111i\u1ec7n cho k\u1ebb th\u00f9 kh\u1ea3 thi<\/td>\n<\/tr>\n<tr>\n<td width=\"10\" height=\"26\"><\/td>\n<td width=\"228\" height=\"26\">Kh\u00e1ng chi\u1ebfn<\/td>\n<td width=\"471\" height=\"26\">15 ohms minimun<\/td>\n<\/tr>\n<tr>\n<td width=\"293\" height=\"26\">Quy \u0111\u1ecbnh<\/td>\n<td width=\"10\" height=\"26\"><\/td>\n<td width=\"228\" height=\"26\"><\/td>\n<td width=\"471\" height=\"26\">+\/- 1,0% (xem l\u01b0u \u00fd 1)<\/td>\n<\/tr>\n<tr>\n<td width=\"293\" height=\"26\">Nhi\u1ec7t Drift<\/td>\n<td width=\"10\" height=\"26\"><\/td>\n<td width=\"228\" height=\"26\"><\/td>\n<td width=\"471\" height=\"26\">0,05% m\u1ed7i thay \u0111\u1ed5i trong m\u00f4i tr\u01b0\u1eddng xung quanh AVR (l\u01b0u \u00fd 2)<\/td>\n<\/tr>\n<tr>\n<td rowspan=\"3\" width=\"293\" height=\"78\">Ph\u1ea3n \u1ee9ng h\u1ec7 th\u1ed1ng \u0111i\u1ec3n h\u00ecnh<\/td>\n<td width=\"10\" height=\"26\"><\/td>\n<td width=\"228\" height=\"26\">\u0110\u00e1p \u1ee9ng AVR<\/td>\n<td width=\"471\" height=\"26\">20ms<\/td>\n<\/tr>\n<tr>\n<td width=\"10\" height=\"26\"><\/td>\n<td width=\"228\" height=\"26\">N\u1ed9p \u0111\u01a1n l\u00ean 90%<\/td>\n<td width=\"471\" height=\"26\">80ms<\/td>\n<\/tr>\n<tr>\n<td width=\"10\" height=\"26\"><\/td>\n<td width=\"228\" height=\"26\">M\u00e1y Volts \u0111\u1ebfn 97%<\/td>\n<td width=\"471\" height=\"26\">300ms<\/td>\n<\/tr>\n<tr>\n<td width=\"293\" height=\"26\">\u0110i\u1ec1u ch\u1ec9nh \u0111i\u1ec7n th\u1ebf b\u00ean ngo\u00e0i<\/td>\n<td width=\"10\" height=\"26\"><\/td>\n<td width=\"228\" height=\"26\"><\/td>\n<td width=\"471\" height=\"26\">+\/- 10% v\u1edbi 1 k ohm 1 watt t\u00f4ng \u0111\u01a1\u00a0\u00a0(\u00a0l\u01b0u \u00fd 3\u00a0)<\/td>\n<\/tr>\n<tr>\n<td rowspan=\"2\" width=\"293\" height=\"52\">D\u01b0\u1edbi s\u1ef1 b\u1ea3o v\u1ec7 Ferquency<\/td>\n<td width=\"10\" height=\"26\"><\/td>\n<td width=\"228\" height=\"26\">\u0110i\u1ec3m \u0111\u1eb7t<\/td>\n<td width=\"471\" height=\"26\">95% Hz (l\u01b0u \u00fd 4)<\/td>\n<\/tr>\n<tr>\n<td width=\"10\" height=\"26\"><\/td>\n<td width=\"228\" height=\"26\">\u0110\u1ed9 d\u1ed1c<\/td>\n<td width=\"471\" height=\"26\">170% xu\u1ed1ng \u0111\u1ebfn 30 Hz<\/td>\n<\/tr>\n<tr>\n<td width=\"293\" height=\"26\">\u0110\u01a1n v\u1ecb Dissipation Power<\/td>\n<td width=\"10\" height=\"26\"><\/td>\n<td width=\"228\" height=\"26\"><\/td>\n<td width=\"471\" height=\"26\">T\u1ed1i \u0111a 10 watts<\/td>\n<\/tr>\n<tr>\n<td width=\"293\" height=\"26\">\u0110i\u1ec7n \u00e1p x\u00e2y d\u1ef1ng<\/td>\n<td width=\"10\" height=\"26\"><\/td>\n<td width=\"228\" height=\"26\"><\/td>\n<td width=\"471\" height=\"26\">4 volts @ \u0111\u1ea7u cu\u1ed1i AVR<\/td>\n<\/tr>\n<tr>\n<td rowspan=\"5\" width=\"293\" height=\"129\">M\u00f4i tr\u01b0\u1eddng<\/td>\n<td width=\"10\" height=\"26\"><\/td>\n<td width=\"228\" height=\"26\">Rung \u0111\u1ed9ng<\/td>\n<td width=\"471\" height=\"26\">20-100 Hz 50mm \/ gi\u00e2y<\/td>\n<\/tr>\n<tr>\n<td width=\"10\" height=\"26\"><\/td>\n<td width=\"228\" height=\"26\"><\/td>\n<td width=\"471\" height=\"26\">100 Hz 2kHz 3.3g<\/td>\n<\/tr>\n<tr>\n<td width=\"10\" height=\"26\"><\/td>\n<td width=\"228\" height=\"26\">Nhi\u1ec7t \u0111\u1ed9 ho\u1ea1t \u0111\u1ed9ng<\/td>\n<td width=\"471\" height=\"26\">-40 \u0111\u1ebfn +70 C<\/td>\n<\/tr>\n<tr>\n<td width=\"10\" height=\"26\"><\/td>\n<td width=\"228\" height=\"26\">\u0110\u1ed9 \u1ea9m t\u01b0\u01a1ng \u0111\u1ed1i 0-70 C<\/td>\n<td width=\"471\" height=\"26\">95% (xem l\u01b0u \u00fd 5)<\/td>\n<\/tr>\n<tr>\n<td width=\"10\" height=\"25\"><\/td>\n<td width=\"228\" height=\"25\">Nhi\u1ec7t \u0111\u1ed9 b\u1ea3o qu\u1ea3n<\/td>\n<td width=\"471\" height=\"25\">-55 \u0111\u1ebfn +80 C<\/td>\n<\/tr>\n<tr>\n<td rowspan=\"2\" width=\"293\" height=\"50\">Th\u00f4ng tin \u0110\u00f3ng g\u00f3i<\/td>\n<td width=\"10\" height=\"25\"><\/td>\n<td width=\"228\" height=\"25\">Th\u1ee9 nguy\u00ean<\/td>\n<td width=\"471\" height=\"25\"><\/td>\n<\/tr>\n<tr>\n<td width=\"10\" height=\"25\"><\/td>\n<td width=\"228\" height=\"25\">C\u00e2n n\u1eb7ng<\/td>\n<\/tr>\n<\/tbody>\n<\/table>\n<\/div>\n<hr \/>\n<p style=\"margin-bottom: 5px;\"><span style=\"color: #333399;\"><strong>C\u00d4NG TY TNHH SX &#8211; TM &#8211; XNK H\u01afNG TH\u1ecaNH PH\u00c1T<\/strong><\/span><\/p>\n<ul>\n<li><span style=\"color: #000000;\"><strong>\u0110\u1ecba ch\u1ec9:<\/strong> S\u1ed1 496\/13 L\u00e3 Xu\u00e2n Oai, T\u1ed5 7, Khu ph\u1ed1 Ph\u01b0\u1edbc Hi\u1ec7p, Ph\u01b0\u1eddng Long Tr\u01b0\u1eddng, Qu\u1eadn 9, TP.HCM<\/span><\/li>\n<li><span class=\"text\" style=\"color: #000000;\"><strong>\u0110i\u1ec7n tho\u1ea1i:<\/strong> <span style=\"color: #ed1c24;\"><strong>0909.078.509<\/strong><\/span><\/span><\/li>\n<li><span class=\"text\" style=\"color: #000000;\"><strong> Email:<\/strong> <span style=\"color: #3366ff;\">hungthinhphatgenerator@gmail.com<\/span><\/span><\/li>\n<\/ul>\n","protected":false},"excerpt":{"rendered":"<ul class=\"mnv-infoproduct\">\n<li><strong>M\u00e3 s\u1ea3n ph\u1ea9m:<\/strong> \u00a0<span style=\"color: red;\">AVR GB-120<\/span><\/li>\n<li><strong>Gi\u00e1 b\u00e1n:<\/strong> <span style=\"color: red;\">LH: 0909.078.509<\/span><\/li>\n<li><strong>Xu\u1ea5t x\u1ee9:<\/strong> China<\/li>\n<li><strong>B\u1ea3o h\u00e0nh:<\/strong> 12 Th\u00e1ng<\/li>\n<\/ul>\n","protected":false},"featured_media":732,"comment_status":"open","ping_status":"closed","template":"","meta":[],"_links":{"self":[{"href":"https:\/\/hosting.conasi.vn\/w\/mayphatdien2011\/wp-json\/wp\/v2\/product\/731"}],"collection":[{"href":"https:\/\/hosting.conasi.vn\/w\/mayphatdien2011\/wp-json\/wp\/v2\/product"}],"about":[{"href":"https:\/\/hosting.conasi.vn\/w\/mayphatdien2011\/wp-json\/wp\/v2\/types\/product"}],"replies":[{"embeddable":true,"href":"https:\/\/hosting.conasi.vn\/w\/mayphatdien2011\/wp-json\/wp\/v2\/comments?post=731"}],"wp:featuredmedia":[{"embeddable":true,"href":"https:\/\/hosting.conasi.vn\/w\/mayphatdien2011\/wp-json\/wp\/v2\/media\/732"}],"wp:attachment":[{"href":"https:\/\/hosting.conasi.vn\/w\/mayphatdien2011\/wp-json\/wp\/v2\/media?parent=731"}],"curies":[{"name":"wp","href":"https:\/\/api.w.org\/{rel}","templated":true}]}}