{"id":230,"date":"2018-06-06T01:42:15","date_gmt":"2018-06-05T18:42:15","guid":{"rendered":"http:\/\/iqos.khowebseotop.vn\/?post_type=product&#038;p=230"},"modified":"2018-06-06T01:42:15","modified_gmt":"2018-06-05T18:42:15","slug":"thuoc-la-cao-cap-fiit","status":"publish","type":"product","link":"https:\/\/hosting.conasi.vn\/w\/iqos2011\/san-pham\/thuoc-la-cao-cap-fiit\/","title":{"rendered":"Thu\u1ed1c l\u00e1 cao c\u1ea5p FIIT"},"content":{"rendered":"<ul>\n<li><strong>Fiil change<\/strong> : chi\u1ebft xu\u1ea5t t\u1eeb l\u00e1 b\u1ea1c h\u00e0 thanh m\u00e1t t\u1ef1 nhi\u00ean, kh\u00f4ng qu\u00e1 cay n\u1ed3ng v\u00e0 r\u1ea5t \u0111\u01b0\u1ee3m m\u00f9i, mang \u0111\u1ebfn c\u1ea3m gi\u00e1c \u201cth\u00f4ng m\u0169i m\u00e1t h\u1ecdng\u201d trong t\u1eebng c\u01a1n r\u00edt thu\u1ed1c.<br \/>\n<img loading=\"lazy\" class=\"aligncenter size-full wp-image-735\" title=\"THU\u1ed0C FIIT 1\" src=\"http:\/\/ webdemo.com\/wp-content\/uploads\/2018\/06\/tai-xuong-20.jpg\" alt=\"THU\u1ed0C FIIT 1\" width=\"225\" height=\"225\" \/><\/li>\n<li><strong>Fiil change<\/strong> <strong>Up :\u00a0<\/strong>H\u01b0\u01a1ng v\u1ecb thu\u1ed1c l\u00e1 nguy\u00ean ch\u1ea5t , n\u1ebfu mu\u1ed1n \u0111\u1ed5i v\u1ecb\u00a0H\u01b0\u01a1ng hoa qu\u1ea3 th\u01a1m nh\u1eb9 nh\u00e0ng, quy\u1ec7n v\u00e0o l\u00e0n h\u01a1i b\u1ea1c h\u00e0 m\u00e1t l\u1ea1nh, t\u1ea5t c\u1ea3 ch\u1ec9 sau m\u1ed9t l\u1ea7n \u1ea5n v\u1ee1 vi\u00ean h\u00ecnh tr\u00f2n tr\u00ean \u0111\u1ea7u t\u00f3p thu\u1ed1c\u2026<\/li>\n<\/ul>\n","protected":false},"excerpt":{"rendered":"<div class=\"mtng\">\n<ul>\n<li><strong>Fiil change &#8211;\u00a0<\/strong>v\u1ecb b\u1ea1c h\u00e0 nh\u1eb9<\/li>\n<li><strong>Fiil change<\/strong> <strong>Up &#8211;<\/strong> v\u1ecb truy\u1ec1n th\u1ed1ng c\u00f3 th\u1ec3 \u0111\u1ed5i sang v\u1ecb b\u1ea1c h\u00e0 hoa qu\u1ea3<\/li>\n<\/ul>\n<\/div>\n<p class=\"xuatxu\"><b>Xu\u1ea5t x\u1ee9: <\/b>H\u00e0n Qu\u1ed1c<\/p>\n","protected":false},"featured_media":231,"comment_status":"open","ping_status":"closed","template":"","meta":[],"_links":{"self":[{"href":"https:\/\/hosting.conasi.vn\/w\/iqos2011\/wp-json\/wp\/v2\/product\/230"}],"collection":[{"href":"https:\/\/hosting.conasi.vn\/w\/iqos2011\/wp-json\/wp\/v2\/product"}],"about":[{"href":"https:\/\/hosting.conasi.vn\/w\/iqos2011\/wp-json\/wp\/v2\/types\/product"}],"replies":[{"embeddable":true,"href":"https:\/\/hosting.conasi.vn\/w\/iqos2011\/wp-json\/wp\/v2\/comments?post=230"}],"wp:featuredmedia":[{"embeddable":true,"href":"https:\/\/hosting.conasi.vn\/w\/iqos2011\/wp-json\/wp\/v2\/media\/231"}],"wp:attachment":[{"href":"https:\/\/hosting.conasi.vn\/w\/iqos2011\/wp-json\/wp\/v2\/media?parent=230"}],"curies":[{"name":"wp","href":"https:\/\/api.w.org\/{rel}","templated":true}]}}