{"id":176,"date":"2018-06-06T01:25:20","date_gmt":"2018-06-05T18:25:20","guid":{"rendered":"http:\/\/iqos.khowebseotop.vn\/?post_type=product&#038;p=176"},"modified":"2018-06-06T01:34:14","modified_gmt":"2018-06-05T18:34:14","slug":"phu-kien-vi-da-iqos-dang-vuong-keo-khoa","status":"publish","type":"product","link":"https:\/\/hosting.conasi.vn\/w\/iqos2011\/san-pham\/phu-kien-vi-da-iqos-dang-vuong-keo-khoa\/","title":{"rendered":"V\u00ed da d\u00e1ng vu\u00f4ng k\u00e9o kh\u00f3a"},"content":{"rendered":"<p>V\u00ed vu\u00f4ng kh\u00f3a l\u00e0 m\u1ed9t ph\u1ee5 ki\u1ec7n kh\u00f4ng th\u1ec3 thi\u1ebfu cho c\u00e1c Qu\u00fd \u00f4ng khi s\u1eed d\u1ee5ng IQOS, k\u00edch th\u01b0\u1edbc nh\u1ecf g\u1ecdn trong l\u00f2ng b\u00e0n tay, ti\u1ec7n d\u1ee5ng, c\u00f3 th\u1ec3 c\u1ea7m tay, \u0111\u1ec3 tr\u00ean xe v\u0103n ph\u00f2ng .M\u00e0u s\u1eafc trang nh\u00e3, \u0111en, xanh\u00a0\u0110\u1ef1ng \u0111\u01b0\u1ee3c: B\u1ed9 IQOS, b\u1ed9 v\u1ec7 sinh, h\u1ed9p thu\u1ed1c, th\u1ebb thanh to\u00e1n\u00a0<img loading=\"lazy\" class=\"aligncenter size-full wp-image-596\" title=\"Ph\u1ee5 ki\u1ec7n v\u00ed da IQOS d\u00e1ng vu\u00f4ng k\u00e9o kh\u00f3a 1\" src=\"http:\/\/ webdemo.com\/wp-content\/uploads\/2018\/05\/33322856_1685230988264554_7855588106001448960_n.jpg\" alt=\"Ph\u1ee5 ki\u1ec7n v\u00ed da IQOS d\u00e1ng vu\u00f4ng k\u00e9o kh\u00f3a 1\" width=\"697\" height=\"960\" \/><\/p>\n","protected":false},"excerpt":{"rendered":"<div class=\"mtng\">\n<ul>\n<li>Thi\u1ebft k\u1ebf \u0111\u01a1n gi\u1ea3n nh\u01b0ng sang tr\u1ecdng.<\/li>\n<li>C\u00f3 2 m\u00e0u \u0111\u1ec3 l\u1ef1a ch\u1ecdn: \u0111en, xanh<\/li>\n<li>S\u1eed d\u1ee5ng \u0111\u01a1n gi\u1ea3n, ti\u1ec7n d\u1ee5ng<\/li>\n<li>Ch\u1ea5t li\u1ec7u da cao c\u1ea5p, kh\u00f3a ch\u1eafc ch\u1eafn<\/li>\n<\/ul>\n<\/div>\n<p class=\"xuatxu\"><b>Xu\u1ea5t x\u1ee9: <\/b>Da cao c\u1ea5p<\/p>\n","protected":false},"featured_media":177,"comment_status":"open","ping_status":"closed","template":"","meta":[],"_links":{"self":[{"href":"https:\/\/hosting.conasi.vn\/w\/iqos2011\/wp-json\/wp\/v2\/product\/176"}],"collection":[{"href":"https:\/\/hosting.conasi.vn\/w\/iqos2011\/wp-json\/wp\/v2\/product"}],"about":[{"href":"https:\/\/hosting.conasi.vn\/w\/iqos2011\/wp-json\/wp\/v2\/types\/product"}],"replies":[{"embeddable":true,"href":"https:\/\/hosting.conasi.vn\/w\/iqos2011\/wp-json\/wp\/v2\/comments?post=176"}],"wp:featuredmedia":[{"embeddable":true,"href":"https:\/\/hosting.conasi.vn\/w\/iqos2011\/wp-json\/wp\/v2\/media\/177"}],"wp:attachment":[{"href":"https:\/\/hosting.conasi.vn\/w\/iqos2011\/wp-json\/wp\/v2\/media?parent=176"}],"curies":[{"name":"wp","href":"https:\/\/api.w.org\/{rel}","templated":true}]}}