{"id":570,"date":"2018-06-06T11:18:06","date_gmt":"2018-06-06T04:18:06","guid":{"rendered":"http:\/\/iqos.khowebseotop.vn\/?page_id=570"},"modified":"2018-06-06T11:24:04","modified_gmt":"2018-06-06T04:24:04","slug":"y-kien-khach-hang","status":"publish","type":"page","link":"https:\/\/hosting.conasi.vn\/w\/iqos2011\/y-kien-khach-hang\/","title":{"rendered":"\u00dd ki\u1ebfn kh\u00e1ch h\u00e0ng"},"content":{"rendered":"<div class=\"row\"  id=\"row-1354330920\">\n\n\t<div id=\"col-640591234\" class=\"col small-12 large-12\"  >\n\t\t<div class=\"col-inner\"  >\n\t\t\t\n\t\t\t\n\n\t\t<div class=\"tabbed-content\">\n\t\t\t\n\t\t\t<ul class=\"nav nav-tabs nav-normal nav-size-large nav-left\"><li class=\"tab active has-icon\"><a href=\"#tab_nguy\u1ec5n-\u0110\u1ee9c-qu\u00fd\"><span>Nguy\u1ec5n \u0110\u1ee9c Qu\u00fd<\/span><\/a><\/li>\n<li class=\"tab has-icon\"><a href=\"#tab_ho\u00e0ng-minh-s\u01a1n\"><span>Ho\u00e0ng Minh S\u01a1n<\/span><\/a><\/li><\/ul><div class=\"tab-panels\"><div class=\"panel active entry-content\" id=\"tab_nguy\u1ec5n-\u0110\u1ee9c-qu\u00fd\">\n\n\t\t<div class=\"icon-box featured-box icon-box-left text-left\"  >\n\t\t\t\t\t<div class=\"icon-box-img\" style=\"width: 99px\">\n\t\t\t\t<div class=\"icon\">\n\t\t\t\t\t<div class=\"icon-inner\" >\n\t\t\t\t\t\t<img width=\"268\" height=\"240\" src=\"https:\/\/hosting.conasi.vn\/w\/iqos2011\/wp-content\/uploads\/2018\/06\/anhdat-268x240.jpg\" class=\"attachment-medium size-medium\" alt=\"\" loading=\"lazy\" \/>\t\t\t\t\t<\/div>\n\t\t\t\t<\/div>\n\t\t\t<\/div>\n\t\t\t\t<div class=\"icon-box-text last-reset\">\n\t\t\t\t\t\t\t\t\t\n<p class=\"entry-title\" style=\"text-align: left;\"><span style=\"font-size: 120%;\"><strong><span style=\"color: #003366;\">Nguy\u1ec5n \u0110\u1ee9c Qu\u00fd<\/span><\/strong><br \/>\n<\/span><span style=\"font-size: 95%; color: #003366;\">Tr\u00ean th\u1ecb tr\u01b0\u1eddng C\u1ed9ng h\u00f2a S\u00e9c b\u1eaft \u0111\u1ea7u xu\u1ea5t hi\u1ec7n s\u1ea3n ph\u1ea9m m\u1edbi c\u1ee7a h\u00e3ng Philip Morris (PM) \u1edf Kutn\u00e1 Hora. Thu\u1ed1c L\u00e1 \u0110i\u1ec7n T\u1eed IQOS Nh\u1eadt B\u1ea3n &#8211; IQOS 2.4 L\u00e0 thi\u1ebft b\u1ecb m\u00e0 trong \u0111\u00f3 s\u1ee3i thu\u1ed1c nh\u1ed3i kh\u00f4ng b\u1ecb \u0111\u1ed1t ch\u00e1y<\/span><\/p>\n\t\t<\/div>\n\t<\/div>\n\t\n\t\n\t<div id=\"gap-34744794\" class=\"gap-element clearfix\" style=\"display:block; height:auto;\">\n\t\t\n<style>\n#gap-34744794 {\n  padding-top: 30px;\n}\n<\/style>\n\t<\/div>\n\t\n<p><span style=\"font-size: 95%;\"><strong>r\u00ean th\u1ecb tr\u01b0\u1eddng C\u1ed9ng h\u00f2a S\u00e9c b\u1eaft \u0111\u1ea7u xu\u1ea5t hi\u1ec7n s\u1ea3n ph\u1ea9m m\u1edbi c\u1ee7a h\u00e3ng Philip Morris (PM) \u1edf Kutn\u00e1 Hora. Thu\u1ed1c L\u00e1 \u0110i\u1ec7n T\u1eed IQOS Nh\u1eadt B\u1ea3n \u2013 IQOS 2.4 L\u00e0 thi\u1ebft b\u1ecb m\u00e0 trong \u0111\u00f3 s\u1ee3i thu\u1ed1c nh\u1ed3i kh\u00f4ng b\u1ecb \u0111\u1ed1t ch\u00e1y m\u00e0 ch\u1ec9 \u201ch\u00e2m n\u00f3ng\u201d. Ngh\u0129a l\u00e0 ng\u01b0\u1eddi h\u00fat v\u1eabn h\u00edt v\u00e0o l\u01b0\u1ee3ng nicotine, nh\u01b0ng kh\u00f4ng nu\u1ed1t v\u00e0o ph\u1ed5i c\u1ea3 dehet v\u00e0 c\u00e1c \u0111\u1ed9c ch\u1ea5t kh\u00e1c. Th\u1ebf nh\u01b0ng s\u1ea3n ph\u1ea9m mang t\u00ean Iqos n\u00e0y kh\u00f4ng ph\u1ea3i ch\u1ecbu thu\u1ebf ti\u00eau th\u1ee5 \u0111\u1eb7c bi\u1ec7t nh\u01b0 thu\u1ed1c l\u00e1 th\u00f4ng th\u01b0\u1eddng.<\/strong><\/span><\/p>\n<p><span style=\"font-size: 95%;\">Nh\u01b0 kh\u1eb3ng \u0111\u1ecbnh c\u1ee7a n\u1eef th\u1ee9 tr\u01b0\u1edfng b\u1ed9 T\u00e0i ch\u00ednh Alena Schillerov\u00e1 v\u1edbi nh\u1eadt b\u00e1o Pr\u00e1vo, th\u00ec m\u1eb7c d\u00f9 \u0111ang chu\u1ea9n b\u1ecb so\u1ea1n th\u1ea3o s\u1eeda \u0111\u1ed5i lu\u1eadt v\u1ec1 thu\u1ebf ti\u00eau th\u1ee5 \u0111\u1ed1i v\u1edbi s\u1ea3n ph\u1ea9m n\u00e0y, nh\u01b0ng ra \u0111\u1eddi v\u00e0 c\u00f3 hi\u1ec7u l\u1ef1c s\u1edbm nh\u1ea5t ph\u1ea3i t\u1eeb \u0111\u1ea7u n\u0103m 2019. Ngh\u0129a l\u00e0 n\u1ebfu nh\u01b0 ng\u01b0\u1eddi h\u00fat thu\u1ed1c l\u00e1 \u201c\u0111\u1ed5 x\u00f4\u201d sang s\u1eed d\u1ee5ng s\u1ea3n ph\u1ea9m Iqos, nh\u00e0 n\u01b0\u1edbc m\u1ed7i n\u0103m s\u1ebd m\u1ea5t h\u00e0ng t\u1ec9 korun ti\u1ec1n thu\u1ebf ti\u00eau th\u1ee5 \u0111\u1eb7c bi\u1ec7t thu \u0111\u01b0\u1ee3c t\u1eeb thu\u1ed1c l\u00e1.<\/span><\/p>\n<p><span style=\"font-size: 95%;\"><img loading=\"lazy\" class=\"aligncenter size-full wp-image-46\" title=\"Nguy\u1ec5n \u0110\u1ee9c Qu\u00fd 1\" src=\"http:\/\/ webdemo.com\/wp-content\/uploads\/2017\/11\/bv2.jpg\" alt=\"Nguy\u1ec5n \u0110\u1ee9c Qu\u00fd 1\" width=\"916\" height=\"391\" \/><\/span><\/p>\n<p><span style=\"font-size: 95%;\">Trong khi \u0111\u00f3 c\u1ea3 c\u00e1c h\u00e3ng s\u1ea3n xu\u1ea5t kh\u00e1c c\u0169ng mu\u1ed1n t\u1eadn d\u1ee5ng th\u1eddi c\u01a1 \u0111\u1ec3 t\u0103ng l\u1ee3i nhu\u1eadn v\u1edbi s\u1ea3n ph\u1ea9m thu\u1ed1c l\u00e1 kh\u00f4ng ch\u00e1y, v\u00ed d\u1ee5 nh\u01b0 British American Tobacco hay Japan International Tobacco.<\/span><\/p>\n<p><span style=\"font-size: 95%;\">Thu\u1ed1c L\u00e1 \u0110i\u1ec7n T\u1eed IQOS Nh\u1eadt B\u1ea3n \u2013 IQOS 2.4 -Thi\u1ebft b\u1ecb c\u1ea7n c\u00f3 \u0111\u1ec3 h\u00fat thu\u1ed1c l\u00e1 kh\u00f4ng ch\u00e1y v\u1eadn h\u00e0nh t\u01b0\u01a1ng t\u1ef1 nh\u01b0 thu\u1ed1c l\u00e1 \u0111i\u1ec7n nh\u01b0ng ch\u1ea5t nh\u1ed3i l\u00e0 thu\u1ed1c s\u1ee3i ch\u1ee9 kh\u00f4ng ph\u1ea3i dung d\u1ecbch. S\u1ee3i thu\u1ed1c \u0111\u01b0\u1ee3c pin \u0111i\u1ec7n s\u1ea5y n\u00f3ng l\u00ean t\u1edbi kho\u1ea3ng 200 \u0111\u1ed9 C, nh\u01b0ng kh\u00f4ng ch\u00e1y th\u00e0nh than.<\/span><\/p>\n<p><span style=\"font-size: 95%;\">\u201cKhi s\u1ea5y n\u00f3ng s\u1ebd ph\u00e1t sinh ra kh\u00f3i tab\u00e1k, v\u00e0 ng\u01b0\u1eddi h\u00fat h\u00edt v\u00e0o,\u201d Philip Morris mi\u00eau t\u1ea3 v\u1eadn h\u00e0nh c\u1ee7a s\u1ea3n ph\u1ea9m Iqos. Theo Alena Schillerov\u00e1, \u0111\u00e2y l\u00e0 s\u1ea3n ph\u1ea9m \u0111\u1eb7c bi\u1ec7t \u0111\u1ec3 h\u00fat thu\u1ed1c l\u00e1 v\u00e0 kh\u00f4ng b\u1ecb \u0111\u00e1nh thu\u1ebf t\u01b0\u01a1ng t\u1ef1 nh\u01b0 thu\u1ed1c l\u00e1 th\u00f4ng th\u01b0\u1eddng. \u201cHi\u1ec7n nay ch\u00fang t\u00f4i \u0111ang kh\u1ea9n tr\u01b0\u01a1ng so\u1ea1n th\u1ea3o b\u1ed5 xung s\u1eeda \u0111\u1ed5i lu\u1eadt v\u1ec1 thu\u1ebf ti\u00eau th\u1ee5. B\u1edfi ch\u00fang t\u00f4i th\u1ea5y s\u1ea3n ph\u1ea9m n\u00e0y c\u1ea7n ph\u1ea3i b\u1ecb \u0111\u00e1nh thu\u1ebf ti\u00eau th\u1ee5,\u201d n\u1eef th\u1ee9 tr\u01b0\u1edfng T\u00e0i ch\u00ednh b\u1ed5 xung.<\/span><\/p>\n<p><span style=\"font-size: 95%;\">Th\u1ebf nh\u01b0ng th\u1eddi gian t\u1ed3n t\u1ea1i c\u1ee7a Qu\u1ed1c h\u1ed9i nhi\u1ec7m k\u1ef3 n\u00e0y kh\u00f4ng c\u00f2n nhi\u1ec1u, n\u00ean c\u00e1c th\u1ee7 t\u1ee5c ph\u00ea chu\u1ea9n lu\u1eadt kh\u00f4ng c\u00f2n k\u1ecbp th\u1ef1c hi\u1ec7n, m\u00e0 ph\u1ea3i \u0111\u1ee3i ch\u00ednh ph\u1ee7 m\u1edbi trong t\u01b0\u01a1ng lai. \u201cN\u00ean th\u1eddi h\u1ea1n th\u1ef1c ti\u1ec5n nh\u1ea5t c\u00f3 th\u1ec3 \u0111\u1ec3 lu\u1eadt m\u1edbi c\u00f3 hi\u1ec7u l\u1ef1c l\u00e0 t\u1eeb \u0111\u1ea7u n\u0103m 2019,\u201d Alena Schillerov\u00e1 k\u1ebft lu\u1eadn.<\/span><\/p>\n<p><span style=\"font-size: 95%;\">Cho \u0111\u1ebfn th\u1eddi gian \u0111\u00f3, Iqos v\u00e0 c\u00e1c lo\u1ea1i thi\u1ebft b\u1ecb h\u00fat thu\u1ed1c l\u00e1 kh\u00f4ng ch\u00e1y ti\u1ebfp t\u1ee5c \u0111\u01b0\u1ee3c b\u00e1n m\u00e0 kh\u00f4ng ph\u1ea3i ch\u1ecbu thu\u1ebf ti\u00eau th\u1ee5 \u0111\u1eb7c bi\u1ec7t n\u1eb7ng n\u1ec1. H\u00e3ng Philip Morris \u0111\u00e3 b\u1eaft \u0111\u1ea7u b\u00e1n s\u1ea3n ph\u1ea9m Iqos c\u1ee7a m\u00ecnh t\u1eeb \u0111\u1ea7u th\u00e1ng S\u00e1u v\u00e0 trong th\u00e1ng B\u1ea9y \u0111\u00e3 b\u00e1n qua m\u1ea1ng internet.<\/span><\/p>\n<p><span style=\"font-size: 95%;\">Thi\u1ebft b\u1ecb \u0111i\u1ec7n t\u1eed c\u1ea7n thi\u1ebft c\u1ee7a Iqos c\u00f3 gi\u00e1 b\u00e1n hi\u1ec7n nay l\u00e0 2690 korun v\u00e0 m\u1ed9t h\u1ed9p thu\u1ed1c s\u1ee3i 2 vi\u00ean nh\u1ed3i c\u00f3 gi\u00e1 100 korun, ngh\u0129a l\u00e0 t\u01b0\u01a1ng t\u1ef1 gi\u00e1 m\u1ed9t bao thu\u1ed1c l\u00e1 Marlboro b\u00ecnh th\u01b0\u1eddng. Mua c\u1ea3 \u201cc\u00e2y\u201d thu\u1ed1c s\u1ee3i nh\u1ed3i cho Iqos, kh\u00e1ch h\u00e0ng ph\u1ea3i tr\u1ea3 900 korun. C\u00e1ch \u0111\u00e2y ch\u01b0a l\u00e2u, ch\u1ee7 t\u1ecbch H\u0110QT Philip Morris \u00c1rp\u00e1d K\u00f6nye cho bi\u1ebft h\u00e3ng n\u00e0y c\u00f3 tham v\u1ecdng chi\u1ebfm t\u1eeb hai t\u1edbi ba ph\u1ea7n tr\u0103m t\u1ec9 ph\u1ea7n th\u1ecb tr\u01b0\u1eddng CH S\u00e9c v\u1ec1 thu\u1ed1c l\u00e1 kh\u00f4ng ch\u00e1y.<\/span><\/p>\n<p><span style=\"font-size: 95%;\">V\u1edbi Thu\u1ed1c L\u00e1 \u0110i\u1ec7n T\u1eed IQOS Nh\u1eadt B\u1ea3n v\u00e0 nh\u1eefng th\u1ee9 t\u01b0\u01a1ng t\u1ef1 ng\u01b0\u1eddi h\u00fat thu\u1ed1c l\u00e1 t\u1ea1i CH S\u00e9c s\u1ebd kh\u00f4ng t\u0103ng l\u00ean, m\u00e0 ch\u1ec9 m\u1ed9t b\u1ed9 ph\u1eadn ng\u01b0\u1eddi nghi\u1ec7n thu\u1ed1c l\u00e1 chuy\u1ec3n sang s\u1eed d\u1ee5ng h\u00ecnh th\u1ee9c h\u00fat n\u00e0y. Nh\u01b0ng d\u0129 nhi\u00ean v\u00ec ch\u01b0a b\u1ecb \u0111\u00e1nh thu\u1ebf ti\u00eau th\u1ee5 n\u00ean Iqos c\u00f3 th\u1ec3 l\u00e0 cho nh\u00e0 n\u01b0\u1edbc t\u1ea1m th\u1eddi m\u1ea5t m\u1ed9t ph\u1ea7n thu\u1ebf ti\u00eau th\u1ee5 \u0111\u1eb7c bi\u1ec7t thu t\u1eeb thu\u1ed1c l\u00e1, m\u00e0 n\u0103m ngo\u00e1i v\u00e0o kho\u1ea3ng 5 t\u1ec9 korun.<\/span><\/p>\n<p><span style=\"font-size: 95%;\">Philip Morris n\u1ed7 l\u1ef1c v\u1eadn \u0111\u1ed9ng, \u0111\u1ec3 Iqos kh\u00f4ng b\u1ecb \u0111\u00e1nh thu\u1ebf ti\u00eau th\u1ee5 theo s\u1ed1 l\u01b0\u1ee3ng t\u1eebng \u0111i\u1ebfu nh\u01b0 thu\u1ed1c l\u00e1 m\u00e0 theo trong l\u01b0\u1ee3ng gram nh\u01b0 thu\u1ed1c s\u1ee3i. Ngh\u0129a l\u00e0 ch\u1ec9 13 ph\u1ea7n tr\u0103m nh\u01b0 thu\u1ed1c l\u00e1 s\u1ee3i ch\u1ee9 kh\u00f4ng t\u1edbi 55 ph\u1ea7n tr\u0103m nh\u01b0 thu\u1ed1c l\u00e1 \u0111i\u1ebfu. \u201cKh\u00f4ng qu\u1ed1c gia ch\u00e2u \u00c2u n\u00e0o \u0111\u00e1nh thu\u1ebf s\u1ea3n ph\u1ea9m c\u1ee7a ch\u00fang t\u00f4i nh\u01b0 thu\u1ed1c l\u00e1 c\u1ed5 \u0111i\u1ec3n,\u201d ph\u00e1t ng\u00f4n vi\u00ean Philip Morris Kl\u00e1ra J\u00edrovcov\u00e1 Posp\u00ed\u0161ilov\u00e1 l\u00fd lu\u1eadn.<\/span><\/p>\n<\/div>\n<div class=\"panel entry-content\" id=\"tab_ho\u00e0ng-minh-s\u01a1n\">\n\n\t\t<div class=\"icon-box featured-box icon-box-left text-left\"  >\n\t\t\t\t\t<div class=\"icon-box-img\" style=\"width: 99px\">\n\t\t\t\t<div class=\"icon\">\n\t\t\t\t\t<div class=\"icon-inner\" >\n\t\t\t\t\t\t<img width=\"268\" height=\"240\" src=\"https:\/\/hosting.conasi.vn\/w\/iqos2011\/wp-content\/uploads\/2018\/06\/quynguyen-268x240.jpg\" class=\"attachment-medium size-medium\" alt=\"\" loading=\"lazy\" \/>\t\t\t\t\t<\/div>\n\t\t\t\t<\/div>\n\t\t\t<\/div>\n\t\t\t\t<div class=\"icon-box-text last-reset\">\n\t\t\t\t\t\t\t\t\t\n<p class=\"entry-title\" style=\"text-align: left;\"><span style=\"font-size: 120%;\"><strong><span style=\"color: #003366;\">Ho\u00e0ng Minh S\u01a1n<\/span><\/strong><br \/>\n<\/span><span style=\"font-size: 95%; color: #003366;\">Tr\u00ean th\u1ecb tr\u01b0\u1eddng C\u1ed9ng h\u00f2a S\u00e9c b\u1eaft \u0111\u1ea7u xu\u1ea5t hi\u1ec7n s\u1ea3n ph\u1ea9m m\u1edbi c\u1ee7a h\u00e3ng Philip Morris (PM) \u1edf Kutn\u00e1 Hora. Thu\u1ed1c L\u00e1 \u0110i\u1ec7n T\u1eed IQOS Nh\u1eadt B\u1ea3n \u2013 IQOS 2.4 L\u00e0 thi\u1ebft b\u1ecb m\u00e0 trong \u0111\u00f3 s\u1ee3i thu\u1ed1c nh\u1ed3i kh\u00f4ng b\u1ecb \u0111\u1ed1t ch\u00e1y m\u00e0 ch\u1ec9 \u201ch\u00e2m n\u00f3ng\u201d.<\/span><\/p>\n\t\t<\/div>\n\t<\/div>\n\t\n\t\n\t<div id=\"gap-1316709510\" class=\"gap-element clearfix\" style=\"display:block; height:auto;\">\n\t\t\n<style>\n#gap-1316709510 {\n  padding-top: 30px;\n}\n<\/style>\n\t<\/div>\n\t\n<p><span style=\"font-size: 95%;\"><strong>Tr\u00ean th\u1ecb tr\u01b0\u1eddng C\u1ed9ng h\u00f2a S\u00e9c b\u1eaft \u0111\u1ea7u xu\u1ea5t hi\u1ec7n s\u1ea3n ph\u1ea9m m\u1edbi c\u1ee7a h\u00e3ng Philip Morris (PM) \u1edf Kutn\u00e1 Hora. Thu\u1ed1c L\u00e1 \u0110i\u1ec7n T\u1eed IQOS Nh\u1eadt B\u1ea3n \u2013 IQOS 2.4 L\u00e0 thi\u1ebft b\u1ecb m\u00e0 trong \u0111\u00f3 s\u1ee3i thu\u1ed1c nh\u1ed3i kh\u00f4ng b\u1ecb \u0111\u1ed1t ch\u00e1y m\u00e0 ch\u1ec9 \u201ch\u00e2m n\u00f3ng\u201d. Ngh\u0129a l\u00e0 ng\u01b0\u1eddi h\u00fat v\u1eabn h\u00edt v\u00e0o l\u01b0\u1ee3ng nicotine, nh\u01b0ng kh\u00f4ng nu\u1ed1t v\u00e0o ph\u1ed5i c\u1ea3 dehet v\u00e0 c\u00e1c \u0111\u1ed9c ch\u1ea5t kh\u00e1c. Th\u1ebf nh\u01b0ng s\u1ea3n ph\u1ea9m mang t\u00ean Iqos n\u00e0y kh\u00f4ng ph\u1ea3i ch\u1ecbu thu\u1ebf ti\u00eau th\u1ee5 \u0111\u1eb7c bi\u1ec7t nh\u01b0 thu\u1ed1c l\u00e1 th\u00f4ng th\u01b0\u1eddng.<\/strong><\/span><\/p>\n<p><span style=\"font-size: 95%;\">Nh\u01b0 kh\u1eb3ng \u0111\u1ecbnh c\u1ee7a n\u1eef th\u1ee9 tr\u01b0\u1edfng b\u1ed9 T\u00e0i ch\u00ednh Alena Schillerov\u00e1 v\u1edbi nh\u1eadt b\u00e1o Pr\u00e1vo, th\u00ec m\u1eb7c d\u00f9 \u0111ang chu\u1ea9n b\u1ecb so\u1ea1n th\u1ea3o s\u1eeda \u0111\u1ed5i lu\u1eadt v\u1ec1 thu\u1ebf ti\u00eau th\u1ee5 \u0111\u1ed1i v\u1edbi s\u1ea3n ph\u1ea9m n\u00e0y, nh\u01b0ng ra \u0111\u1eddi v\u00e0 c\u00f3 hi\u1ec7u l\u1ef1c s\u1edbm nh\u1ea5t ph\u1ea3i t\u1eeb \u0111\u1ea7u n\u0103m 2019. Ngh\u0129a l\u00e0 n\u1ebfu nh\u01b0 ng\u01b0\u1eddi h\u00fat thu\u1ed1c l\u00e1 \u201c\u0111\u1ed5 x\u00f4\u201d sang s\u1eed d\u1ee5ng s\u1ea3n ph\u1ea9m Iqos, nh\u00e0 n\u01b0\u1edbc m\u1ed7i n\u0103m s\u1ebd m\u1ea5t h\u00e0ng t\u1ec9 korun ti\u1ec1n thu\u1ebf ti\u00eau th\u1ee5 \u0111\u1eb7c bi\u1ec7t thu \u0111\u01b0\u1ee3c t\u1eeb thu\u1ed1c l\u00e1.<\/span><\/p>\n<p><span style=\"font-size: 95%;\"><img loading=\"lazy\" class=\"aligncenter size-full wp-image-46\" title=\"Ho\u00e0ng Minh S\u01a1n 1\" src=\"http:\/\/ webdemo.com\/wp-content\/uploads\/2017\/11\/bv2.jpg\" alt=\"Ho\u00e0ng Minh S\u01a1n 1\" width=\"916\" height=\"391\" \/><\/span><\/p>\n<p><span style=\"font-size: 95%;\">Trong khi \u0111\u00f3 c\u1ea3 c\u00e1c h\u00e3ng s\u1ea3n xu\u1ea5t kh\u00e1c c\u0169ng mu\u1ed1n t\u1eadn d\u1ee5ng th\u1eddi c\u01a1 \u0111\u1ec3 t\u0103ng l\u1ee3i nhu\u1eadn v\u1edbi s\u1ea3n ph\u1ea9m thu\u1ed1c l\u00e1 kh\u00f4ng ch\u00e1y, v\u00ed d\u1ee5 nh\u01b0 British American Tobacco hay Japan International Tobacco.<\/span><\/p>\n<p><span style=\"font-size: 95%;\">Thu\u1ed1c L\u00e1 \u0110i\u1ec7n T\u1eed IQOS Nh\u1eadt B\u1ea3n \u2013 IQOS 2.4 -Thi\u1ebft b\u1ecb c\u1ea7n c\u00f3 \u0111\u1ec3 h\u00fat thu\u1ed1c l\u00e1 kh\u00f4ng ch\u00e1y v\u1eadn h\u00e0nh t\u01b0\u01a1ng t\u1ef1 nh\u01b0 thu\u1ed1c l\u00e1 \u0111i\u1ec7n nh\u01b0ng ch\u1ea5t nh\u1ed3i l\u00e0 thu\u1ed1c s\u1ee3i ch\u1ee9 kh\u00f4ng ph\u1ea3i dung d\u1ecbch. S\u1ee3i thu\u1ed1c \u0111\u01b0\u1ee3c pin \u0111i\u1ec7n s\u1ea5y n\u00f3ng l\u00ean t\u1edbi kho\u1ea3ng 200 \u0111\u1ed9 C, nh\u01b0ng kh\u00f4ng ch\u00e1y th\u00e0nh than.<\/span><\/p>\n<p><span style=\"font-size: 95%;\">\u201cKhi s\u1ea5y n\u00f3ng s\u1ebd ph\u00e1t sinh ra kh\u00f3i tab\u00e1k, v\u00e0 ng\u01b0\u1eddi h\u00fat h\u00edt v\u00e0o,\u201d Philip Morris mi\u00eau t\u1ea3 v\u1eadn h\u00e0nh c\u1ee7a s\u1ea3n ph\u1ea9m Iqos. Theo Alena Schillerov\u00e1, \u0111\u00e2y l\u00e0 s\u1ea3n ph\u1ea9m \u0111\u1eb7c bi\u1ec7t \u0111\u1ec3 h\u00fat thu\u1ed1c l\u00e1 v\u00e0 kh\u00f4ng b\u1ecb \u0111\u00e1nh thu\u1ebf t\u01b0\u01a1ng t\u1ef1 nh\u01b0 thu\u1ed1c l\u00e1 th\u00f4ng th\u01b0\u1eddng. \u201cHi\u1ec7n nay ch\u00fang t\u00f4i \u0111ang kh\u1ea9n tr\u01b0\u01a1ng so\u1ea1n th\u1ea3o b\u1ed5 xung s\u1eeda \u0111\u1ed5i lu\u1eadt v\u1ec1 thu\u1ebf ti\u00eau th\u1ee5. B\u1edfi ch\u00fang t\u00f4i th\u1ea5y s\u1ea3n ph\u1ea9m n\u00e0y c\u1ea7n ph\u1ea3i b\u1ecb \u0111\u00e1nh thu\u1ebf ti\u00eau th\u1ee5,\u201d n\u1eef th\u1ee9 tr\u01b0\u1edfng T\u00e0i ch\u00ednh b\u1ed5 xung.<\/span><\/p>\n<p><span style=\"font-size: 95%;\">Th\u1ebf nh\u01b0ng th\u1eddi gian t\u1ed3n t\u1ea1i c\u1ee7a Qu\u1ed1c h\u1ed9i nhi\u1ec7m k\u1ef3 n\u00e0y kh\u00f4ng c\u00f2n nhi\u1ec1u, n\u00ean c\u00e1c th\u1ee7 t\u1ee5c ph\u00ea chu\u1ea9n lu\u1eadt kh\u00f4ng c\u00f2n k\u1ecbp th\u1ef1c hi\u1ec7n, m\u00e0 ph\u1ea3i \u0111\u1ee3i ch\u00ednh ph\u1ee7 m\u1edbi trong t\u01b0\u01a1ng lai. \u201cN\u00ean th\u1eddi h\u1ea1n th\u1ef1c ti\u1ec5n nh\u1ea5t c\u00f3 th\u1ec3 \u0111\u1ec3 lu\u1eadt m\u1edbi c\u00f3 hi\u1ec7u l\u1ef1c l\u00e0 t\u1eeb \u0111\u1ea7u n\u0103m 2019,\u201d Alena Schillerov\u00e1 k\u1ebft lu\u1eadn.<\/span><\/p>\n<p><span style=\"font-size: 95%;\">Cho \u0111\u1ebfn th\u1eddi gian \u0111\u00f3, Iqos v\u00e0 c\u00e1c lo\u1ea1i thi\u1ebft b\u1ecb h\u00fat thu\u1ed1c l\u00e1 kh\u00f4ng ch\u00e1y ti\u1ebfp t\u1ee5c \u0111\u01b0\u1ee3c b\u00e1n m\u00e0 kh\u00f4ng ph\u1ea3i ch\u1ecbu thu\u1ebf ti\u00eau th\u1ee5 \u0111\u1eb7c bi\u1ec7t n\u1eb7ng n\u1ec1. H\u00e3ng Philip Morris \u0111\u00e3 b\u1eaft \u0111\u1ea7u b\u00e1n s\u1ea3n ph\u1ea9m Iqos c\u1ee7a m\u00ecnh t\u1eeb \u0111\u1ea7u th\u00e1ng S\u00e1u v\u00e0 trong th\u00e1ng B\u1ea9y \u0111\u00e3 b\u00e1n qua m\u1ea1ng internet.<\/span><\/p>\n<p><span style=\"font-size: 95%;\">Thi\u1ebft b\u1ecb \u0111i\u1ec7n t\u1eed c\u1ea7n thi\u1ebft c\u1ee7a Iqos c\u00f3 gi\u00e1 b\u00e1n hi\u1ec7n nay l\u00e0 2690 korun v\u00e0 m\u1ed9t h\u1ed9p thu\u1ed1c s\u1ee3i 2 vi\u00ean nh\u1ed3i c\u00f3 gi\u00e1 100 korun, ngh\u0129a l\u00e0 t\u01b0\u01a1ng t\u1ef1 gi\u00e1 m\u1ed9t bao thu\u1ed1c l\u00e1 Marlboro b\u00ecnh th\u01b0\u1eddng. Mua c\u1ea3 \u201cc\u00e2y\u201d thu\u1ed1c s\u1ee3i nh\u1ed3i cho Iqos, kh\u00e1ch h\u00e0ng ph\u1ea3i tr\u1ea3 900 korun. C\u00e1ch \u0111\u00e2y ch\u01b0a l\u00e2u, ch\u1ee7 t\u1ecbch H\u0110QT Philip Morris \u00c1rp\u00e1d K\u00f6nye cho bi\u1ebft h\u00e3ng n\u00e0y c\u00f3 tham v\u1ecdng chi\u1ebfm t\u1eeb hai t\u1edbi ba ph\u1ea7n tr\u0103m t\u1ec9 ph\u1ea7n th\u1ecb tr\u01b0\u1eddng CH S\u00e9c v\u1ec1 thu\u1ed1c l\u00e1 kh\u00f4ng ch\u00e1y.<\/span><\/p>\n<p><span style=\"font-size: 95%;\">V\u1edbi Thu\u1ed1c L\u00e1 \u0110i\u1ec7n T\u1eed IQOS Nh\u1eadt B\u1ea3n v\u00e0 nh\u1eefng th\u1ee9 t\u01b0\u01a1ng t\u1ef1 ng\u01b0\u1eddi h\u00fat thu\u1ed1c l\u00e1 t\u1ea1i CH S\u00e9c s\u1ebd kh\u00f4ng t\u0103ng l\u00ean, m\u00e0 ch\u1ec9 m\u1ed9t b\u1ed9 ph\u1eadn ng\u01b0\u1eddi nghi\u1ec7n thu\u1ed1c l\u00e1 chuy\u1ec3n sang s\u1eed d\u1ee5ng h\u00ecnh th\u1ee9c h\u00fat n\u00e0y. Nh\u01b0ng d\u0129 nhi\u00ean v\u00ec ch\u01b0a b\u1ecb \u0111\u00e1nh thu\u1ebf ti\u00eau th\u1ee5 n\u00ean Iqos c\u00f3 th\u1ec3 l\u00e0 cho nh\u00e0 n\u01b0\u1edbc t\u1ea1m th\u1eddi m\u1ea5t m\u1ed9t ph\u1ea7n thu\u1ebf ti\u00eau th\u1ee5 \u0111\u1eb7c bi\u1ec7t thu t\u1eeb thu\u1ed1c l\u00e1, m\u00e0 n\u0103m ngo\u00e1i v\u00e0o kho\u1ea3ng 5 t\u1ec9 korun.<\/span><\/p>\n<p><span style=\"font-size: 95%;\">Philip Morris n\u1ed7 l\u1ef1c v\u1eadn \u0111\u1ed9ng, \u0111\u1ec3 Iqos kh\u00f4ng b\u1ecb \u0111\u00e1nh thu\u1ebf ti\u00eau th\u1ee5 theo s\u1ed1 l\u01b0\u1ee3ng t\u1eebng \u0111i\u1ebfu nh\u01b0 thu\u1ed1c l\u00e1 m\u00e0 theo trong l\u01b0\u1ee3ng gram nh\u01b0 thu\u1ed1c s\u1ee3i. Ngh\u0129a l\u00e0 ch\u1ec9 13 ph\u1ea7n tr\u0103m nh\u01b0 thu\u1ed1c l\u00e1 s\u1ee3i ch\u1ee9 kh\u00f4ng t\u1edbi 55 ph\u1ea7n tr\u0103m nh\u01b0 thu\u1ed1c l\u00e1 \u0111i\u1ebfu. \u201cKh\u00f4ng qu\u1ed1c gia ch\u00e2u \u00c2u n\u00e0o \u0111\u00e1nh thu\u1ebf s\u1ea3n ph\u1ea9m c\u1ee7a ch\u00fang t\u00f4i nh\u01b0 thu\u1ed1c l\u00e1 c\u1ed5 \u0111i\u1ec3n,\u201d ph\u00e1t ng\u00f4n vi\u00ean Philip Morris Kl\u00e1ra J\u00edrovcov\u00e1 Posp\u00ed\u0161ilov\u00e1 l\u00fd lu\u1eadn.<\/span><\/p>\n<\/div><\/div><\/div>\n\t\t<\/div>\n\t\t\t<\/div>\n\n\t\n<\/div>\n","protected":false},"excerpt":{"rendered":"","protected":false},"author":2,"featured_media":0,"parent":0,"menu_order":0,"comment_status":"closed","ping_status":"closed","template":"page-right-sidebar.php","meta":[],"_links":{"self":[{"href":"https:\/\/hosting.conasi.vn\/w\/iqos2011\/wp-json\/wp\/v2\/pages\/570"}],"collection":[{"href":"https:\/\/hosting.conasi.vn\/w\/iqos2011\/wp-json\/wp\/v2\/pages"}],"about":[{"href":"https:\/\/hosting.conasi.vn\/w\/iqos2011\/wp-json\/wp\/v2\/types\/page"}],"author":[{"embeddable":true,"href":"https:\/\/hosting.conasi.vn\/w\/iqos2011\/wp-json\/wp\/v2\/users\/2"}],"replies":[{"embeddable":true,"href":"https:\/\/hosting.conasi.vn\/w\/iqos2011\/wp-json\/wp\/v2\/comments?post=570"}],"version-history":[{"count":0,"href":"https:\/\/hosting.conasi.vn\/w\/iqos2011\/wp-json\/wp\/v2\/pages\/570\/revisions"}],"wp:attachment":[{"href":"https:\/\/hosting.conasi.vn\/w\/iqos2011\/wp-json\/wp\/v2\/media?parent=570"}],"curies":[{"name":"wp","href":"https:\/\/api.w.org\/{rel}","templated":true}]}}