{"id":1970,"date":"2019-09-10T09:43:48","date_gmt":"2019-09-10T02:43:48","guid":{"rendered":"http:\/\/dienthoai4.w2steam.com\/?post_type=product&#038;p=1970"},"modified":"2019-09-10T09:43:49","modified_gmt":"2019-09-10T02:43:49","slug":"nang-cao-google-docs-and-sheets-voi-cac-tien-ich-mo-rong","status":"publish","type":"product","link":"https:\/\/hosting.conasi.vn\/w\/googleshop2011\/san-pham\/nang-cao-google-docs-and-sheets-voi-cac-tien-ich-mo-rong\/","title":{"rendered":"N\u00e2ng cao Google Docs and Sheets v\u1edbi c\u00e1c ti\u1ec7n \u00edch m\u1edf r\u1ed9ng"},"content":{"rendered":"<p>Google Docs and Sheets l\u00e0 c\u00f4ng c\u1ee5 tuy\u1ec7t v\u1eddi \u0111\u1ec3 t\u1ea1o t\u00e0i li\u1ec7u v\u00e0 b\u1ea3ng t\u00ednh. C\u00f4ng c\u1ee5 n\u00e0y cung c\u1ea5p h\u1ea7u nh\u01b0 t\u1ea5t c\u1ea3 c\u00e1c ch\u1ee9c n\u0103ng c\u01a1 b\u1ea3n b\u1ea1n c\u1ea7n \u0111\u1ec3 ch\u1ec9nh s\u1eeda, \u0111\u1ecbnh d\u1ea1ng v\u00e0 chia s\u1ebb c\u00e1c t\u1eadp tin c\u1ee7a b\u1ea1n. Tuy nhi\u00ean, n\u1ebfu b\u1ea1n \u0111ang t\u00ecm ki\u1ebfm d\u1ecbch v\u1ee5 \u0111\u00e1m m\u00e2y c\u1ee7a Google \u0111\u1ec3 thay th\u1ebf cho MS Office, b\u1ea1n s\u1ebd nh\u1eadn th\u1ea5y r\u1eb1ng v\u1eabn c\u00f2n m\u1ed9t v\u00e0i t\u00ednh n\u0103ng n\u00e2ng cao kh\u00e1c b\u1ecb thi\u1ebfu.<\/p>\n<p>C\u00e1c t\u00ednh n\u0103ng add on m\u1edbi s\u1ebd thay \u0111\u1ed5i \u0111i\u1ec1u n\u00e0y.\u00a0Ti\u1ec7n \u00edch m\u1edf r\u1ed9ng\u00a0l\u00e0 c\u00e1c \u1ee9ng d\u1ee5ng c\u1ee7a b\u00ean th\u1ee9 ba nh\u1ecf c\u00f3 th\u1ec3 \u0111\u01b0\u1ee3c c\u00e0i \u0111\u1eb7t tr\u1ef1c ti\u1ebfp v\u00e0o c\u00e1c \u1ee9ng d\u1ee5ng Docs v\u00e0 Sheets (Slides v\u00e0 Forms kh\u00f4ng \u0111\u01b0\u1ee3c h\u1ed7 tr\u1ee3) v\u00e0 ch\u00fang s\u1ebd l\u1ea5p \u0111\u1ea7y s\u1ef1 thi\u1ebfu h\u1ee5t cho c\u00e1c t\u00ednh n\u0103ng g\u1ed1c c\u1ee7a ph\u1ea7n m\u1ec1m \u0111\u00f3. Ra m\u1eaft v\u00e0o th\u00e1ng 3 n\u0103m 2014, c\u00e1c add-on v\u1eabn c\u00f2n m\u1edbi v\u00e0 s\u1ed1 l\u01b0\u1ee3ng \u0111ang r\u1ea5t ph\u00e1t tri\u1ec3n. H\u1ea7u h\u1ebft nh\u1eefng add-on t\u1ed1t nh\u1ea5t l\u00e0 mi\u1ec5n ph\u00ed, trong khi m\u1ed9t s\u1ed1 ti\u1ec7n \u00edch m\u1ea1nh m\u1ebd h\u01a1n c\u0169ng cung c\u1ea5p c\u00e1c phi\u00ean b\u1ea3n tr\u1ea3 ph\u00ed v\u1edbi c\u00e1c t\u00ednh n\u0103ng b\u1ed5 sung.<\/p>\n<p>Trong h\u01b0\u1edbng d\u1eabn n\u00e0y, t\u00f4i s\u1ebd ch\u1ec9 cho b\u1ea1n c\u00e1ch b\u1eaft \u0111\u1ea7u v\u1edbi add-on -c\u00e1ch c\u00e0i \u0111\u1eb7t, s\u1eed d\u1ee5ng v\u00e0 b\u1ecf add-on, v\u00e0 sau \u0111\u00f3 gi\u1edbi thi\u1ec7u cho b\u1ea1n m\u01b0\u1eddi Add-on t\u1ed1t nh\u1ea5t \u0111\u1ec3 b\u1eaft \u0111\u1ea7u<\/p>\n<h2 class=\"nolinks\">C\u00e0i \u0111\u1eb7t Add-on<\/h2>\n<p>T\u1ea5t c\u1ea3 c\u00e1c add-on \u0111\u01b0\u1ee3c t\u00ecm th\u1ea5y v\u00e0 c\u00e0i \u0111\u1eb7t th\u00f4ng qua giao di\u1ec7n Docs ho\u1eb7c Sheets t\u01b0\u01a1ng t\u1ef1 nh\u01b0 c\u00e1ch c\u00e1c ph\u1ea7n m\u1edf r\u1ed9ng Chrome \u0111\u01b0\u1ee3c c\u00e0i \u0111\u1eb7t. M\u1edf t\u00e0i li\u1ec7u v\u00e0 \u0111i t\u1edbi<b>\u00a0Add-ons &gt; Get add-ons<\/b>\u00a0v\u00e0 b\u1ea1n c\u00f3 th\u1ec3 th\u1ea5y t\u1ea5t c\u1ea3 c\u00e1c t\u00f9y ch\u1ecdn c\u00f3 s\u1eb5n cho \u1ee9ng d\u1ee5ng m\u00e0 b\u1ea1n \u0111ang s\u1eed d\u1ee5ng.<\/p>\n<p>Duy\u1ec7t qua c\u00e1c add-on n\u1ed5i b\u1eadt, nh\u1ea5p v\u00e0o n\u00fat\u00a0<b>All\u00a0<\/b>\u1edf g\u00f3c tr\u00ean b\u00ean tr\u00e1i \u0111\u1ec3 ch\u1ecdn danh m\u1ee5c ho\u1eb7c s\u1eed d\u1ee5ng h\u1ed9p t\u00ecm ki\u1ebfm \u0111\u1ec3 t\u00ecm n\u1ed9i dung b\u1ea1n mu\u1ed1n c\u00e0i \u0111\u1eb7t.<\/p>\n<p>Nh\u1ea5p v\u00e0o add-on \u0111\u00e3 ch\u1ecdn c\u1ee7a b\u1ea1n, sau \u0111\u00f3 l\u00e0 bi\u1ec3u t\u01b0\u1ee3ng<b>\u00a0+<\/b>\u00a0\u0111\u1ec3 c\u00e0i \u0111\u1eb7t. M\u00e0n h\u00ecnh m\u1edf ra cho th\u1ea5y quy\u1ec1n h\u1ea1n c\u1ee7a add-on \u0111\u00f3 y\u00eau c\u1ea7u &#8211; nh\u1eefng d\u1eef li\u1ec7u n\u00e0o v\u00e0 nh\u1eefng ph\u1ea7n n\u00e0o trong t\u00e0i kho\u1ea3n c\u1ee7a b\u1ea1n c\u1ea7n ph\u1ea3i truy c\u1eadp. Gi\u1ea3 s\u1eed \u0111\u00e3 \u0111\u1ed3ng \u00fd v\u00e0 click v\u00e0o n\u00fat<b>\u00a0Accept\u00a0<\/b>v\u00e0 c\u00e0i \u0111\u1eb7t \u0111\u00f3 s\u1ebd ho\u00e0n t\u1ea5t.<\/p>\n","protected":false},"excerpt":{"rendered":"<p>Google Docs and Sheets l\u00e0 c\u00f4ng c\u1ee5 tuy\u1ec7t v\u1eddi \u0111\u1ec3 t\u1ea1o t\u00e0i li\u1ec7u v\u00e0 b\u1ea3ng t\u00ednh. C\u00f4ng c\u1ee5 n\u00e0y cung c\u1ea5p h\u1ea7u nh\u01b0 t\u1ea5t c\u1ea3 c\u00e1c ch\u1ee9c n\u0103ng c\u01a1 b\u1ea3n b\u1ea1n c\u1ea7n \u0111\u1ec3 ch\u1ec9nh s\u1eeda, \u0111\u1ecbnh d\u1ea1ng v\u00e0 chia s\u1ebb c\u00e1c t\u1eadp tin c\u1ee7a b\u1ea1n. Tuy nhi\u00ean, n\u1ebfu b\u1ea1n \u0111ang t\u00ecm ki\u1ebfm d\u1ecbch v\u1ee5 \u0111\u00e1m m\u00e2y c\u1ee7a Google \u0111\u1ec3 thay th\u1ebf cho MS Office, b\u1ea1n s\u1ebd nh\u1eadn th\u1ea5y r\u1eb1ng v\u1eabn c\u00f2n m\u1ed9t v\u00e0i t\u00ednh n\u0103ng n\u00e2ng cao kh\u00e1c b\u1ecb thi\u1ebfu.<\/p>\n","protected":false},"featured_media":1971,"comment_status":"open","ping_status":"closed","template":"","meta":[],"_links":{"self":[{"href":"https:\/\/hosting.conasi.vn\/w\/googleshop2011\/wp-json\/wp\/v2\/product\/1970"}],"collection":[{"href":"https:\/\/hosting.conasi.vn\/w\/googleshop2011\/wp-json\/wp\/v2\/product"}],"about":[{"href":"https:\/\/hosting.conasi.vn\/w\/googleshop2011\/wp-json\/wp\/v2\/types\/product"}],"replies":[{"embeddable":true,"href":"https:\/\/hosting.conasi.vn\/w\/googleshop2011\/wp-json\/wp\/v2\/comments?post=1970"}],"wp:featuredmedia":[{"embeddable":true,"href":"https:\/\/hosting.conasi.vn\/w\/googleshop2011\/wp-json\/wp\/v2\/media\/1971"}],"wp:attachment":[{"href":"https:\/\/hosting.conasi.vn\/w\/googleshop2011\/wp-json\/wp\/v2\/media?parent=1970"}],"curies":[{"name":"wp","href":"https:\/\/api.w.org\/{rel}","templated":true}]}}