{"id":1959,"date":"2019-09-10T09:30:32","date_gmt":"2019-09-10T02:30:32","guid":{"rendered":"http:\/\/dienthoai4.w2steam.com\/?post_type=product&#038;p=1959"},"modified":"2019-09-10T09:30:33","modified_gmt":"2019-09-10T02:30:33","slug":"dich-vu-tao-google-shopping-hieu-qua-ban-hang-tuc-thi","status":"publish","type":"product","link":"https:\/\/hosting.conasi.vn\/w\/googleshop2011\/san-pham\/dich-vu-tao-google-shopping-hieu-qua-ban-hang-tuc-thi\/","title":{"rendered":"D\u1ecbch v\u1ee5 t\u1ea1o Google shopping hi\u1ec7u qu\u1ea3 b\u00e1n h\u00e0ng t\u1ee9c th\u00ec"},"content":{"rendered":"<p>V\u1edbi tham v\u1ecdng tr\u1edf th\u00e0nh qu\u1ea3ng c\u00e1o hi\u1ec3n th\u1ecb c\u00f3 t\u00ednh n\u0103ng v\u00e0 \u0111\u1ed9 tr\u1ea3i nghi\u1ec7m mua h\u00e0ng kh\u00f4ng k\u00e9m c\u1ea1nh trang th\u01b0\u01a1ng m\u1ea1i \u0111i\u1ec7n t\u1eed huy\u1ec1n tho\u1ea1i Amazon, Google \u0111\u00e3 tri\u1ec3n khai h\u00ecnh th\u1ee9c\u00a0<strong>Google Shopping<\/strong>, k\u00eanh qu\u1ea3ng c\u00e1o \u0111\u01b0\u1ee3c mong \u0111\u1ee3i b\u1edfi nhi\u1ec1u nh\u00e0 b\u00e1n l\u1ebb tr\u00ean to\u00e0n th\u1ebf gi\u1edbi.<\/p>\n<p>Google Shopping \u0111\u00e3 \u0111\u01b0\u1ee3c \u00e1p d\u1ee5ng t\u1ea1i th\u1ecb tr\u01b0\u1eddng qu\u1ed1c t\u1ebf t\u1eeb l\u00e2u, nh\u01b0ng ch\u1ec9 m\u1edbi \u1edf giai \u0111o\u1ea1n th\u1eed nghi\u1ec7m \u1edf Vi\u1ec7t Nam.<\/p>\n<p>Tin vui l\u00e0 \u0111\u1ebfn th\u00e1ng 10 n\u0103m nay, Google Shopping s\u1ebd ch\u00ednh th\u1ee9c launch t\u1ea1i th\u1ecb tr\u01b0\u1eddng VN \u0111\u1ec3 c\u00e1c c\u00e1 nh\u00e2n kinh doanh\/doanh nghi\u1ec7p c\u00f3 th\u00eam m\u1ed9t\u00a0<strong>k\u00eanh si\u00eau t\u1ed1t \u0111\u1ec3 t\u1eadn d\u1ee5ng b\u00e1n h\u00e0ng<\/strong><\/p>\n<p>V\u00e0 c\u0169ng nh\u01b0 Google Ads\u00a0<em>(Adwords c\u0169)<\/em>, n\u1ebfu b\u1ea1n t\u1eadn d\u1ee5ng t\u1ed1t th\u00ec Google Shopping s\u1ebd mang l\u1ea1i hi\u1ec7u qu\u1ea3 t\u1ee9c th\u1eddi.<\/p>\n<p>B\u1ea1n \u0111ang ph\u00e2n v\u00e2n li\u1ec7u Google Shopping kh\u00e1c bi\u1ec7t th\u1ebf n\u00e0o v\u1edbi Google Ads hi\u1ec7n t\u1ea1i. V\u00e0 c\u00f9ng d\u01b0\u1edbi s\u1ef1 \u0111i\u1ec1u h\u00e0nh c\u1ee7a Google, h\u00ecnh th\u1ee9c qu\u1ea3ng c\u00e1o m\u1edbi n\u00e0y li\u1ec7u c\u00f3 th\u1ec3 l\u00e0m \u0111\u01b0\u1ee3c g\u00ec h\u01a1n so v\u1edbi Google Ads.<\/p>\n<p>Sau \u0111\u00e2y l\u00e0 m\u1ed9t v\u00e0i con s\u1ed1 \u1ea5n t\u01b0\u1ee3ng m\u00e0 Google Shopping \u0111\u00e3 mang l\u1ea1i cho nh\u00e0 qu\u1ea3ng c\u00e1o v\u00e0 khi\u1ebfn\u00a0<strong>Google lu\u00f4n t\u1ef1 tin\u00a0<\/strong>khi n\u00f3i v\u1ec1 n\u1ec1n t\u1ea3ng qu\u1ea3ng c\u00e1o n\u00e0y c\u1ee7a h\u1ecd:<\/p>\n<ul>\n<li>K\u1ec3 t\u1eeb khi ra m\u1eaft, Google Shopping gi\u00fap c\u00e1c nh\u00e0 b\u00e1n l\u1ebb\u00a0<strong>t\u0103ng \u00edt nh\u1ea5t g\u1ea5p 2 l\u1ea7n doanh thu.<\/strong><\/li>\n<li>V\u1edbi l\u1ee3i th\u1ebf hi\u1ec3n th\u1ecb s\u1ea3n ph\u1ea9m tr\u1ef1c quan, Google Shopping gi\u00fap\u00a0<strong>gia t\u0103ng \u0111\u1ebfn 35% t\u1ef7 l\u1ec7 click chu\u1ed9t<\/strong>\u00a0v\u00e0o k\u1ebft qu\u1ea3 qu\u1ea3ng c\u00e1o \u0111\u01b0\u1ee3c hi\u1ec3n th\u1ecb.<\/li>\n<li>C\u00e1c nh\u00e0 qu\u1ea3ng c\u00e1o th\u00edch th\u00fa v\u1edbi Google Shopping, v\u00ec gi\u00fap h\u1ecd\u00a0<strong>ti\u1ebft ki\u1ec7m \u0111\u1ebfn 25% chi ph\u00ed<\/strong>\u00a0cho ng\u00e2n s\u00e1ch qu\u1ea3ng c\u00e1o PPC.<\/li>\n<\/ul>\n<p>V\u1edbi nh\u1eefng k\u1ebft qu\u1ea3 r\u1ea5t \u1ea5n t\u01b0\u1ee3ng m\u00e0 Google Shopping mang l\u1ea1i cho nh\u00e0 qu\u1ea3ng c\u00e1o v\u00e0 c\u00e1c \u0111\u01a1n v\u1ecb kinh doanh nh\u1ecf l\u1ebb. Theo m\u00ecnh, \u0111\u00e2y s\u1ebd l\u00e0 1 h\u00ecnh th\u1ee9c m\u00e0 b\u1ea1n c\u1ea7n khai th\u00e1c nhanh trong th\u1eddi gian s\u1eafp t\u1edbi.<\/p>\n<p>T\u1ea5t nhi\u00ean, b\u1eaft \u0111\u1ea7u tr\u01b0\u1edbc gi\u00e1 s\u1ebd r\u1ebb, khi nhi\u1ec1u ng\u01b0\u1eddi ch\u1ea1y qu\u1ea3ng c\u00e1o cho c\u00f9ng 1 s\u1ea3n ph\u1ea9m, gi\u00e1 th\u1ea7u s\u1ebd \u0111\u01b0\u1ee3c \u0111\u1ea9y l\u00ean r\u1ea5t cao.<\/p>\n<p>Ti\u1ebfp theo ch\u00fang ta t\u00ecm hi\u1ec3u b\u1ea3n ch\u1ea5t Google Shopping nh\u01b0 th\u1ebf n\u00e0o m\u00e0 l\u1ea1i c\u00f3 k\u1ebft qu\u1ea3 t\u1ed1t nh\u01b0 v\u1eady.<\/p>\n<p>\u1ede ph\u1ea7n \u0111\u1ea7u gi\u1edbi thi\u1ec7u m\u00ecnh c\u00f3 n\u00f3i, tham v\u1ecdng c\u1ee7a Google Shopping l\u00e0 mang l\u1ea1i s\u1ef1 h\u1eefu \u00edch nh\u01b0 khi ng\u01b0\u1eddi d\u00f9ng mua s\u1eafm t\u1ea1i Amazon.com<\/p>\n<p>T\u1ee9c l\u00e0, Google Shopping s\u1ebd\u00a0cho ph\u00e9p hi\u1ec3n th\u1ecb c\u00e1c s\u1ea3n ph\u1ea9m li\u00ean quan d\u1ef1a theo truy v\u1ea5n c\u1ee7a ng\u01b0\u1eddi d\u00f9ng. T\u1eeb \u0111\u00f3 h\u1ecd c\u00f3 th\u1ec3:<\/p>\n<ul>\n<li>Xem \u1ea3nh s\u1ea3n ph\u1ea9m.<\/li>\n<li>So s\u00e1nh gi\u00e1 gi\u1eefa c\u00e1c s\u1ea3n ph\u1ea9m ngay tr\u00ean k\u1ebft qu\u1ea3 t\u00ecm ki\u1ebfm Google.<\/li>\n<li>Nh\u1ea5n v\u00e0o \u0111\u1ec3 xem chi ti\u1ebft s\u1ea3n ph\u1ea9m \u0111\u00f3.<\/li>\n<\/ul>\n<p>Khi l\u00e0m paid traffic, \u0111i\u1ec1u ch\u00fang ta quan t\u00e2m s\u1ebd l\u00e0\u00a0<strong>qu\u1ea3ng c\u00e1o s\u1ebd hi\u1ec3n th\u1ecb t\u1ea1i nh\u1eefng v\u1ecb tr\u00ed n\u00e0o<\/strong>. Google Shopping c\u00f3 2 v\u1ecb tr\u00ed hi\u1ec3n th\u1ecb ch\u00ednh:<\/p>\n<h5><strong>B\u00ean tr\u00ean Google Ads &amp; k\u1ebft qu\u1ea3 t\u1ef1 nhi\u00ean.<\/strong><\/h5>\n<p>Nh\u01b0 v\u1eady, Google Shopping s\u1ebd \u0111\u01b0\u1ee3c\u00a0<strong>\u01b0u ti\u00ean h\u00e0ng \u0111\u1ea7u<\/strong>\u00a0\u1edf k\u1ebft qu\u1ea3 t\u00ecm ki\u1ebfm c\u1ee7a ng\u01b0\u1eddi d\u00f9ng. Qu\u1ea3ng c\u00e1o s\u1ebd hi\u1ec3n th\u1ecb theo d\u1ea1ng thanh tr\u01b0\u1ee3t bao g\u1ed3m t\u1ed1i \u0111a 25 k\u1ebft qu\u1ea3.<\/p>\n<p>Ng\u01b0\u1eddi t\u00ecm ki\u1ebfm c\u00f3 th\u1ec3 k\u00e9o thanh tr\u01b0\u1ee3t \u0111\u1ec3 tham kh\u1ea3o qua c\u00e1c s\u1ea3n ph\u1ea9m \u0111\u01b0\u1ee3c cung c\u1ea5p t\u1eeb nhi\u1ec1u \u0111\u01a1n v\u1ecb kh\u00e1c nhau. H\u1ecd s\u1ebd nh\u1ea5p v\u00e0o t\u1eebng s\u1ea3n ph\u1ea9m \u0111\u1ec3 t\u00ecm hi\u1ec3u th\u00f4ng tin v\u00e0 \u0111\u1eb7t h\u00e0ng khi c\u00f3 nhu c\u1ea7u.<\/p>\n<p>V\u00e0 \u0111\u1eb7c bi\u1ec7t, h\u1ecd c\u00f3 th\u1ec3 tr\u01b0\u1ee3t \u0111\u1ec3 tham kh\u1ea3o gi\u00e1 s\u1ea3n ph\u1ea9m \u1edf ngay k\u1ebft qu\u1ea3 t\u00ecm ki\u1ebfm n\u00e0y m\u00e0 kh\u00f4ng c\u1ea7n b\u1ea5m v\u00e0o.<\/p>\n","protected":false},"excerpt":{"rendered":"<p>V\u1edbi tham v\u1ecdng tr\u1edf th\u00e0nh qu\u1ea3ng c\u00e1o hi\u1ec3n th\u1ecb c\u00f3 t\u00ednh n\u0103ng v\u00e0 \u0111\u1ed9 tr\u1ea3i nghi\u1ec7m mua h\u00e0ng kh\u00f4ng k\u00e9m c\u1ea1nh trang th\u01b0\u01a1ng m\u1ea1i \u0111i\u1ec7n t\u1eed huy\u1ec1n tho\u1ea1i Amazon, Google \u0111\u00e3 tri\u1ec3n khai h\u00ecnh th\u1ee9c\u00a0<strong>Google Shopping<\/strong>, k\u00eanh qu\u1ea3ng c\u00e1o \u0111\u01b0\u1ee3c mong \u0111\u1ee3i b\u1edfi nhi\u1ec1u nh\u00e0 b\u00e1n l\u1ebb tr\u00ean to\u00e0n th\u1ebf gi\u1edbi.<\/p>\n","protected":false},"featured_media":1960,"comment_status":"open","ping_status":"closed","template":"","meta":[],"_links":{"self":[{"href":"https:\/\/hosting.conasi.vn\/w\/googleshop2011\/wp-json\/wp\/v2\/product\/1959"}],"collection":[{"href":"https:\/\/hosting.conasi.vn\/w\/googleshop2011\/wp-json\/wp\/v2\/product"}],"about":[{"href":"https:\/\/hosting.conasi.vn\/w\/googleshop2011\/wp-json\/wp\/v2\/types\/product"}],"replies":[{"embeddable":true,"href":"https:\/\/hosting.conasi.vn\/w\/googleshop2011\/wp-json\/wp\/v2\/comments?post=1959"}],"wp:featuredmedia":[{"embeddable":true,"href":"https:\/\/hosting.conasi.vn\/w\/googleshop2011\/wp-json\/wp\/v2\/media\/1960"}],"wp:attachment":[{"href":"https:\/\/hosting.conasi.vn\/w\/googleshop2011\/wp-json\/wp\/v2\/media?parent=1959"}],"curies":[{"name":"wp","href":"https:\/\/api.w.org\/{rel}","templated":true}]}}