{"id":6,"date":"2018-05-09T11:00:30","date_gmt":"2018-05-09T04:00:30","guid":{"rendered":"http:\/\/dienthoai4.w2steam.com\/?page_id=6"},"modified":"2019-07-26T19:56:48","modified_gmt":"2019-07-26T12:56:48","slug":"gioi-thieu","status":"publish","type":"page","link":"https:\/\/hosting.conasi.vn\/w\/googleshop2011\/gioi-thieu\/","title":{"rendered":"Gi\u1edbi thi\u1ec7u"},"content":{"rendered":"\t<section class=\"section gioi-thieu\" id=\"section_97709697\">\n\t\t<div class=\"bg section-bg fill bg-fill  bg-loaded\" >\n\n\t\t\t\n\t\t\t\n\t\t\t\n\n\t\t<\/div>\n\n\t\t<div class=\"section-content relative\">\n\t\t\t\n<div class=\"row row-small\"  id=\"row-533115624\">\n\n\t<div id=\"col-1690536947\" class=\"col medium-3 small-12 large-3\"  >\n\t\t<div class=\"col-inner\"  >\n\t\t\t\n\t\t\t\n<p><span style=\"color: #333333;\">KT Cosmetic l\u00e0 m\u1ed9t trong nh\u1eefng \u0111\u01a1n v\u1ecb cung c\u1ea5p m\u1ef9 ph\u1ea9m x\u00e1ch tay ch\u00ednh h\u00e3ng uy t\u00edn t\u1ea1i \u0110\u1ed3ng Nai v\u00e0 khu v\u1ef1c Mi\u1ec1n Nam. Ch\u00fang t\u00f4i r\u1ea5t mong \u0111\u01b0\u1ee3c ph\u1ee5c v\u1ee5 nhi\u1ec1u kh\u00e1ch h\u00e0ng h\u01a1n n\u1eefa v\u1edbi nh\u1eefng s\u1ea3n ph\u1ea9m t\u1ed1t nh\u1ea5t!<\/span><\/p>\n\t\t<\/div>\n\t\t\t<\/div>\n\n\t\n\n\t<div id=\"col-1980657857\" class=\"col medium-6 small-12 large-6\"  >\n\t\t<div class=\"col-inner\"  >\n\t\t\t\n\t\t\t\n\t<div class=\"img has-hover x md-x lg-x y md-y lg-y\" id=\"image_746825646\">\n\t\t\t\t\t\t\t\t<div class=\"img-inner dark\" >\n\t\t\t\t\t\t\t\t\t\n\t\t\t\t\t<\/div>\n\t\t\t\t\t\t\t\t\n<style>\n#image_746825646 {\n  width: 100%;\n}\n<\/style>\n\t<\/div>\n\t\n<p><span style=\"color: #000000; font-size: 90%;\">Xin ch\u00e0o b\u1ea1n \u2013 \u0111\u1ed9c gi\u1ea3 c\u1ee7a\u00a0<a style=\"color: #000000;\" href=\"https:\/\/demo.vn\/\">Demo.vn<\/a>,<\/span><\/p>\n<p><span style=\"color: #000000; font-size: 90%;\">L\u1eddi \u0111\u1ea7u ti\u00ean, cho ph\u00e9p Demo.vn \u0111\u01b0\u1ee3c g\u1eedi t\u1edbi qu\u00fd kh\u00e1ch, qu\u00fd th\u00e2n nh\u00e2n v\u00e0 b\u1ea1n b\u00e8 l\u1eddi ch\u00fac s\u1ee9c kh\u1ecfe, th\u00e0nh \u0111\u1ea1t v\u00e0 h\u1ea1nh ph\u00fac.<\/span><\/p>\n<p><span style=\"color: #000000; font-size: 90%;\"><a style=\"color: #000000;\" href=\"http:\/\/giuseart.com\/\">Demo.vn<\/a>\u00a0\u0111\u01b0\u1ee3c th\u00e0nh l\u1eadp th\u00e1ng 11\/2016 d\u01b0\u1edbi d\u1ea1ng Blog c\u00e1 nh\u00e2n, v\u1edbi m\u1ee5c \u0111\u00edch ban \u0111\u1ea7u l\u00e0 n\u01a1i\u00a0l\u01b0u tr\u1eef nh\u1eefng\u00a0<strong>b\u00e0i vi\u1ebft ki\u1ebfn th\u1ee9c<\/strong>\u00a0ho\u1eb7c nh\u1eefng<strong>\u00a0s\u1ea3n ph\u1ea9m s\u00e1ng t\u1ea1o<\/strong>\u00a0trong qu\u00e1 tr\u00ecnh h\u1ecdc t\u1eadp,\u00a0l\u00e0m vi\u1ec7c.<\/span><\/p>\n<p><span style=\"color: #000000; font-size: 90%;\">Sau m\u1ed9t th\u1eddi gian ho\u1ea1t \u0111\u1ed9ng, website \u0111\u00e3 c\u00f3 nh\u1eefng b\u01b0\u1edbc ti\u1ebfn \u0111\u00e1ng k\u1ec3 c\u1ea3 v\u1ec1 ch\u1ea5t l\u01b0\u1ee3ng v\u00e0 h\u00ecnh th\u1ee9c. S\u1ed1 l\u01b0\u1ee3ng kh\u00e1ch truy c\u1eadp website\u00a0tr\u1edf th\u00e0nh kh\u00e1ch h\u00e0ng s\u1eed d\u1ee5ng d\u1ecbch v\u1ee5 thi\u1ebft k\u1ebf t\u0103ng l\u00ean \u0111\u00e1ng k\u1ec3. T\u1eeb vi\u1ec7c ch\u0103m ch\u00fat n\u1ed9i dung cho website theo s\u1edf th\u00edch, Demo.vn\u00a0\u0111\u00e3 d\u1ea7n chinh ph\u1ee5c kh\u00e1ch h\u00e0ng v\u1edbi nh\u1eefng d\u1ecbch v\u1ee5 thi\u1ebft k\u1ebf s\u00e1ng t\u1ea1o uy t\u00edn v\u00e0 ch\u1ea5t l\u01b0\u1ee3ng.<\/span><\/p>\n<p><span style=\"color: #000000; font-size: 90%;\">T\u1ef1 tin v\u1edbi kh\u1ea3 n\u0103ng \u0111\u00e1p \u1ee9ng m\u1ecdi y\u00eau c\u1ea7u thi\u1ebft k\u1ebf c\u1ee7a kh\u00e1ch h\u00e0ng, Demo.vn ch\u00ednh th\u1ee9c \u0111em l\u1ea1i d\u1ecbch v\u1ee5\u00a0<strong>Thi\u1ebft k\u1ebf \u0111\u1ed3 h\u1ecda<\/strong>\u00a0v\u00e0\u00a0<strong>Thi\u1ebft k\u1ebf Website chuy\u00ean nghi\u1ec7p\u00a0<\/strong>t\u1eeb \u0111\u1ea7u n\u0103m 2017.<strong>\u00a0<\/strong>S\u1ef1 \u1ee7ng h\u1ed9 v\u00e0 tin t\u01b0\u1edfng c\u1ee7a kh\u00e1ch h\u00e0ng s\u1ebd\u00a0tr\u1edf th\u00e0nh ngu\u1ed3n c\u1ea3m h\u1ee9ng\u00a0l\u1edbn lao cho Demo.vn\u00a0trong qu\u00e1 tr\u00ecnh\u00a0ph\u00e1c h\u1ecda nh\u1eefng \u00fd t\u01b0\u1edfng thi\u1ebft k\u1ebf \u0111\u01b0\u1ee3c tr\u1edf th\u00e0nh hi\u1ec7n th\u1ef1c.<\/span><\/p>\n<p><span style=\"color: #000000; font-size: 90%;\">Xin c\u00e1m \u01a1n s\u1ef1 tin t\u01b0\u1edfng v\u00e0 \u1ee7ng h\u1ed9 c\u1ee7a qu\u00fd kh\u00e1ch trong th\u1eddi gian qua.<\/span><\/p>\n<p><span style=\"color: #000000; font-size: 90%;\">Tr\u00e2n tr\u1ecdng.\/.<\/span><\/p>\n<p><span style=\"color: #000000; font-size: 90%;\">Admin<\/span><\/p>\n\t\t<\/div>\n\t\t\t<\/div>\n\n\t\n\n\t<div id=\"col-690271425\" class=\"col cot3 medium-3 small-12 large-3\"  >\n\t\t<div class=\"col-inner\"  >\n\t\t\t\n\t\t\t\n<h3><span style=\"color: #000000;\">Gi\u1edbi thi\u1ec7u<\/span><\/h3>\n<ul>\n<li><span style=\"font-size: 90%;\"><a href=\"http:\/\/dienthoai4.w2steam.com\/huong-dan-dat-hang\/\">H\u01b0\u1edbng d\u1eabn \u0111\u1eb7t h\u00e0ng<\/a><\/span><\/li>\n<li><span style=\"font-size: 90%;\"><a href=\"http:\/\/dienthoai4.w2steam.com\/huong-dan-thanh-toan\/\">H\u01b0\u1edbng d\u1eabn thanh to\u00e1n<\/a><\/span><\/li>\n<li><span style=\"font-size: 90%;\"><a href=\"http:\/\/dienthoai4.w2steam.com\/dieu-khoan-va-trach-nhiem\/\">\u0110i\u1ec1u kho\u1ea3n v\u00e0 tr\u00e1ch nhi\u1ec7m<\/a><\/span><\/li>\n<li><span style=\"font-size: 90%;\"><a href=\"http:\/\/dienthoai4.w2steam.com\/doi-tra-va-bao-hanh\/\">\u0110\u1ed5i tr\u1ea3 v\u00e0 b\u1ea3o h\u00e0nh<\/a><\/span><\/li>\n<li><span style=\"font-size: 90%;\"><a href=\"http:\/\/dienthoai4.w2steam.com\/tuyen-dung\/\">Tuy\u1ec3n d\u1ee5ng<\/a><\/span><\/li>\n<\/ul>\n<a rel=\"noopener noreferrer\" href=\"https:\/\/messenger.com\/FacebookforDevelopers\" target=\"_blank\" class=\"button primary lowercase expand\"  style=\"border-radius:4px;\">\n  <i class=\"icon-facebook\" ><\/i>  <span>Chat Facebook<\/span>\n  <\/a>\n\n<a href=\"tel:0913103875\" target=\"_self\" class=\"button secondary lowercase expand\"  style=\"border-radius:4px;\">\n  <i class=\"icon-phone\" ><\/i>  <span>Hotline: 0913.103.875<\/span>\n  <\/a>\n\n<h3><span style=\"color: #000000;\">H\u1ed7 tr\u1ee3 Online<\/span><\/h3>\n\n\t\t<div class=\"icon-box featured-box icon-box-left text-left\"  >\n\t\t\t\t\t<div class=\"icon-box-img\" style=\"width: 39px\">\n\t\t\t\t<div class=\"icon\">\n\t\t\t\t\t<div class=\"icon-inner\" >\n\t\t\t\t\t\t<img width=\"70\" height=\"70\" src=\"https:\/\/hosting.conasi.vn\/w\/googleshop2011\/wp-content\/uploads\/2018\/05\/support-1.png\" class=\"attachment-medium size-medium\" alt=\"\" loading=\"lazy\" \/>\t\t\t\t\t<\/div>\n\t\t\t\t<\/div>\n\t\t\t<\/div>\n\t\t\t\t<div class=\"icon-box-text last-reset\">\n\t\t\t\t\t\t\t\t\t\n<p><span style=\"color: #000000;\">Kinh doanh 1<\/span><br \/>\n<span style=\"font-size: 90%; color: #333333;\">0913.103.875<\/span><\/p>\n\t\t<\/div>\n\t<\/div>\n\t\n\t\n\t<div id=\"gap-1084197307\" class=\"gap-element clearfix\" style=\"display:block; height:auto;\">\n\t\t\n<style>\n#gap-1084197307 {\n  padding-top: 15px;\n}\n<\/style>\n\t<\/div>\n\t\n\n\t\t<div class=\"icon-box featured-box icon-box-left text-left\"  >\n\t\t\t\t\t<div class=\"icon-box-img\" style=\"width: 39px\">\n\t\t\t\t<div class=\"icon\">\n\t\t\t\t\t<div class=\"icon-inner\" >\n\t\t\t\t\t\t<img width=\"70\" height=\"70\" src=\"https:\/\/hosting.conasi.vn\/w\/googleshop2011\/wp-content\/uploads\/2018\/05\/support2.png\" class=\"attachment-medium size-medium\" alt=\"\" loading=\"lazy\" \/>\t\t\t\t\t<\/div>\n\t\t\t\t<\/div>\n\t\t\t<\/div>\n\t\t\t\t<div class=\"icon-box-text last-reset\">\n\t\t\t\t\t\t\t\t\t\n<p><span style=\"color: #000000;\">Kinh doanh 2<\/span><br \/>\n<span style=\"font-size: 90%; color: #333333;\">Mrs. Loan: 0908.849.905<\/span><\/p>\n\t\t<\/div>\n\t<\/div>\n\t\n\t\n\t<div id=\"gap-753187518\" class=\"gap-element clearfix\" style=\"display:block; height:auto;\">\n\t\t\n<style>\n#gap-753187518 {\n  padding-top: 15px;\n}\n<\/style>\n\t<\/div>\n\t\n<h3><span style=\"color: #000000;\">B\u00e0i vi\u1ebft &#8211; tin t\u1ee9c<\/span><\/h3>\n\n  \n    <div class=\"row large-columns-1 medium-columns-1 small-columns-1 row-small\">\n  \t\t<div class=\"col post-item\" >\n\t\t\t<div class=\"col-inner\">\n\t\t\t<a href=\"https:\/\/hosting.conasi.vn\/w\/googleshop2011\/huong-dan-tao-float-menu-tuy-chinh-dep-cho-website-wordpress\/\" class=\"plain\">\n\t\t\t\t<div class=\"box box-vertical box-text-middle box-blog-post has-hover\">\n            \t\t\t\t\t<div class=\"box-image\" style=\"width:20%;\">\n  \t\t\t\t\t\t<div class=\"image-cover\" style=\"padding-top:80%;\">\n  \t\t\t\t\t\t\t<img width=\"782\" height=\"522\" src=\"https:\/\/hosting.conasi.vn\/w\/googleshop2011\/wp-content\/uploads\/2019\/09\/Chen-nut-call-to-action-\u1edf-giao-di\u1ec7n-mobile.jpg\" class=\"attachment-medium size-medium wp-post-image\" alt=\"\" loading=\"lazy\" srcset=\"https:\/\/hosting.conasi.vn\/w\/googleshop2011\/wp-content\/uploads\/2019\/09\/Chen-nut-call-to-action-\u1edf-giao-di\u1ec7n-mobile.jpg 782w, https:\/\/hosting.conasi.vn\/w\/googleshop2011\/wp-content\/uploads\/2019\/09\/Chen-nut-call-to-action-\u1edf-giao-di\u1ec7n-mobile-510x340.jpg 510w, https:\/\/hosting.conasi.vn\/w\/googleshop2011\/wp-content\/uploads\/2019\/09\/Chen-nut-call-to-action-\u1edf-giao-di\u1ec7n-mobile-768x513.jpg 768w\" sizes=\"(max-width: 782px) 100vw, 782px\" \/>  \t\t\t\t\t\t\t  \t\t\t\t\t\t\t  \t\t\t\t\t\t<\/div>\n  \t\t\t\t\t\t  \t\t\t\t\t<\/div>\n          \t\t\t\t\t<div class=\"box-text text-left\" >\n\t\t\t\t\t<div class=\"box-text-inner blog-post-inner\">\n\n\t\t\t\t\t\n\t\t\t\t\t\t\t\t\t\t<h5 class=\"post-title is-large \">H\u01b0\u1edbng d\u1eabn t\u1ea1o Float Menu t\u00f9y ch\u1ec9nh \u0111\u1eb9p cho website WordPress<\/h5>\n\t\t\t\t\t\t\t\t\t\t<div class=\"is-divider\"><\/div>\n\t\t\t\t\t                    \n\t\t\t\t\t\n\t\t\t\t\t\n\t\t\t\t\t<\/div>\n\t\t\t\t\t<\/div>\n\t\t\t\t\t\t\t\t\t<\/div>\n\t\t\t\t<\/a>\n\t\t\t<\/div>\n\t\t<\/div>\n\t\t<div class=\"col post-item\" >\n\t\t\t<div class=\"col-inner\">\n\t\t\t<a href=\"https:\/\/hosting.conasi.vn\/w\/googleshop2011\/code-them-cac-nut-call-to-action-huu-ich-cho-website-wordpress\/\" class=\"plain\">\n\t\t\t\t<div class=\"box box-vertical box-text-middle box-blog-post has-hover\">\n            \t\t\t\t\t<div class=\"box-image\" style=\"width:20%;\">\n  \t\t\t\t\t\t<div class=\"image-cover\" style=\"padding-top:80%;\">\n  \t\t\t\t\t\t\t<img src=\"https:\/\/hosting.conasi.vn\/w\/googleshop2011\/wp-content\/uploads\/2019\/09\/Demo.vn-T\u1ea1o-c\u00e1c-n\u00fat-Call-to-Action-h\u1eefu-\u00edch-\u1edf-ch\u00e2n-trang-cho-website.jpg\" class=\"attachment-medium size-medium wp-post-image\" alt=\"\" loading=\"lazy\" \/>  \t\t\t\t\t\t\t  \t\t\t\t\t\t\t  \t\t\t\t\t\t<\/div>\n  \t\t\t\t\t\t  \t\t\t\t\t<\/div>\n          \t\t\t\t\t<div class=\"box-text text-left\" >\n\t\t\t\t\t<div class=\"box-text-inner blog-post-inner\">\n\n\t\t\t\t\t\n\t\t\t\t\t\t\t\t\t\t<h5 class=\"post-title is-large \">Code th\u00eam c\u00e1c n\u00fat Call to action h\u1eefu \u00edch cho website WordPress<\/h5>\n\t\t\t\t\t\t\t\t\t\t<div class=\"is-divider\"><\/div>\n\t\t\t\t\t                    \n\t\t\t\t\t\n\t\t\t\t\t\n\t\t\t\t\t<\/div>\n\t\t\t\t\t<\/div>\n\t\t\t\t\t\t\t\t\t<\/div>\n\t\t\t\t<\/a>\n\t\t\t<\/div>\n\t\t<\/div>\n\t\t<div class=\"col post-item\" >\n\t\t\t<div class=\"col-inner\">\n\t\t\t<a href=\"https:\/\/hosting.conasi.vn\/w\/googleshop2011\/code-tao-thanh-lien-he-nhanh-tren-giao-dien-mobile-bang-html-va-css\/\" class=\"plain\">\n\t\t\t\t<div class=\"box box-vertical box-text-middle box-blog-post has-hover\">\n            \t\t\t\t\t<div class=\"box-image\" style=\"width:20%;\">\n  \t\t\t\t\t\t<div class=\"image-cover\" style=\"padding-top:80%;\">\n  \t\t\t\t\t\t\t<img src=\"https:\/\/hosting.conasi.vn\/w\/googleshop2011\/wp-content\/uploads\/2019\/09\/Demo.vn-T\u1ea1o-thanh-li\u00ean-h\u1ec7-tr\u00ean-giao-di\u1ec7n-mobile-cho-website-Wordpress.jpg\" class=\"attachment-medium size-medium wp-post-image\" alt=\"\" loading=\"lazy\" \/>  \t\t\t\t\t\t\t  \t\t\t\t\t\t\t  \t\t\t\t\t\t<\/div>\n  \t\t\t\t\t\t  \t\t\t\t\t<\/div>\n          \t\t\t\t\t<div class=\"box-text text-left\" >\n\t\t\t\t\t<div class=\"box-text-inner blog-post-inner\">\n\n\t\t\t\t\t\n\t\t\t\t\t\t\t\t\t\t<h5 class=\"post-title is-large \">Code t\u1ea1o thanh li\u00ean h\u1ec7 nhanh tr\u00ean giao di\u1ec7n mobile b\u1eb1ng HTML v\u00e0 CSS<\/h5>\n\t\t\t\t\t\t\t\t\t\t<div class=\"is-divider\"><\/div>\n\t\t\t\t\t                    \n\t\t\t\t\t\n\t\t\t\t\t\n\t\t\t\t\t<\/div>\n\t\t\t\t\t<\/div>\n\t\t\t\t\t\t\t\t\t<\/div>\n\t\t\t\t<\/a>\n\t\t\t<\/div>\n\t\t<\/div>\n\t\t<div class=\"col post-item\" >\n\t\t\t<div class=\"col-inner\">\n\t\t\t<a href=\"https:\/\/hosting.conasi.vn\/w\/googleshop2011\/huong-dan-tao-cac-nut-goi-chat-zalo-va-chat-facebook-cho-website-wordpress-bang-html-va-css\/\" class=\"plain\">\n\t\t\t\t<div class=\"box box-vertical box-text-middle box-blog-post has-hover\">\n            \t\t\t\t\t<div class=\"box-image\" style=\"width:20%;\">\n  \t\t\t\t\t\t<div class=\"image-cover\" style=\"padding-top:80%;\">\n  \t\t\t\t\t\t\t<img src=\"https:\/\/hosting.conasi.vn\/w\/googleshop2011\/wp-content\/uploads\/2019\/09\/Demo.vn-T\u1ea1o-c\u00e1c-n\u00fat-g\u1ecdi-\u0111i\u1ec7n-chat-zalo-v\u00e0-chat-facebook-cho-website-wordpress.jpg\" class=\"attachment-medium size-medium wp-post-image\" alt=\"\" loading=\"lazy\" \/>  \t\t\t\t\t\t\t  \t\t\t\t\t\t\t  \t\t\t\t\t\t<\/div>\n  \t\t\t\t\t\t  \t\t\t\t\t<\/div>\n          \t\t\t\t\t<div class=\"box-text text-left\" >\n\t\t\t\t\t<div class=\"box-text-inner blog-post-inner\">\n\n\t\t\t\t\t\n\t\t\t\t\t\t\t\t\t\t<h5 class=\"post-title is-large \">H\u01b0\u1edbng d\u1eabn t\u1ea1o c\u00e1c n\u00fat g\u1ecdi, chat Zalo v\u00e0 chat Facebook cho website WordPress b\u1eb1ng HTML v\u00e0 CSS<\/h5>\n\t\t\t\t\t\t\t\t\t\t<div class=\"is-divider\"><\/div>\n\t\t\t\t\t                    \n\t\t\t\t\t\n\t\t\t\t\t\n\t\t\t\t\t<\/div>\n\t\t\t\t\t<\/div>\n\t\t\t\t\t\t\t\t\t<\/div>\n\t\t\t\t<\/a>\n\t\t\t<\/div>\n\t\t<\/div>\n<\/div>\n\t\t<\/div>\n\t\t\t<\/div>\n\n\t\n<\/div>\n\t\t<\/div>\n\n\t\t\n<style>\n#section_97709697 {\n  padding-top: 30px;\n  padding-bottom: 30px;\n}\n<\/style>\n\t<\/section>\n\t\n","protected":false},"excerpt":{"rendered":"","protected":false},"author":1,"featured_media":0,"parent":0,"menu_order":0,"comment_status":"closed","ping_status":"closed","template":"page-blank.php","meta":[],"_links":{"self":[{"href":"https:\/\/hosting.conasi.vn\/w\/googleshop2011\/wp-json\/wp\/v2\/pages\/6"}],"collection":[{"href":"https:\/\/hosting.conasi.vn\/w\/googleshop2011\/wp-json\/wp\/v2\/pages"}],"about":[{"href":"https:\/\/hosting.conasi.vn\/w\/googleshop2011\/wp-json\/wp\/v2\/types\/page"}],"author":[{"embeddable":true,"href":"https:\/\/hosting.conasi.vn\/w\/googleshop2011\/wp-json\/wp\/v2\/users\/1"}],"replies":[{"embeddable":true,"href":"https:\/\/hosting.conasi.vn\/w\/googleshop2011\/wp-json\/wp\/v2\/comments?post=6"}],"version-history":[{"count":4,"href":"https:\/\/hosting.conasi.vn\/w\/googleshop2011\/wp-json\/wp\/v2\/pages\/6\/revisions"}],"predecessor-version":[{"id":1805,"href":"https:\/\/hosting.conasi.vn\/w\/googleshop2011\/wp-json\/wp\/v2\/pages\/6\/revisions\/1805"}],"wp:attachment":[{"href":"https:\/\/hosting.conasi.vn\/w\/googleshop2011\/wp-json\/wp\/v2\/media?parent=6"}],"curies":[{"name":"wp","href":"https:\/\/api.w.org\/{rel}","templated":true}]}}