{"id":279,"date":"2019-05-13T02:15:20","date_gmt":"2019-05-13T02:15:20","guid":{"rendered":"https:\/\/ford1.khowebseotop.vn\/?page_id=279"},"modified":"2019-05-13T02:23:08","modified_gmt":"2019-05-13T02:23:08","slug":"mua-xe-tra-gop","status":"publish","type":"page","link":"https:\/\/hosting.conasi.vn\/w\/ford2011\/mua-xe-tra-gop\/","title":{"rendered":"Mua Xe Ford tr\u1ea3 g\u00f3p"},"content":{"rendered":"<p><em><strong>1. Quy tr\u00ecnh mua xe tr\u1ea3 g\u00f3p \u2013 Vay v\u1ed1n ng\u00e2n h\u00e0ng<\/strong><\/em><\/p>\n<p><img src=\"\/wp-content\/uploads\/2019\/05\/mua-xe-tra-gop-de-dang-thu-tuc-nhanh-gon-lai-suat-cuc-ky-hap-dan-279.jpg\" alt=\"\" \/><\/p>\n<p><em><strong>Quy tr\u00ecnh mua xe tr\u1ea3 g\u00f3p hi\u1ec7n nay<\/strong><\/em><\/p>\n<p>-&gt; B\u01b0\u1edbc 1: Kh\u00e1ch h\u00e0ng g\u1eedi th\u00f4ng tin c\u00e1 nh\u00e2n, c\u00f4ng ty \u0111\u1ec3 ng\u00e2n h\u00e0ng ki\u1ec3m tra s\u01a1 qua xem c\u00f3 \u0111\u1ee7 \u0111i\u1ec1u ki\u1ec7n vay v\u1ed1n.<\/p>\n<p>-&gt; B\u01b0\u1edbc 2: Kh\u00e1ch h\u00e0ng ch\u1ecdn phi\u00ean b\u1ea3n, m\u00e0u s\u1eafc xe, k\u00fd h\u1ee3p \u0111\u1ed3ng \u0111\u1eb7t c\u1ecdc v\u1edbi \u0111\u1ea1i l\u00fd b\u00e1n xe.<\/p>\n<p>-&gt; B\u01b0\u1edbc 3: S\u1ebd chuy\u1ec3n h\u1ee3p \u0111\u1ed3ng mua xe v\u00e0 phi\u1ebfu thu qua cho ng\u00e2n h\u00e0ng -&gt; nh\u00e2n vi\u00ean ng\u00e2n h\u00e0ng s\u1ebd qua th\u1ea9m \u0111\u1ecbnh, l\u00e0m vi\u1ec7c tr\u1ef1c ti\u1ebfp v\u1edbi ng\u01b0\u1eddi vay -&gt; thu th\u1eadp \u0111\u1ee7 h\u1ed3 s\u01a1 -&gt; ra th\u00f4ng b\u00e1o cam k\u1ebft cho vay.<\/p>\n<p>-&gt; B\u01b0\u1edbc 4: Ch\u1ee7 xe s\u1ebd \u0111\u00f3ng n\u1ed1t s\u1ed1 ti\u1ec1n \u0111\u1ed1i \u1ee9ng c\u00f2n l\u1ea1i -&gt; \u0111i \u0111\u0103ng k\u00fd xe ra bi\u1ec3n c\u00f3 gi\u1ea5y h\u1eb9n \u0111\u0103ng k\u00fd, gi\u1ea5y \u0111\u0103ng k\u00fd g\u1ed1c chuy\u1ec3n qua cho NH-&gt; sau 1 ng\u00e0y \u0111\u1ebfn k\u00fd h\u1ee3p \u0111\u1ed3ng vay, h\u1ee3p \u0111\u1ed3ng th\u1ebf ch\u1ea5p -&gt; NH s\u1ebd r\u1ea3i ng\u00e2n tr\u1ef1c ti\u1ebfp v\u00e0o t\u00e0i kho\u1ea3n \u0111\u1ea1i l\u00fd b\u00e1n xe.<\/p>\n<p>-&gt; B\u01b0\u1edbc 5: Kh\u00e1ch h\u00e0ng qua \u0111\u1ea1i l\u00fd nh\u1eadn xe l\u00e0m c\u00e1c th\u1ee7 t\u1ee5c \u0111\u0103ng ki\u1ec3m.<\/p>\n<p>-&gt; B\u01b0\u1edbc 6: \u0110i l\u1ea5y \u0111\u0103ng k\u00fd g\u1ed1c c\u00f9ng NH v\u00e0 s\u1ebd nh\u1eadn \u0111\u01b0\u1ee3c gi\u1ea5y th\u00f4ng h\u00e0nh c\u1ee7a ng\u00e2n h\u00e0ng (\u0111\u0103ng k\u00fd g\u1ed1c NH gi\u1eef).<\/p>\n<p>Ch\u00fa \u00fd: Ti\u1ebfn \u0111\u1ed9 t\u1eeb khi k\u00fd h\u1ee3p \u0111\u1ed3ng \u0111\u1ebfn khi nh\u1eadn xe m\u1ea5t th\u1eddi gian t\u1eeb 3-4 ng\u00e0y.<\/p>\n<p><em><strong>2. H\u1ed3 s\u01a1 mua xe tr\u1ea3 g\u00f3p \u2013 th\u1ee7 t\u1ee5c vay v\u1ed1n ng\u00e2n h\u00e0ng<\/strong><\/em><\/p>\n<p>-&gt; H\u1ed3 s\u01a1 vay v\u1ed1n kh\u00e1ch h\u00e0ng c\u00e1 nh\u00e2n.<\/p>\n<p>-&gt; CMT\/H\u1ed9 chi\u1ebfu<\/p>\n<p>-&gt; \u0110\u0103ng k\u00fd k\u1ebft h\u00f4n\/X\u00e1c nh\u1eadn t\u00ecnh tr\u1ea1ng h\u00f4n nh\u00e2n<\/p>\n<p>-&gt; S\u1ed5 h\u1ed9 kh\u1ea9u\/KT3\/X\u00e1c nh\u1eadn t\u1ea1m tr\u00fa t\u1ea1i n\u01a1i \u1edf hi\u1ec7n t\u1ea1i<\/p>\n<p>-&gt; Ch\u1ee9ng t\u1eeb ch\u1ee9ng minh thu nh\u1eadp t\u1eeb l\u01b0\u01a1ng\/ho\u1ea1t \u0111\u1ed9ng \u0111\u1ea7u t\u01b0\/m\u1ee5c \u0111\u00edch vay v\u1ed1n<\/p>\n<p>-&gt; H\u1ed3 s\u01a1 vay v\u1ed1n kh\u00e1ch h\u00e0ng doanh nghi\u1ec7p.<\/p>\n<p>-&gt; Gi\u1ea5y ch\u1ee9ng nh\u1eadn \u0110KKD\/ Gi\u1ea5y ph\u00e9p h\u00e0nh ngh\u1ebf (n\u1ebfu c\u00f3)<\/p>\n<p>-&gt; H\u00f3a \u0111\u01a1n n\u1ed9p thu\u1ebf thu nh\u1eadp\/thu\u1ebf m\u00f4n b\u00e0i<\/p>\n<p>-&gt; Sao k\u00ea tk cty giao d\u1ecbch ng\u00e2n h\u00e0ng 12 th\u00e1ng g\u1ea7n nh\u1ea5t<\/p>\n<p>-&gt; S\u1ed5 s\u00e1ch b\u00e1n h\u00e0ng trong 6 th\u00e1ng g\u1ea7n nh\u1ea5t<\/p>\n<p>-&gt; H\u00f3a \u0111\u01a1n mua h\u00e0ng \/b\u00e1n h\u00e0ng 3 th\u00e1ng g\u1ea7n nh\u1ea5t<\/p>\n<p>-&gt; B\u00e1o c\u00e1o t\u1ed3n kho t\u1ea1i th\u1eddi \u0111i\u1ec3m g\u1ea7n nh\u1ea5t (n\u1ebfu c\u00f3)<\/p>\n<p>-&gt; T\u1edd khai thu\u1ebf VAT 3 th\u00e1ng g\u1ea7n nh\u1ea5t (n\u1ebfu c\u00f3)<\/p>\n<p>-&gt; B\u00e1o c\u00e1o t\u00e0i ch\u00ednh 2 n\u0103m g\u1ea7n nh\u1ea5t v\u00e0 BC \u0111i\u1ec1u h\u00e0nh n\u1ed9i b\u1ed9 2 n\u0103m<\/p>\n<p><img src=\"\/wp-content\/uploads\/2019\/05\/mua-xe-tra-gop-de-dang-thu-tuc-nhanh-gon-lai-suat-cuc-ky-hap-dan-279-1.jpg\" alt=\"\" \/><\/p>\n<p><em><strong>H\u1ed3 s\u01a1 mua xe tr\u1ea3 g\u00f3p \u2013 th\u1ee7 t\u1ee5c vay v\u1ed1n ng\u00e2n h\u00e0ng<\/strong><\/em><\/p>\n<p>\u0110\u1ec3 nh\u1eadn \u0111\u01b0\u1ee3c nh\u1eefng t\u01b0 v\u1ea5n h\u1eefu \u00edch nh\u1ea5t v\u1ec1 mua xe tr\u1ea3 g\u00f3p t\u00f9y theo nhu c\u1ea7u v\u00e0 \u0111i\u1ec1u ki\u1ec7n h\u1ed3 s\u01a1 kh\u00f3 d\u1ec5 kh\u00e1c nhau. Qu\u00fd kh\u00e1ch vui l\u00f2ng li\u00ean h\u1ec7 tr\u1ef1c ti\u1ebfp.<\/p>\n<p><em><strong>3. \u0110i\u1ec1u ki\u1ec7n vay v\u1ed1n ng\u00e2n h\u00e0ng c\u1ee7a c\u00e1 nh\u00e2n v\u00e0 doanh nghi\u1ec7p<\/strong><\/em><\/p>\n<p><em>a) Kh\u00e1ch h\u00e0ng c\u00e1 nh\u00e2n v\u00e0 h\u1ed9 kinh doanh<\/em><\/p>\n<p>-&gt; C\u00f3 n\u0103ng l\u1ef1c ph\u00e1p lu\u1eadt d\u00e2n s\u1ef1, n\u0103ng l\u1ef1c h\u00e0nh vi d\u00e2n s\u1ef1 v\u00e0 ch\u1ecbu tr\u00e1ch nhi\u1ec7m d\u00e2n s\u1ef1 theo quy \u0111\u1ecbnh c\u1ee7a ph\u00e1p lu\u1eadt.<\/p>\n<p>-&gt; Kh\u00e1ch h\u00e0ng vay v\u1ed1n c\u00f3 \u0111\u1ed9 tu\u1ed5i t\u1eeb 18 tu\u1ed5i tr\u1edf l\u00ean t\u1eeb th\u1eddi \u0111i\u1ec3m \u0111\u1ec1 ngh\u1ecb vay v\u00e0 kh\u00f4ng qu\u00e1 65 tu\u1ed5i t\u1ea1i th\u1eddi \u0111i\u1ec3m t\u1ea5t to\u00e1n kho\u1ea3n vay.<\/p>\n<p>-&gt; Ng\u01b0\u1eddi \u0111\u1ee9ng t\u00ean vay v\u1ed1n c\u00f3 s\u1ed5 h\u1ed9 kh\u1ea9u\/KT3\/S\u1ed5 t\u1ea1m tr\u00fa\u2026 t\u00f9y t\u1eebng ng\u00e2n h\u00e0ng s\u1ebd c\u00f3 kho\u1ea3ng c\u00e1ch \u0111\u1ecba l\u00fd nh\u1ea5t \u0111\u1ecbnh.<\/p>\n<p>-&gt; Kh\u00e1ch h\u00e0ng c\u00f3 kh\u1ea3 n\u0103ng t\u00e0i ch\u00ednh tr\u1ea3 n\u1ee3 g\u1ed1c l\u00e3i h\u00e0ng th\u00e1ng theo nh\u01b0 \u0111\u00e3 cam k\u1ebft v\u1edbi ng\u00e2n h\u00e0ng.<\/p>\n<p>-&gt; N\u1ebfu ghi nh\u1eadn ngu\u1ed3n thu t\u1eeb H\u1ed9 kinh doanh th\u00ec ph\u1ea3i l\u00e0 ho\u1ea1t \u0111\u1ed9ng t\u1ed1i thi\u1ec3u 12 th\u00e1ng.<\/p>\n<p>-&gt; Kh\u00e1ch h\u00e0ng kh\u00f4ng c\u00f3 n\u1ee3 nh\u00f3m 2 th\u1ef1c t\u1ebf tr\u1edf l\u00ean t\u1ea1i Ng\u00e2n h\u00e0ng ho\u1eb7c b\u1ea5t k\u1ef3 t\u1ed5 ch\u1ee9c t\u00edn d\u1ee5ng n\u00e0o.<\/p>\n<p><em>b) Kh\u00e1ch h\u00e0ng doanh nghi\u1ec7p<\/em><\/p>\n<p><em>\u0110\u1ed1i v\u1edbi DN vay \u00f4 t\u00f4 m\u1ee5c \u0111\u00edch \u0111i l\u1ea1i v\u00e0 v\u1eadn t\u1ea3i n\u1ed9i b\u1ed9:<\/em><\/p>\n<p>-&gt;\u00a0KH th\u00e0nh l\u1eadp tr\u00ean 06 th\u00e1ng v\u00e0 c\u00f3 \u00edt nh\u1ea5t 06 th\u00e1ng ph\u00e1t sinh doanh thu, t\u00ednh \u0111\u1ebfn th\u1eddi \u0111i\u1ec3m x\u00e9t duy\u1ec7t kho\u1ea3n vay.<\/p>\n<p>-&gt; KH kh\u00f4ng c\u00f3 n\u1ee3 x\u1ea5u ho\u1eb7c t\u1ed5 ch\u1ee9c t\u00edn d\u1ee5ng kh\u00e1c t\u1ea1i th\u1eddi \u0111i\u1ec3m x\u00e9t duy\u1ec7t kho\u1ea3n vay v\u00e0 kh\u00f4ng c\u00f3 n\u1ee3 x\u1ea5u, ho\u1eb7c t\u1ed5 ch\u1ee9c t\u00edn d\u1ee5ng kh\u00e1c trong v\u00f2ng 12 th\u00e1ng g\u1ea7n nh\u1ea5t t\u00ednh \u0111\u1ebfn th\u1eddi \u0111i\u1ec3m x\u00e9t duy\u1ec7t kho\u1ea3n vay.<\/p>\n<p><em>\u0110\u1ed1i v\u1edbi DN vay mua oto m\u1ee5c \u0111\u00edch kinh doanh v\u1eadn t\u1ea3i:<\/em><\/p>\n<p>-&gt; KH ho\u1ea1t \u0111\u1ed9ng t\u1ed1i thi\u1ec3u 2 n\u0103m v\u00e0 c\u00f3 kinh nghi\u1ec7m t\u1ed1i thi\u1ec3u 02 n\u0103m trong l\u0129nh v\u1ef1c kinh doanh v\u1eadn t\u1ea3i t\u00ednh \u0111\u1ebfn th\u1eddi \u0111i\u1ec3m x\u00e9t duy\u1ec7t kho\u1ea3n vay.<\/p>\n<p>-&gt; Tr\u01b0\u1eddng h\u1ee3p s\u1ed1 l\u01b0\u1ee3ng xe mua kh\u00f4ng qu\u00e1 02 xe \/01 KH v\u00e0 gi\u00e1 tr\u1ecb kho\u1ea3n vay c\u1ed9ng d\u1ed3n d\u01b0\u1edbi 1 t\u1ef7 VND \/ 01 KH, y\u00eau c\u1ea7u:<\/p>\n<p>+ KH ho\u1ea1t \u0111\u1ed9ng t\u1ed1i thi\u1ec3u 01 n\u0103m<\/p>\n<p>+ KH c\u00f3 t\u1ed1i thi\u1ec3u 01 n\u0103m kinh nghi\u1ec7m trong l\u0129nh v\u1ef1c kinh doanh v\u1eadn t\u1ea3i<\/p>\n<p>+ KH kh\u00f4ng c\u00f3 n\u1ee3 nh\u00f3m 2 t\u1ea1i TP Bank v\u00e0\/ho\u1eb7c TCTD kh\u00e1c trong v\u00f2ng 12 th\u00e1ng t\u00ednh \u0111\u1ebfn th\u1eddi \u0111i\u1ec3m x\u00e9t duy\u1ec7t kho\u1ea3n vay; v\u00e0\u00a0\u00a0KH kh\u00f4ng c\u00f3 n\u1ee3 nh\u00f3m 3 tr\u1edf l\u00ean t\u1ea1i TP Bank v\u00e0 \/ ho\u1eb7c TCTD kh\u00e1c trong v\u00f2ng 24 th\u00e1ng g\u1ea7n nh\u1ea5t t\u00ednh \u0111\u1ebfn th\u1eddi \u0111i\u1ec3m x\u00e9t duy\u1ec7t kho\u1ea3n vay.<\/p>\n<p>+ KH ph\u1ea3i s\u1edf h\u1eefu t\u1ed1i thi\u1ec3u 03 xe t\u00ednh \u0111\u1ebfn th\u1eddi \u0111i\u1ec3m x\u00e9t duy\u1ec7t kho\u1ea3n vay.<\/p>\n<p><em><strong>4. L\u00e3i su\u1ea5t mua xe \u00f4 t\u00f4 th\u1ea5p \u2013 kh\u00f4ng l\u00e3i su\u1ea5t \u0111\u01b0\u1ee3c t\u00ednh nh\u01b0 th\u1ebf n\u00e0o?<\/strong><\/em><\/p>\n<p>Kinh doanh d\u00f2ng ti\u1ec1n c\u1ee7a c\u00e1c ng\u00e2n h\u00e0ng \u0111\u1ec1u c\u00f3 nh\u1eefng nguy\u00ean t\u1eafc chung v\u00e0 nguy\u00ean t\u1eafc t\u00f4n ch\u1ec9 \u0111\u00f3 ch\u00ednh l\u00e0 sinh l\u1eddi. T\u00f9y theo t\u1eebng \u0111i\u1ec1u ki\u1ec7n cung c\u1ea7u kh\u00e1c nhau th\u00ec c\u00e1c ng\u00e2n h\u00e0ng s\u1ebd c\u00f3 nh\u1eefng ch\u00ednh s\u00e1ch cho vay v\u1ed1n kh\u00e1c nhau d\u1ef1a tr\u00ean y\u1ebfu t\u1ed1:<\/p>\n<p>-&gt; Vay t\u00edn ch\u1ea5p: L\u00e0 vay kh\u00f4ng c\u1ea7n t\u00e0i s\u1ea3n th\u1ebf ch\u1ea5p, ch\u1ec9 vay m\u1ed9t l\u01b0\u1ee3ng ti\u1ec1n nh\u1ecf d\u1ef1a tr\u00ean c\u01a1 s\u1edf kh\u1ea3 n\u0103ng chi tr\u1ea3 c\u1ee7a b\u1ea1n. \u0110\u1eb7c \u0111i\u1ec3m th\u00ec l\u00e3i su\u1ea5t vay t\u00edn ch\u1ea5p s\u1ebd cao v\u00e0 s\u1ebd ph\u1ea3i thanh to\u00e1n trong th\u1eddi gian ng\u1eafn.<\/p>\n<p>-&gt; Vay th\u1ebf ch\u1ea5p: L\u00e0 kho\u1ea3n vay y\u00eau c\u1ea7u c\u00f3 t\u00e0i s\u1ea3n th\u1ebf ch\u1ea5p nh\u01b0 vay mua \u00f4 t\u00f4, mua nh\u00e0 \u0111\u1ea5t, vay v\u1ed1n kinh doanh th\u1ebf ch\u1ea5p b\u1eb1ng t\u00e0i s\u1ea3n\u2026 \u01afu \u0111i\u1ec3m l\u00e0 b\u1ea1n c\u00f3 th\u1ec3 vay m\u1ed9t l\u01b0\u1ee3ng ti\u1ec1n l\u1edbn v\u1edbi l\u00e3i su\u1ea5t \u01b0u \u0111\u00e3i d\u1ef1a tr\u00ean c\u01a1 s\u1edf t\u00e0i s\u1ea3n th\u1ebf ch\u1ea5p v\u00e0 kh\u1ea3 n\u0103ng chi tr\u1ea3 c\u1ee7a b\u1ea1n, cty\u2026<\/p>\n<p>V\u1eady th\u00ec mua xe \u00f4 t\u00f4 kh\u00f4ng l\u00e3i su\u1ea5t c\u00f3 \u0111\u01b0\u1ee3c kh\u00f4ng? B\u1ea1n ch\u1ec9 c\u00f3 th\u1ec3 vay kh\u00f4ng l\u00e3i su\u1ea5t trong th\u1eddi gian ng\u1eafn t\u00f9y theo t\u1eebng g\u00f3i t\u00edn d\u1ee5ng. Sau th\u1eddi gian \u0111\u00f3 th\u00ec l\u00e3i su\u1ea5t ng\u00e2n h\u00e0ng s\u1ebd kh\u00e1 cao v\u1edbi bi\u00ean \u0111\u1ed9 l\u1edbn, ph\u00ed ph\u1ea1t tr\u1ea3 n\u1ee3 tr\u01b0\u1edbc h\u1ea1n cao. V\u1ec1 c\u01a1 b\u1ea3n c\u00e1c g\u00f3i \u01b0u \u0111\u00e3i th\u01b0\u1eddng l\u00e0 nh\u01b0 nhau, v\u00e0 s\u1ef1 ch\u00eanh l\u1ec7ch l\u00e3i su\u1ea5t ng\u00e2n h\u00e0ng kh\u00f4ng th\u1ef1c s\u1ef1 ch\u00eanh l\u1ec7ch cao v\u1edbi nh\u1eefng kho\u1ea3n vay kh\u00f4ng l\u1edbn nh\u01b0 mua xe \u00f4 t\u00f4. B\u1ea1n n\u00ean c\u00e2n nh\u1eafc l\u1ea1i quy tr\u00ecnh vay b\u00ean ng\u00e2n h\u00e0ng n\u00e0o nhanh g\u1ecdn, d\u1ecbch v\u1ee5 th\u00f4ng tho\u00e1ng v\u00e0 chuy\u00ean nghi\u1ec7p \u0111\u1ec3 tr\u00e1nh nh\u1eefng b\u1ef1c m\u00ecnh kh\u00f4ng \u0111\u00e1ng c\u00f3.<\/p>\n<p><em><strong>N\u1ee3 x\u1ea5u l\u00e0 g\u00ec?<\/strong><\/em><\/p>\n<p>M\u1ed9t s\u1ed1 c\u00e2u h\u1ecfi th\u01b0\u1eddng g\u1eb7p c\u1ee7a kh\u00e1ch h\u00e0ng<\/p>\n<p>Kh\u00e1i ni\u1ec7m n\u1ee3 x\u1ea5u l\u00e0 m\u1ed9t kho\u1ea3n ti\u1ec1n d\u01b0 n\u1ee3 qu\u00e1 h\u1ea1n tr\u1ea3 ng\u00e2n h\u00e0ng. \u0110\u01b0\u1ee3c t\u00ednh t\u1eeb ng\u00e0y c\u00f3 th\u00f4ng b\u00e1o ph\u1ea3i thanh to\u00e1n (theo th\u00e1ng, qu\u00fd or theo n\u0103m t\u00f9y t\u1eebng kho\u1ea3n vay). N\u1ee3 x\u1ea5u chia l\u00e0m 5 nh\u00f3m:<\/p>\n<p>\u2013 Nh\u00f3m 1: D\u01b0 n\u1ee3 \u0111\u1ee7 ti\u00eau chu\u00e2\u0309n (l\u00e0 c\u00e1c kho\u1ea3n n\u1ee3 c\u00f3 \u0111\u1ee7 kh\u1ea3 n\u0103ng thu h\u1ed3i \u0111\u1ea7y \u0111\u1ee7 c\u1ea3 g\u1ed1c v\u00e0 l\u00e3i \u0111\u00fang th\u1eddi h\u1ea1n. Nh\u01b0ng n\u00ea\u0301u qu\u00e1 h\u1ea1n t\u1eeb 1 \u0111\u00ea\u0301n 10 ng\u00e0y, th\u00ec v\u00e2\u0303n n\u1eb1m trong nh\u00f3m \u0111\u1ee7 ti\u00eau chu\u00e2\u0309n nh\u01b0ng s\u1ebd b\u1ecb ph\u1ea1t l\u00e3i qu\u00e1 h\u1ea1n)<\/p>\n<p>\u2013 Nh\u00f3m 2: D\u01b0 n\u1ee3 c\u00e2\u0300n ch\u00fa \u00fd (l\u00e0 c\u00e1c kho\u1ea3n n\u1ee3 qu\u00e1 h\u1ea1n t\u1eeb 10 \u0111\u00ea\u0301n d\u01b0\u1edbi 90 ng\u00e0y)<\/p>\n<p>\u2013 Nh\u00f3m 3: D\u01b0 n\u1ee3 d\u01b0\u1edbi ti\u00eau chu\u1ea9n (l\u00e0 c\u00e1c kho\u1ea3n n\u1ee3 qu\u00e1 h\u1ea1n t\u1eeb 90 \u0111\u1ebfn 180 ng\u00e0y)<\/p>\n<p>\u2013 Nh\u00f3m 4: D\u01b0 n\u1ee3 c\u00f3 nghi ng\u1edd (l\u00e0 c\u00e1c kho\u1ea3n n\u1ee3 qu\u00e1 h\u1ea1n t\u1eeb 181 \u0111\u1ebfn 360 ng\u00e0y)<\/p>\n<p>\u2013 Nh\u00f3m 5: D\u01b0 n\u1ee3 c\u00f3 kh\u1ea3 n\u0103ng m\u1ea5t v\u1ed1n (l\u00e0 c\u00e1c kho\u1ea3n n\u1ee3 qu\u00e1 h\u1ea1n tr\u00ean 360 ng\u00e0y)<\/p>\n<p><em><strong>N\u1ee3 x\u1ea5u c\u00f3 mua xe tr\u1ea3 g\u00f3p \u0111\u01b0\u1ee3c kh\u00f4ng?<\/strong><\/em><\/p>\n<p>T\u00f9y theo nh\u00f3m n\u1ee3 x\u1ea5u v\u00e0 t\u00f9y theo \u0111i\u1ec1u ki\u1ec7n ho\u00e0n c\u1ea3nh g\u00e2y n\u00ean n\u1ee3 x\u1ea5u m\u00e0 kh\u00e1ch h\u00e0ng v\u1eabn \u0111\u01b0\u1ee3c xem x\u00e9t \u0111\u1ec3 cho vay v\u1ed1n. T\u00f9y theo ch\u00ednh s\u00e1ch t\u1eebng ng\u00e2n h\u00e0ng v\u00e0 \u0111i\u1ec1u ki\u1ec7n thanh to\u00e1n c\u1ee7a ng\u01b0\u1eddi vay. D\u01b0 n\u1ee3 t\u1eeb nh\u00f3m 3, 4, 5 s\u1ebd ph\u1ea3i \u0111\u01b0\u1ee3c xem x\u00e9t v\u00e0 ph\u00ea duy\u1ec7t r\u1ea5t k\u1ef9 v\u00e0 kh\u1ea3 n\u0103ng vay s\u1ebd c\u1ef1c th\u1ea5p.<\/p>\n<p><em><strong>N\u1ee3 x\u1ea5u ng\u00e2n h\u00e0ng v\u00e0 c\u00e1ch x\u1eed l\u00fd?<\/strong><\/em><\/p>\n<p>N\u1ee3 x\u1ea5u c\u1ee7a ng\u01b0\u1eddi vay s\u1ebd \u0111\u01b0\u1ee3c l\u01b0u tr\u00ean h\u1ec7 th\u1ed1ng g\u1ecdi l\u00e0 CIC (th\u00f4ng tin l\u1ecbch s\u1eed t\u00edn d\u1ee5ng): V\u00e0 th\u01b0\u1eddng trong 5 n\u0103m k\u1ec3 t\u1eeb ng\u00e0y thanh to\u00e1n h\u1ebft 100% s\u1ed1 n\u1ee3 kh\u00e1ch h\u00e0ng s\u1ebd \u0111\u01b0\u1ee3c x\u00f3a.<\/p>\n<p><em><strong>Tr\u1ea3 g\u1ed1c v\u00e0 l\u00e3i h\u00e0ng th\u00e1ng b\u1eb1ng c\u00e1ch n\u00e0o?<\/strong><\/em><\/p>\n<p>Tr\u01b0\u1edbc khi gi\u1ea3i ng\u00e2n vay v\u1ed1n ng\u01b0\u1eddi vay s\u1ebd \u0111\u01b0\u1ee3c t\u1ea1o m\u1ed9t t\u00e0i kho\u1ea3n thanh to\u00e1n t\u1ea1i ng\u00e2n h\u00e0ng. \u0110\u1ebfn h\u1ea1n thanh to\u00e1n s\u1ebd \u0111\u01b0\u1ee3c th\u00f4ng b\u00e1o qua tin nh\u1eafn hay g\u1ecdi tr\u1ef1c ti\u1ebfp. Kh\u00e1ch h\u00e0ng s\u1ebd \u0111\u00f3ng ti\u1ec1n v\u00e0o t\u00e0i kho\u1ea3n c\u00e1 nh\u00e2n or c\u00f4ng ty v\u00e0 ng\u00e2n h\u00e0ng s\u1ebd ch\u1ee7 \u0111\u1ed9ng c\u1eaft g\u1ed1c l\u00e3i h\u00e0ng th\u00e1ng.<\/p>\n<p><em><strong>C\u00e1ch t\u00ednh ph\u00ed tr\u1ea3 n\u1ee3 tr\u01b0\u1edbc h\u1ea1n?<\/strong><\/em><\/p>\n","protected":false},"excerpt":{"rendered":"<p>1. Quy tr\u00ecnh mua xe tr\u1ea3 g\u00f3p \u2013 Vay v\u1ed1n ng\u00e2n h\u00e0ng Quy tr\u00ecnh mua xe tr\u1ea3 g\u00f3p hi\u1ec7n nay -&gt; B\u01b0\u1edbc 1: Kh\u00e1ch h\u00e0ng g\u1eedi th\u00f4ng tin c\u00e1 nh\u00e2n, c\u00f4ng ty \u0111\u1ec3 ng\u00e2n h\u00e0ng ki\u1ec3m tra s\u01a1 qua xem c\u00f3 \u0111\u1ee7 \u0111i\u1ec1u ki\u1ec7n vay v\u1ed1n. -&gt; B\u01b0\u1edbc 2: Kh\u00e1ch h\u00e0ng ch\u1ecdn phi\u00ean b\u1ea3n, m\u00e0u&#8230;<\/p>\n","protected":false},"author":1,"featured_media":0,"parent":0,"menu_order":0,"comment_status":"closed","ping_status":"closed","template":"page-blank-title-center.php","meta":[],"_links":{"self":[{"href":"https:\/\/hosting.conasi.vn\/w\/ford2011\/wp-json\/wp\/v2\/pages\/279"}],"collection":[{"href":"https:\/\/hosting.conasi.vn\/w\/ford2011\/wp-json\/wp\/v2\/pages"}],"about":[{"href":"https:\/\/hosting.conasi.vn\/w\/ford2011\/wp-json\/wp\/v2\/types\/page"}],"author":[{"embeddable":true,"href":"https:\/\/hosting.conasi.vn\/w\/ford2011\/wp-json\/wp\/v2\/users\/1"}],"replies":[{"embeddable":true,"href":"https:\/\/hosting.conasi.vn\/w\/ford2011\/wp-json\/wp\/v2\/comments?post=279"}],"version-history":[{"count":4,"href":"https:\/\/hosting.conasi.vn\/w\/ford2011\/wp-json\/wp\/v2\/pages\/279\/revisions"}],"predecessor-version":[{"id":292,"href":"https:\/\/hosting.conasi.vn\/w\/ford2011\/wp-json\/wp\/v2\/pages\/279\/revisions\/292"}],"wp:attachment":[{"href":"https:\/\/hosting.conasi.vn\/w\/ford2011\/wp-json\/wp\/v2\/media?parent=279"}],"curies":[{"name":"wp","href":"https:\/\/api.w.org\/{rel}","templated":true}]}}