{"id":251,"date":"2020-03-01T01:04:22","date_gmt":"2020-02-29T18:04:22","guid":{"rendered":"http:\/\/denled2.muathemewordpress.net\/?post_type=product&#038;p=251"},"modified":"2020-03-01T01:04:22","modified_gmt":"2020-02-29T18:04:22","slug":"den-chum-pha-le-ccp-9101-8","status":"publish","type":"product","link":"https:\/\/hosting.conasi.vn\/w\/denled12011\/den-chum-pha-le-ccp-9101-8\/","title":{"rendered":"\u0110\u00e8n Ch\u00f9m Pha L\u00ea CCP-9101-8"},"content":{"rendered":"<p dir=\"ltr\">\u0110\u00e8n ch\u00f9m pha l\u00ea l\u00e0 m\u1eabu \u0111\u1ed3 n\u1ed9i th\u1ea5t \u0111ang \u0111\u01b0\u1ee3c nhi\u1ec1u ng\u01b0\u1eddi ti\u00eau d\u00f9ng l\u1ef1a ch\u1ecdn. V\u00ec v\u1eady, h\u00f4m nay Casani ti\u1ebfp t\u1ee5c gi\u1edbi thi\u1ec7u t\u1edbi qu\u00fd kh\u00e1ch h\u00e0ng m\u1eabu\u00a0<strong>\u0111\u00e8n ch\u00f9m hi\u1ec7n \u0111\u1ea1i<\/strong>\u00a0l\u00e0m t\u1eeb pha l\u00ea CCP-9101-8.<\/p>\n<h2>Th\u00f4ng s\u1ed1 k\u1ef9 thu\u1eadt \u0111\u00e8n Ch\u00f9m Pha L\u00ea CCP-9101-8<\/h2>\n<ul>\n<li dir=\"ltr\">\n<p dir=\"ltr\" role=\"presentation\">T\u00ean s\u1ea3n ph\u1ea9m: \u0110\u00e8n Ch\u00f9m Pha L\u00ea CCP-9101-8<\/p>\n<\/li>\n<li dir=\"ltr\">\n<p dir=\"ltr\" role=\"presentation\">M\u00e3 s\u1ea3n ph\u1ea9m: CCP-9101-8<\/p>\n<\/li>\n<li dir=\"ltr\">\n<p dir=\"ltr\" role=\"presentation\">Xu\u1ea5t x\u1ee9: Nh\u1eadp kh\u1ea9u<\/p>\n<\/li>\n<li dir=\"ltr\">\n<p dir=\"ltr\" role=\"presentation\">Ch\u1ea5t li\u1ec7u: Th\u1ee7y tinh pha l\u00ea cao c\u1ea5p<\/p>\n<\/li>\n<li dir=\"ltr\">\n<p dir=\"ltr\" role=\"presentation\">M\u00e0u s\u1eafc: Pha l\u00ea tr\u1eafng<\/p>\n<\/li>\n<li dir=\"ltr\">\n<p dir=\"ltr\" role=\"presentation\">K\u00edch th\u01b0\u1edbc: D80cm x H60cm<\/p>\n<\/li>\n<li dir=\"ltr\">\n<p dir=\"ltr\" role=\"presentation\">T\u00ecnh tr\u1ea1ng: M\u1edbi<\/p>\n<\/li>\n<li dir=\"ltr\">\n<p dir=\"ltr\" role=\"presentation\">B\u1ea3o h\u00e0nh: 12 th\u00e1ng<\/p>\n<\/li>\n<li dir=\"ltr\">\n<p dir=\"ltr\" role=\"presentation\">\u1ee8ng d\u1ee5ng: \u0110\u00e8n trang tr\u00ed ph\u00f2ng kh\u00e1ch, \u0111\u00e8n trang tr\u00ed s\u1ea3nh, bi\u1ec7t th\u1ef1, qu\u1ea7y bar, karaoke,\u2026<\/p>\n<\/li>\n<\/ul>\n<h2>\u0110\u00f4i n\u00e9t v\u1ec1 \u0111\u00e8n ch\u00f9m pha l\u00ea CCP-9101-8<\/h2>\n<p dir=\"ltr\">M\u1eabu \u0111\u00e8n CCP-9101-8 \u0111\u01b0\u1ee3c thi\u1ebft k\u1ebf \u0111\u1eb9p m\u1eaft, cu\u1ed1n h\u00fat v\u1edbi nh\u1eefng chi ti\u1ebft u\u1ed1n l\u01b0\u1ee3n nh\u1eb9 nh\u00e0ng. Th\u00e2n \u0111\u00e8n mang d\u00e1ng h\u00ecnh gi\u1ed1ng nh\u01b0 m\u1ed9t chi\u1ebfc b\u00ecnh hoa \u0111\u01b0\u1ee3c bao quanh b\u1edfi nh\u1eefng tay m\u00f3c xo\u1eafn v\u00e0o trong.<\/p>\n<p dir=\"ltr\">V\u1edbi \u0111\u01b0\u1eddng k\u00ednh D80cm, 8 tay \u0111\u00e8n v\u01b0\u01a1n ra \u0111\u01b0\u1ee3c \u0111\u1eb7c c\u00e1ch nhau b\u1edfi nh\u1eefng m\u1ea3nh pha l\u00ea c\u00e1ch \u0111i\u1ec7u nh\u01b0 m\u1ed9t chi\u1ebfc l\u00e1 thon d\u00e0i. Tr\u00ean m\u1ed7i tay \u0111\u00e8n l\u00e0 c\u00e1c chao \u0111\u00e8n v\u1edbi h\u00ecnh d\u00e1ng c\u1ee7a m\u1ed9t chi\u1ebfc ly th\u1eb3ng \u0111\u1ee9ng.<\/p>\n<p dir=\"ltr\">Ph\u1ea7n b\u00f3ng \u0111\u00e8n b\u00ean trong m\u1ed7i chao \u0111\u00e8n s\u1eed d\u1ee5ng c\u00f4ng ngh\u1ec7 \u0111\u00e8n led gi\u00fap gia ch\u1ee7 v\u1eeba ti\u1ebft ki\u1ec7m \u0111i\u1ec7n n\u0103ng, v\u1eeba mang t\u1edbi ngu\u1ed3n s\u00e1ng v\u1eeba ph\u1ea3i. M\u1ed7i khi \u0111\u00e8n \u0111\u01b0\u1ee3c th\u1eafp s\u00e1ng, \u00e1nh s\u00e1ng tr\u1eafng c\u1ee7a \u0111\u00e8n led b\u00ean trong k\u1ebft h\u1ee3p v\u1edbi m\u00e0u c\u1ee7a th\u1ee7y tinh pha l\u00ea b\u00ean ngo\u00e0i s\u1ebd bi\u1ebfn kh\u00f4ng gian c\u1ee7a b\u1ea1n tr\u1edf l\u00ean sang tr\u1ecdng, huy\u1ec1n \u1ea3o h\u01a1n.<\/p>\n<div><img src=\"https:\/\/casani.vn\/img\/image\/den-chum\/CCP-9101-8\/CCP-9101-8.jpg\" alt=\"\u0110\u00e8n Ch\u00f9m Pha L\u00ea CCP-9101-8\" \/><\/div>\n<h2>Ch\u1ee9c n\u0103ng c\u1ee7a \u0111\u00e8n ch\u00f9m hi\u1ec7n \u0111\u1ea1i CCP-9101-8<\/h2>\n<p dir=\"ltr\">\u0110\u00e8n ch\u00f9m CCP-9101-8 \u0111\u01b0\u1ee3c t\u00edch h\u1ee3p hai ch\u1ee9c n\u0103ng, v\u1eeba chi\u1ebfu s\u00e1ng v\u1eeba l\u00e0m v\u1eadt d\u1ee5ng trang tr\u00ed n\u1ed9i th\u1ea5t c\u00e1c kh\u00f4ng gian. \u00c1nh s\u00e1ng c\u1ee7a \u0111\u00e8n th\u00e2n thi\u1ec7n v\u1edbi ng\u01b0\u1eddi, kh\u00f4ng sinh nhi\u1ec7t n\u00ean v\u1eeba c\u00f3 l\u1ee3i cho ng\u01b0\u1eddi d\u00f9ng, v\u1eeba kh\u00f4ng l\u00e0m h\u1ea1i t\u1edbi c\u00e1c \u0111\u1ed3 n\u1ed9i th\u1ea5t xung quanh.<\/p>\n<p dir=\"ltr\">To\u00e0n b\u1ed9 \u0111\u00e8n \u0111\u01b0\u1ee3c gia c\u00f4ng t\u1eeb ch\u1ea5t li\u1ec7u th\u1ee7y tinh pha l\u00ea cao c\u1ea5p mang t\u1edbi gi\u00e1 tr\u1ecb cao trong phong th\u1ee7y, \u0111\u1ea3m b\u1ea3o gi\u00fap ch\u1ee7 nh\u00e0 \u0111\u00f3n t\u00e0i l\u1ed9c, v\u1eadn may trong cu\u1ed9c s\u1ed1ng.<\/p>\n<p dir=\"ltr\">Ch\u00ednh v\u00ec nh\u1eefng \u01b0u \u0111i\u1ec3m v\u01b0\u1ee3t tr\u1ed9i b\u00ean tr\u00ean,\u00a0<strong>m\u1eabu \u0111\u00e8n chi\u1ebfu s\u00e1ng<\/strong>\u00a0CCP-9101-8 th\u00edch h\u1ee3p s\u1eed d\u1ee5ng v\u1edbi r\u1ea5t nhi\u1ec1u kh\u00f4ng gian. B\u1ea1n c\u00f3 th\u1ec3 d\u00f9ng s\u1ea3n ph\u1ea9m \u0111\u1ec3 t\u00f4 \u0111i\u1ec3m th\u00eam v\u1ebb \u0111\u1eb9p cho ph\u00f2ng kh\u00e1ch ho\u1eb7c d\u00f9ng l\u00e0m \u0111\u00e8n trang tr\u00ed s\u1ea3nh, bi\u1ec7t th\u1ef1, qu\u1ea7y bar, karaoke.<\/p>\n<p dir=\"ltr\">Hi\u1ec7n t\u1ea1i Casani \u0111ang c\u00f3 ch\u01b0\u01a1ng tr\u00ecnh khuy\u1ebfn m\u00e3i h\u1ea5p d\u1eabn v\u1edbi gi\u00e1 \u01b0u \u0111\u00e3i l\u1edbn. Qu\u00fd kh\u00e1ch h\u00e3y nhanh ch\u00e2n t\u1edbi mau showroom c\u1ee7a Casani \u0111\u1ec3 c\u00f3 c\u01a1 h\u1ed9i s\u1edf h\u1eefu m\u1eabu \u0111\u00e8n ho\u00e0n h\u1ea3o n\u00e0y.<\/p>\n","protected":false},"excerpt":{"rendered":"<ul class=\"cc\">\n<li class=\"l\">M\u00e3 SP: CCP-9101-8<\/li>\n<li class=\"l\">B\u1ea3o h\u00e0nh: 12 Th\u00e1ng<\/li>\n<li>K\u00edch th\u01b0\u1edbc: D80cm* H60cm<\/li>\n<li>T\u00ecnh tr\u1ea1ng: C\u00f2n h\u00e0ng<\/li>\n<\/ul>\n","protected":false},"featured_media":252,"comment_status":"open","ping_status":"closed","template":"","meta":[],"_links":{"self":[{"href":"https:\/\/hosting.conasi.vn\/w\/denled12011\/wp-json\/wp\/v2\/product\/251"}],"collection":[{"href":"https:\/\/hosting.conasi.vn\/w\/denled12011\/wp-json\/wp\/v2\/product"}],"about":[{"href":"https:\/\/hosting.conasi.vn\/w\/denled12011\/wp-json\/wp\/v2\/types\/product"}],"replies":[{"embeddable":true,"href":"https:\/\/hosting.conasi.vn\/w\/denled12011\/wp-json\/wp\/v2\/comments?post=251"}],"wp:featuredmedia":[{"embeddable":true,"href":"https:\/\/hosting.conasi.vn\/w\/denled12011\/wp-json\/wp\/v2\/media\/252"}],"wp:attachment":[{"href":"https:\/\/hosting.conasi.vn\/w\/denled12011\/wp-json\/wp\/v2\/media?parent=251"}],"curies":[{"name":"wp","href":"https:\/\/api.w.org\/{rel}","templated":true}]}}