{"id":234,"date":"2019-03-18T07:10:05","date_gmt":"2019-03-18T07:10:05","guid":{"rendered":"http:\/\/congty5.khowebseotop.vn\/?post_type=product&#038;p=234"},"modified":"2019-03-18T07:10:07","modified_gmt":"2019-03-18T07:10:07","slug":"phan-mem-ke-toan-smartsoft-9sm17","status":"publish","type":"product","link":"https:\/\/hosting.conasi.vn\/w\/congty52011\/san-pham\/phan-mem-ke-toan-smartsoft-9sm17\/","title":{"rendered":"Ph\u1ea7n m\u1ec1m k\u1ebf to\u00e1n SmartSoft 9(Sm17)"},"content":{"rendered":"<p><img src=\"http:\/\/congty5.khowebseotop.vn\/wp-content\/uploads\/2019\/03\/auto-draft-234.jpg\" alt=\"\" \/><\/p>\n<p>Ch\u01b0\u01a1ng tr\u00ecnh k\u1ebf to\u00e1n \u00e1p dung cho c\u00e1c \u0111\u01a1n v\u1ecb s\u1ea3n xu\u1ea5t v\u00e0 doanh nghi\u1ec7p l\u1edbn v\u1edbi.c\u1edf s\u1edf d\u1eef li\u1ec7u SQL Server 2016 \u0111\u01b0\u1ee3c x\u00e2y d\u01b0ng tr\u00ean m\u00f4 h\u00ecnh \u1ee9ng d\u1ee5ng 3 t\u1ea7ng, 3 l\u1edbp. \u1ee8ng d\u1ee5ng \u0111\u00e1p \u1ee9ng \u0111\u01b0\u1ee3c nhu c\u1ea7u b\u1ea3o m\u1eadt v\u00e0 c\u00f3 kh\u1ea3 n\u0103ng m\u1edf r\u1ed9ng v\u00e0 b\u1ed5 sung c\u00e1c \u1ee9ng d\u1ee5ng c\u00f4ng ngh\u1ec7 ph\u1ee5c v\u1ee5 c\u00f4ng t\u00e1c qu\u1ea3n l\u00fd v\u00e0 ki\u1ec3m so\u00e1t t\u00e0i ch\u00ednh cho c\u00e1c c\u00e1n b\u1ed9 qu\u1ea3n l\u00fd c\u1ee7a Doanh nghi\u1ec7p.<\/p>\n<p>&nbsp;<\/p>\n","protected":false},"excerpt":{"rendered":"<p>Ch\u01b0\u01a1ng tr\u00ecnh k\u1ebf to\u00e1n \u00e1p dung cho c\u00e1c \u0111\u01a1n v\u1ecb s\u1ea3n xu\u1ea5t v\u00e0 doanh nghi\u1ec7p l\u1edbn v\u1edbi.c\u1edf s\u1edf d\u1eef li\u1ec7u SQL Server 2016&#8230;<\/p>\n<p>&nbsp;<\/p>\n","protected":false},"featured_media":235,"comment_status":"open","ping_status":"closed","template":"","meta":[],"_links":{"self":[{"href":"https:\/\/hosting.conasi.vn\/w\/congty52011\/wp-json\/wp\/v2\/product\/234"}],"collection":[{"href":"https:\/\/hosting.conasi.vn\/w\/congty52011\/wp-json\/wp\/v2\/product"}],"about":[{"href":"https:\/\/hosting.conasi.vn\/w\/congty52011\/wp-json\/wp\/v2\/types\/product"}],"replies":[{"embeddable":true,"href":"https:\/\/hosting.conasi.vn\/w\/congty52011\/wp-json\/wp\/v2\/comments?post=234"}],"wp:featuredmedia":[{"embeddable":true,"href":"https:\/\/hosting.conasi.vn\/w\/congty52011\/wp-json\/wp\/v2\/media\/235"}],"wp:attachment":[{"href":"https:\/\/hosting.conasi.vn\/w\/congty52011\/wp-json\/wp\/v2\/media?parent=234"}],"curies":[{"name":"wp","href":"https:\/\/api.w.org\/{rel}","templated":true}]}}