{"id":385,"date":"2019-09-18T15:52:53","date_gmt":"2019-09-18T15:52:53","guid":{"rendered":"http:\/\/dautu.muathemewordpress.net\/?page_id=385"},"modified":"2019-09-20T09:32:46","modified_gmt":"2019-09-20T09:32:46","slug":"dinh-cu-canada","status":"publish","type":"page","link":"https:\/\/hosting.conasi.vn\/w\/congty122011\/dinh-cu-canada\/","title":{"rendered":"\u0110\u1ecbnh c\u01b0 Canada"},"content":{"rendered":"\t<section class=\"section\" id=\"section_1939231767\">\n\t\t<div class=\"bg section-bg fill bg-fill  bg-loaded\" >\n\n\t\t\t\n\t\t\t\n\t\t\t\n\n\t\t<\/div>\n\n\t\t<div class=\"section-content relative\">\n\t\t\t\n  <div id=\"page-header-1914713690\" class=\"page-header-wrapper\">\n  <div class=\"page-title dark featured-title\">\n\n        <div class=\"page-title-bg\">\n      <div class=\"title-bg fill bg-fill\"\n        data-parallax-container=\".page-title\"\n        data-parallax-background\n        data-parallax=\"-\">\n      <\/div>\n      <div class=\"title-overlay fill\"><\/div>\n    <\/div>\n    \n    <div class=\"page-title-inner container align-center text-center flex-row-col medium-flex-wrap\" >\n              <div class=\"title-wrapper flex-col\">\n          <h1 class=\"entry-title mb-0\">\n            \u0110\u1ecbnh c\u01b0 Canada          <\/h1>\n        <\/div>\n                    <div class=\"title-content flex-col\">\n              <\/div>\n    <\/div>\n\n     \n<style>\n#page-header-1914713690 .page-title-inner {\n  min-height: 275px;\n}\n#page-header-1914713690 .title-bg {\n  background-image: url(https:\/\/hosting.conasi.vn\/w\/congty122011\/wp-content\/uploads\/2019\/09\/canada.jpg);\n}\n<\/style>\n  <\/div>\n    <\/div>\n  \n\t\t<\/div>\n\n\t\t\n<style>\n#section_1939231767 {\n  padding-top: 0px;\n  padding-bottom: 0px;\n}\n<\/style>\n\t<\/section>\n\t\n\t<section class=\"section section-text\" id=\"section_297895310\">\n\t\t<div class=\"bg section-bg fill bg-fill  bg-loaded\" >\n\n\t\t\t\n\t\t\t\n\t\t\t\n\n\t\t<\/div>\n\n\t\t<div class=\"section-content relative\">\n\t\t\t\n<div class=\"row\"  id=\"row-356302774\">\n\n\t<div id=\"col-722416209\" class=\"col small-12 large-12\"  >\n\t\t<div class=\"col-inner\"  >\n\t\t\t\n\t\t\t\n<p><strong>Visa\u00a0\u0111\u1ecbnh c\u01b0 Canada\u00a0<\/strong>s\u1ebd\u00a0gi\u00fap gia \u0111\u00ecnh b\u1ea1n c\u00f3 c\u01a1 h\u1ed9i s\u1ed1ng t\u1ea1i qu\u1ed1c gia \u0111\u00e1ng s\u1ed1ng tr\u00ean th\u1ebf gi\u1edbi. V\u1edbi s\u1ef1 \u1ed5n \u0111\u1ecbnh v\u1ec1 kinh t\u1ebf v\u00e0 ch\u00ednh tr\u1ecb c\u00f9ng v\u1edbi s\u1ef1 th\u00e2n thi\u1ec7n c\u1ee7a con ng\u01b0\u1eddi n\u01a1i \u0111\u00e2y, Canada n\u1eafm v\u1ecb tr\u00ed h\u00e0ng \u0111\u1ea7u v\u1ec1 ch\u1ea5t l\u01b0\u1ee3ng cu\u1ed9c s\u1ed1ng. \u0110\u00f3 c\u0169ng l\u00e0 l\u00fd do khi\u1ebfn \u0111\u1ecbnh c\u01b0 Canada \u0111ang \u0111\u01b0\u1ee3c r\u1ea5t nhi\u1ec1u ng\u01b0\u1eddi quan t\u00e2m.<\/p>\n<p><img loading=\"lazy\" class=\"aligncenter wp-image-468 size-full\" src=\"http:\/\/dautu.muathemewordpress.net\/wp-content\/uploads\/2019\/09\/dinh-cu-du-hoc-canada-23-03-2018-hinh-dai-dien-1024x682.jpg\" alt=\"\" width=\"1024\" height=\"682\" srcset=\"https:\/\/hosting.conasi.vn\/w\/congty122011\/wp-content\/uploads\/2019\/09\/dinh-cu-du-hoc-canada-23-03-2018-hinh-dai-dien-1024x682.jpg 1024w, https:\/\/hosting.conasi.vn\/w\/congty122011\/wp-content\/uploads\/2019\/09\/dinh-cu-du-hoc-canada-23-03-2018-hinh-dai-dien-1024x682-510x340.jpg 510w, https:\/\/hosting.conasi.vn\/w\/congty122011\/wp-content\/uploads\/2019\/09\/dinh-cu-du-hoc-canada-23-03-2018-hinh-dai-dien-1024x682-601x400.jpg 601w, https:\/\/hosting.conasi.vn\/w\/congty122011\/wp-content\/uploads\/2019\/09\/dinh-cu-du-hoc-canada-23-03-2018-hinh-dai-dien-1024x682-768x512.jpg 768w\" sizes=\"(max-width: 1024px) 100vw, 1024px\" \/><\/p>\n<h2><strong>L\u00e0m visa \u0111\u1ecbnh c\u01b0 Canada l\u00e0 l\u1ef1a ch\u1ecdn c\u1ee7a nhi\u1ec1u gia \u0111\u00ecnh.<\/strong><\/h2>\n<p>+ H\u00e0ng n\u0103m, Li\u00ean H\u1ee3p Qu\u1ed1c lu\u00f4n x\u1ebfp Canada l\u00e0 m\u1ed9t trong nh\u1eefng qu\u1ed1c gia \u0111\u00e1ng s\u1ed1ng nh\u1ea5t tr\u00ean th\u1ebf gi\u1edbi.<\/p>\n<p>+ Canada l\u00e0 m\u1ed9t qu\u1ed1c gia gi\u00e0u c\u00f3 tr\u00ean th\u1ebf gi\u1edbi v\u00e0 ng\u00e0y c\u00e0ng ph\u00e1t tri\u1ec3n m\u1ea1nh m\u1ebd h\u01a1n.\u00a0V\u1edbi ch\u1ea5t l\u01b0\u1ee3ng cu\u1ed9c s\u1ed1ng \u1edf m\u1ee9c cao nh\u1ea5t th\u00ec n\u01a1i \u0111\u00e2y c\u00e0ng tr\u1edf n\u00ean thu h\u00fat.<\/p>\n<p>+ M\u00f4i tr\u01b0\u1eddng \u1edf Canada r\u1ea5t trong l\u00e0nh, cu\u1ed9c s\u1ed1ng c\u1ee7a ng\u01b0\u1eddi d\u00e2n c\u0169ng r\u1ea5t y\u00ean b\u00ecnh v\u00e0 an to\u00e0n..<\/p>\n<p>+ H\u00e0ng n\u0103m c\u00f3 h\u00e0ng tr\u0103m ng\u00e0n c\u00f4ng \u0103n vi\u1ec7c l\u00e0m \u0111\u01b0\u1ee3c t\u1ea1o ra cho ng\u01b0\u1eddi d\u00e2n. M\u1ee9c thu nh\u1eadp trung b\u00ecnh h\u00e0ng n\u0103m c\u1ee7a ng\u01b0\u1eddi d\u00e2n Canada kho\u1ea3ng $50,000.<\/p>\n<p>+ Ch\u00ednh ph\u1ee7 Canada coi gi\u00e1o d\u1ee5c l\u00e0 \u01b0u ti\u00ean ph\u00e1t tri\u1ec3n h\u00e0ng \u0111\u1ea7u. Canada c\u00f3 h\u1ec7 th\u1ed1ng gi\u00e1o d\u1ee5c \u0111\u1ea1t chu\u1ea9n qu\u1ed1c t\u1ebf v\u00e0 ho\u00e0n to\u00e0n mi\u1ec5n ph\u00ed.<\/p>\n<p>+ Ng\u01b0\u1eddi d\u00e2n Canada \u0111\u01b0\u1ee3c ch\u00ednh ph\u1ee7 h\u1ed7 tr\u1ee3 v\u1ec1 c\u00e1c ch\u01b0\u01a1ng tr\u00ecnh tr\u1ee3 c\u1ea5p x\u00e3 h\u1ed9i, h\u1ed7 tr\u1ee3 nh\u00e0 \u1edf, mi\u1ec5n ph\u00ed d\u1ecbch v\u1ee5 y t\u1ebf, v\u00e0 c\u00e1c d\u1ecbch v\u1ee5 an sinh x\u00e3 h\u1ed9i kh\u00e1c \u0111\u01b0\u1ee3c h\u1ed7 tr\u1ee3 t\u1ed1i \u0111a.<\/p>\n<p>Ch\u00ednh v\u00ec nh\u1eefng l\u00fd do tr\u00ean m\u00e0 Canada lu\u00f4n \u0111\u01b0\u1ee3c coi l\u00e0 \u01b0u ti\u00ean c\u1ee7a c\u00e1c nh\u00e0 \u0111\u1ea7u t\u01b0 \u0111ang c\u00f3 \u00fd \u0111\u1ecbnh \u0111\u1ecbnh c\u01b0 Canada. N\u1ebfu \u0111ang c\u00f3 \u00fd \u0111\u1ecbnh \u0111\u1ecbnh c\u01b0 n\u01b0\u1edbc ngo\u00e0i\u00a0th\u00ec Canada th\u1ef1c s\u1ef1 l\u00e0 m\u1ed9t \u0111i\u1ec3m \u0111\u1ebfn h\u00e0ng \u0111\u1ea7u.<\/p>\n<p>Hi\u1ec7n t\u1ea1i \u0111ang c\u00f3 nh\u1eefng ch\u01b0\u01a1ng tr\u00ecnh n\u00e0o \u0111\u1ec3 h\u1ed7 tr\u1ee3\u00a0<strong>visa \u0111\u1ecbnh c\u01b0 Canada<\/strong>?<\/p>\n<h3><strong>1. \u0110\u1ea7u ti\u00ean \u0111\u00f3 l\u00e0 ch\u01b0\u01a1ng tr\u00ecnh \u0111\u1ea7u t\u01b0 \u0111\u1ecbnh c\u01b0 Quebec \u2013 Canada<em>.<\/em><\/strong><\/h3>\n<p><em>\u0110i\u1ec1u ki\u1ec7n tham gia ch\u01b0\u01a1ng tr\u00ecnh:<\/em><\/p>\n<p>+ Ch\u1ee9ng minh t\u1ed5ng t\u00e0i s\u1ea3n \u0111\u1ea1t 1,600,00 CAD.<\/p>\n<p>+ Ch\u1ee9ng minh c\u00f3 3 n\u0103m kinh nghi\u1ec7m qu\u1ea3n l\u00fd.<\/p>\n<p>+ Sau khi ph\u1ecfng v\u1ea5n \u0111\u01b0\u1ee3c ch\u1ea5p thu\u1eadn, nh\u00e0 \u0111\u1ea7u t\u01b0 cho ch\u00ednh ph\u1ee7 vay 800,000 CAD ho\u00e0n l\u1ea1i sau 5 n\u0103m ho\u1eb7c 220,000 CAD kh\u00f4ng ho\u00e0n l\u1ea1i.<\/p>\n<p>+ C\u1ea3 gia \u0111\u00ecnh bao g\u1ed3m v\u1ee3 ch\u1ed3ng v\u00e0 c\u00e1c con d\u01b0\u1edbi 22 tu\u1ed5i s\u1ebd nh\u1eadn \u0111\u01b0\u1ee3c Th\u1ebb Th\u01b0\u1eddng Tr\u00fa Nh\u00e2n Canada v\u1edbi quy\u1ec1n l\u1ee3i y t\u1ebf v\u00e0 gi\u00e1o d\u1ee5c ho\u00e0n to\u00e0n mi\u1ec5n ph\u00ed.<\/p>\n<p><img loading=\"lazy\" class=\"aligncenter wp-image-469 size-full\" src=\"http:\/\/dautu.muathemewordpress.net\/wp-content\/uploads\/2019\/09\/quebec.png\" alt=\"\" width=\"962\" height=\"600\" srcset=\"https:\/\/hosting.conasi.vn\/w\/congty122011\/wp-content\/uploads\/2019\/09\/quebec.png 962w, https:\/\/hosting.conasi.vn\/w\/congty122011\/wp-content\/uploads\/2019\/09\/quebec-510x318.png 510w, https:\/\/hosting.conasi.vn\/w\/congty122011\/wp-content\/uploads\/2019\/09\/quebec-641x400.png 641w, https:\/\/hosting.conasi.vn\/w\/congty122011\/wp-content\/uploads\/2019\/09\/quebec-768x479.png 768w\" sizes=\"(max-width: 962px) 100vw, 962px\" \/><\/p>\n<h3><strong>2. Ch\u01b0\u01a1ng tr\u00ecnh \u0111\u1ea7u t\u01b0 \u0111\u1ecbnh c\u01b0 t\u1ea1i t\u1ec9nh bang New Brunswick<\/strong><\/h3>\n<p><em>\u0110i\u1ec1u ki\u1ec7n \u0111\u1ec3 tham gia ch\u01b0\u01a1ng tr\u00ecnh:<\/em><\/p>\n<p>\u2013 T\u00e0i s\u1ea3n r\u00f2ng h\u1ee3p ph\u00e1p t\u1ed1i thi\u1ec3u: 600,000 CAD<\/p>\n<p>\u2013 Ng\u01b0\u1eddi \u0111\u01b0\u01a1ng \u0111\u01a1n ch\u00ednh: 25 \u2013 55 tu\u1ed5i<\/p>\n<p>\u2013 Tr\u00ecnh \u0111\u1ed9 h\u1ecdc v\u1ea5n: t\u1ed1i thi\u1ec3u 2 n\u0103m sau c\u1ea5p 3 ( t\u01b0\u01a1ng \u0111\u01b0\u01a1ng v\u1edbi trung c\u1ea5p)<\/p>\n<p>\u2013 Ngo\u1ea1i ng\u1eef: IELTS m\u1ed7i k\u1ef9 n\u0103ng kh\u00f4ng d\u01b0\u1edbi 4.5<\/p>\n<p>\u2013 C\u00f3 kinh nghi\u1ec7m l\u00e0m ch\u1ee7 doanh nghi\u1ec7p \u00edt nh\u1ea5t 3 n\u0103m trong v\u00f2ng 5 n\u0103m g\u1ea7n nh\u1ea5t ho\u1eb7c c\u00f3 5 n\u0103m kinh nghi\u1ec7m qu\u1ea3n l\u00fd \u1edf v\u1ecb tr\u00ed c\u1ea5p cao trong v\u00f2ng 5 n\u0103m qua<\/p>\n<p>\u2013 Ng\u01b0\u1eddi \u0111\u01b0\u01a1ng \u0111\u01a1n ph\u1ea3i \u0111\u1ea1t t\u1ed1i thi\u1ec3u thang \u0111i\u1ec3m 65\/100 \u0111i\u1ec3m<\/p>\n<p>\u2013 C\u00f3 \u00fd \u0111\u1ecbnh s\u1ed1ng v\u00e0 m\u1edf doanh nghi\u1ec7p t\u1ea1i New Brunswick .<\/p>\n<p>\u2013 Nh\u00e0 \u0111\u1ea7u t\u01b0 (N\u0110T) m\u1edf doanh nghi\u1ec7p t\u1ed1i thi\u1ec3u 250,000 CAD \u0111\u00fang v\u1edbi c\u00e1c \u0111i\u1ec1u kho\u1ea3ng c\u1ee7a t\u1ec9nh bang.<\/p>\n<p>\u2013 K\u00fd qu\u1ef9 100,000 CAD cho t\u1ec9nh bang New Brunswick.<\/p>\n<p><img loading=\"lazy\" class=\"alignnone wp-image-470 size-full\" src=\"http:\/\/dautu.muathemewordpress.net\/wp-content\/uploads\/2019\/09\/UNBFredericton.jpg\" alt=\"\" width=\"1280\" height=\"768\" srcset=\"https:\/\/hosting.conasi.vn\/w\/congty122011\/wp-content\/uploads\/2019\/09\/UNBFredericton.jpg 1280w, https:\/\/hosting.conasi.vn\/w\/congty122011\/wp-content\/uploads\/2019\/09\/UNBFredericton-510x306.jpg 510w, https:\/\/hosting.conasi.vn\/w\/congty122011\/wp-content\/uploads\/2019\/09\/UNBFredericton-667x400.jpg 667w, https:\/\/hosting.conasi.vn\/w\/congty122011\/wp-content\/uploads\/2019\/09\/UNBFredericton-768x461.jpg 768w\" sizes=\"(max-width: 1280px) 100vw, 1280px\" \/><\/p>\n<h3><strong>V\u00e0 cu\u1ed1i c\u00f9ng l\u00e0 \u0111\u1ecbnh c\u01b0 PEI \u201c\u0110\u1ecbnh c\u01b0 Canada nhanh ch\u00f3ng v\u1edbi Prince Edward Island\u201d<\/strong><\/h3>\n<p><em>\u0110i\u1ec1u ki\u1ec7n tham gia bao g\u1ed3m:<\/em><\/p>\n<p>+ Ch\u1ee9ng minh t\u1ed5ng t\u00e0i s\u1ea3n 600,000 CAD<\/p>\n<p>+ C\u00f3 2 n\u0103m kinh nghi\u1ec7m qu\u1ea3n l\u00fd trong 5 n\u0103m g\u1ea7n nh\u1ea5t.<\/p>\n<p>+ \u0110\u1ea1t \u0111\u01b0\u1ee3c 50 \u0111i\u1ec3m tr\u00ean thang \u0111i\u1ec3m di tr\u00fa.<\/p>\n<p>+ C\u00f3 kh\u1ea3 n\u0103ng ti\u1ebfng Anh t\u01b0\u01a1ng \u0111\u01b0\u01a1ng IELTS 4.0<\/p>\n<p>+ Khi \u0111\u01b0\u1ee3c ch\u1ea5p thu\u1eadn, k\u00fd qu\u1ef9 200,000 CAD cho ch\u00ednh ph\u1ee7 v\u00e0 \u0111\u01b0\u1ee3c ho\u00e0n tr\u1ea3 l\u1ea1i n\u1ebfu m\u1edf doanh nghi\u1ec7p<\/p>\n<p>+ Sau khi \u0111\u1ebfn Canada, m\u1edf doanh nghi\u1ec7p, \u0111\u1ea7u t\u01b0 mua l\u1ea1i doanh nghi\u1ec7p ho\u1eb7c th\u00e0nh l\u1eadp doanh nghi\u1ec7p tr\u1ecb gi\u00e1 150,000 CAD. N\u1ebfu kh\u00f4ng m\u1edf doanh nghi\u1ec7p, s\u1ed1 ti\u1ec1n k\u00fd qu\u1ef9 200,000 CAD s\u1ebd \u0111\u01b0\u1ee3c b\u1ed5 sung v\u00e0o c\u00f4ng qu\u1ef9 c\u1ee7a t\u1ec9nh bang PEI.<\/p>\n<p><img loading=\"lazy\" class=\"aligncenter wp-image-471 size-full\" src=\"http:\/\/dautu.muathemewordpress.net\/wp-content\/uploads\/2019\/09\/Dieu-kien-dau-tu-Canada-vao-Prince-Edward-Island-de-duoc-hoan-von1.jpg\" alt=\"\" width=\"1000\" height=\"667\" srcset=\"https:\/\/hosting.conasi.vn\/w\/congty122011\/wp-content\/uploads\/2019\/09\/Dieu-kien-dau-tu-Canada-vao-Prince-Edward-Island-de-duoc-hoan-von1.jpg 1000w, https:\/\/hosting.conasi.vn\/w\/congty122011\/wp-content\/uploads\/2019\/09\/Dieu-kien-dau-tu-Canada-vao-Prince-Edward-Island-de-duoc-hoan-von1-510x340.jpg 510w, https:\/\/hosting.conasi.vn\/w\/congty122011\/wp-content\/uploads\/2019\/09\/Dieu-kien-dau-tu-Canada-vao-Prince-Edward-Island-de-duoc-hoan-von1-600x400.jpg 600w, https:\/\/hosting.conasi.vn\/w\/congty122011\/wp-content\/uploads\/2019\/09\/Dieu-kien-dau-tu-Canada-vao-Prince-Edward-Island-de-duoc-hoan-von1-768x512.jpg 768w\" sizes=\"(max-width: 1000px) 100vw, 1000px\" \/><\/p>\n<h3><strong>Quan \u0111i\u1ec3m c\u1ee7a t\u00e1c gi\u1ea3 v\u1ec1 visa \u0111\u1ecbnh c\u01b0 Canada.<\/strong><\/h3>\n<p>Trong t\u1ea5t c\u1ea3 c\u00e1c ch\u01b0\u01a1ng tr\u00ecnh xin visa \u0111\u1ecbnh c\u01b0 Canada, th\u00ec ch\u01b0\u01a1ng tr\u00ecnh \u0111\u1ea7u t\u01b0 Quebec l\u00e0 n\u1ed5i tr\u1ed9i h\u01a1n c\u1ea3. V\u00ec ch\u01b0\u01a1ng tr\u00ecnh\u00a0<em>\u0111\u1ea7u t\u01b0 \u0111\u1ecbnh c\u01b0 Quebec<\/em>\u00a0\u2013 Canada c\u00f3 nh\u1eefng \u0111i\u1ec3m m\u1ea1nh sau:<\/p>\n<p>Hi\u1ec7n nay ch\u01b0\u01a1ng tr\u00ecnh n\u00e0y \u0111\u01b0\u1ee3c \u0111\u00e1nh gi\u00e1 l\u00e0 nhanh nh\u1ea5t \u0111\u1ec3 c\u00f3 th\u1ebb PR Canada.<\/p>\n<p>T\u00ednh th\u00e0nh c\u00f4ng \u0111\u01b0\u1ee3c \u0111\u1ea3m b\u1ea3o ch\u1eafc ch\u1eafn v\u00ec \u0111\u01b0\u1ee3c \u01b0u ti\u00ean th\u1ee5 l\u00fd.<\/p>\n<p>\u0110\u1eb7c bi\u1ec7t ch\u01b0\u01a1ng tr\u00ecnh Quebec kh\u00f4ng b\u1ecb r\u00e0ng bu\u1ed9c nh\u00e0 \u0111\u1ea7u t\u01b0 v\u00e0 c\u00f3 th\u1ec3 s\u1ed1ng b\u1ea5t c\u1ee9 \u0111\u00e2u t\u1ea1i Canada.<\/p>\n<p>C\u1ea3 gia \u0111\u00ecnh bao g\u1ed3m v\u1ee3 ch\u1ed3ng v\u00e0 c\u00e1c con d\u01b0\u1edbi 22 tu\u1ed5i s\u1ebd nh\u1eadn \u0111\u01b0\u1ee3c Th\u1ebb Th\u01b0\u1eddng Tr\u00fa Nh\u00e2n. Khi \u0111\u00f3, c\u1ea3 gia \u0111\u00ecnh s\u1ebd c\u00f3 m\u1ecdi quy\u1ec1n l\u1ee3i v\u1ec1 y t\u1ebf v\u00e0 gi\u00e1o d\u1ee5c ho\u00e0n to\u00e0n mi\u1ec5n ph\u00ed.<\/p>\n<p>Qu\u00fd kh\u00e1ch c\u00f3 nhu c\u1ea7u \u0111\u1ea7u t\u01b0 \u0111\u1ecbnh c\u01b0 Canada, li\u00ean h\u1ec7 C\u00f4ng ty NVS \u2013 \u0110\u1ea7u t\u01b0 Qu\u1ed1c t\u1ebf.<\/p>\n<p>\u00a0<\/p>\n<p>\u00a0<\/p>\n<p>\u00a0<\/p>\n\t\t<\/div>\n\t\t\t<\/div>\n\n\t\n<\/div>\n\t\t<\/div>\n\n\t\t\n<style>\n#section_297895310 {\n  padding-top: 27px;\n  padding-bottom: 27px;\n}\n<\/style>\n\t<\/section>\n\t\n","protected":false},"excerpt":{"rendered":"","protected":false},"author":1,"featured_media":0,"parent":0,"menu_order":0,"comment_status":"closed","ping_status":"closed","template":"page-blank.php","meta":[],"_links":{"self":[{"href":"https:\/\/hosting.conasi.vn\/w\/congty122011\/wp-json\/wp\/v2\/pages\/385"}],"collection":[{"href":"https:\/\/hosting.conasi.vn\/w\/congty122011\/wp-json\/wp\/v2\/pages"}],"about":[{"href":"https:\/\/hosting.conasi.vn\/w\/congty122011\/wp-json\/wp\/v2\/types\/page"}],"author":[{"embeddable":true,"href":"https:\/\/hosting.conasi.vn\/w\/congty122011\/wp-json\/wp\/v2\/users\/1"}],"replies":[{"embeddable":true,"href":"https:\/\/hosting.conasi.vn\/w\/congty122011\/wp-json\/wp\/v2\/comments?post=385"}],"version-history":[{"count":6,"href":"https:\/\/hosting.conasi.vn\/w\/congty122011\/wp-json\/wp\/v2\/pages\/385\/revisions"}],"predecessor-version":[{"id":475,"href":"https:\/\/hosting.conasi.vn\/w\/congty122011\/wp-json\/wp\/v2\/pages\/385\/revisions\/475"}],"wp:attachment":[{"href":"https:\/\/hosting.conasi.vn\/w\/congty122011\/wp-json\/wp\/v2\/media?parent=385"}],"curies":[{"name":"wp","href":"https:\/\/api.w.org\/{rel}","templated":true}]}}