{"id":377,"date":"2019-09-18T15:49:21","date_gmt":"2019-09-18T15:49:21","guid":{"rendered":"http:\/\/dautu.muathemewordpress.net\/?page_id=377"},"modified":"2019-09-20T09:33:13","modified_gmt":"2019-09-20T09:33:13","slug":"dinh-cu-my","status":"publish","type":"page","link":"https:\/\/hosting.conasi.vn\/w\/congty122011\/dinh-cu-my\/","title":{"rendered":"\u0110\u1ecbnh c\u01b0 M\u1ef9"},"content":{"rendered":"\t<section class=\"section\" id=\"section_1312822702\">\n\t\t<div class=\"bg section-bg fill bg-fill  bg-loaded\" >\n\n\t\t\t\n\t\t\t\n\t\t\t\n\n\t\t<\/div>\n\n\t\t<div class=\"section-content relative\">\n\t\t\t\n  <div id=\"page-header-97108813\" class=\"page-header-wrapper\">\n  <div class=\"page-title dark featured-title\">\n\n        <div class=\"page-title-bg\">\n      <div class=\"title-bg fill bg-fill\"\n        data-parallax-container=\".page-title\"\n        data-parallax-background\n        data-parallax=\"-\">\n      <\/div>\n      <div class=\"title-overlay fill\"><\/div>\n    <\/div>\n    \n    <div class=\"page-title-inner container align-center text-center flex-row-col medium-flex-wrap\" >\n              <div class=\"title-wrapper is-large flex-col\">\n          <h1 class=\"entry-title mb-0\">\n            \u0110\u1ecbnh c\u01b0 M\u1ef9          <\/h1>\n        <\/div>\n                    <div class=\"title-content flex-col\">\n              <\/div>\n    <\/div>\n\n     \n<style>\n#page-header-97108813 .page-title-inner {\n  min-height: 275px;\n}\n#page-header-97108813 .title-bg {\n  background-image: url(https:\/\/hosting.conasi.vn\/w\/congty122011\/wp-content\/uploads\/2019\/09\/us.jpg);\n}\n<\/style>\n  <\/div>\n    <\/div>\n  \n\t\t<\/div>\n\n\t\t\n<style>\n#section_1312822702 {\n  padding-top: 0px;\n  padding-bottom: 0px;\n}\n<\/style>\n\t<\/section>\n\t\n\t<section class=\"section section-text\" id=\"section_138276855\">\n\t\t<div class=\"bg section-bg fill bg-fill  bg-loaded\" >\n\n\t\t\t\n\t\t\t\n\t\t\t\n\n\t\t<\/div>\n\n\t\t<div class=\"section-content relative\">\n\t\t\t\n<div class=\"row\"  id=\"row-1673010315\">\n\n\t<div id=\"col-1313735125\" class=\"col small-12 large-12\"  >\n\t\t<div class=\"col-inner\"  >\n\t\t\t\n\t\t\t\n<p><strong><em>Trong nh\u1eefng n\u0103m g\u1ea7n \u0111\u00e2y, t\u1ed5ng th\u1ed1ng Donald Trump \u0111\u00e3 si\u1ebft ch\u1eb7t h\u01a1n c\u00e1c ch\u00ednh s\u00e1ch nh\u1eadp c\u01b0, vi\u1ec7c l\u00e0m th\u1ebb xanh v\u00e0 \u0111\u1ecbnh c\u01b0 M\u1ef9 kh\u00f4ng ph\u1ea3i l\u00e0 \u0111i\u1ec1u d\u1ec5 d\u00e0ng, b\u1ea1n ph\u1ea3i v\u01b0\u1ee3t qua kh\u00f4ng \u00edt nh\u1eefng \u0111\u00f2i h\u1ecfi m\u00e0 ch\u00ednh ph\u1ee7 M\u1ef9 \u0111\u1ec1 ra. Tuy nhi\u00ean kh\u00f4ng v\u00ec th\u1ebf m\u00e0 s\u1ed1 l\u01b0\u1ee3ng c\u00e1 nh\u00e2n, gia \u0111\u00ecnh mu\u1ed1n \u0111\u1ecbnh c\u01b0 M\u1ef9 c\u00f3 d\u1ea5u hi\u1ec7u s\u1ee5t gi\u1ea3m. C\u00e2u h\u1ecfi \u0111\u01b0\u1ee3c \u0111\u1eb7t ra \u1edf \u0111\u00e2y l\u00e0: \u201cL\u00e0m th\u1ebf n\u00e0o \u0111\u1ec3 \u0111\u1ecbnh c\u01b0 M\u1ef9 d\u1ec5 d\u00e0ng h\u01a1n? Nh\u1eefng di\u1ec7n \u0111\u1ecbnh c\u01b0 n\u00e0o s\u1ebd ph\u00f9 h\u1ee3p v\u1edbi b\u1ea1n v\u00e0 gia \u0111\u00ecnh b\u1ea1n?\u201d. H\u00e3y c\u00f9ng Khai Ph\u00fa t\u00ecm hi\u1ec3u nh\u1eefng di\u1ec7n \u0111\u1ecbnh c\u01b0 M\u1ef9 ph\u1ed5 bi\u1ebfn qua b\u00e0i vi\u1ebft d\u01b0\u1edbi \u0111\u00e2y nh\u00e9.<\/em><\/strong><\/p>\n<h2><span class=\"highlight thread-135768524742195120128789 attrcomment attrcommentfirst thread-135768524742195120128789-first author-d-iz88z86z86za0dz67zz78zz78zz74zz68zjz80zz71z9iz90z9pgz79z4hdz88zvz72zlwwz82zz90zz65z8wf6dwmpz71zz68zz70zpz84zla\">\u0110\u1ecaNH C\u01af M\u1ef8 THEO DI\u1ec6N \u0110O\u00c0N T\u1ee4 GIA \u0110\u00ccNH<\/span><span class=\"highlight thread-135768524742195120128789 attrcomment author-d-iz88z86z86za0dz67zz78zz78zz74zz68zjz80zz71z9iz90z9pgz79z4hdz88zvz72zlwwz82zz90zz65z8wf6dwmpz71zz68zz70zpz84zla\">\u00a0<\/span><\/h2>\n<div>\n<p>\u0110o\u00e0n t\u1ee5 gia \u0111\u00ecnh l\u00e0 m\u1ed9t trong nh\u1eefng m\u1ee5c ti\u00eau ch\u00ednh c\u1ee7a h\u1ec7 th\u1ed1ng nh\u1eadp c\u01b0 M\u1ef9. B\u1ea3ng t\u1ed5ng h\u1ee3p d\u01b0\u1edbi \u0111\u00e2y ch\u1ec9 ra c\u00e1c lo\u1ea1i visa nh\u1eadp c\u01b0 hi\u1ec7n \u00e1p d\u1ee5ng cho nhi\u1ec1u tr\u01b0\u1eddng h\u1ee3p \u0111\u1ee7 \u0111i\u1ec1u ki\u1ec7n, th\u00f4ng qua di\u1ec7n b\u1ea3o l\u00e3nh gia \u0111\u00ecnh:<\/p>\n<\/div>\n<table border=\"1\" cellspacing=\"20\" cellpadding=\"20\">\n<tbody>\n<tr>\n<td><strong>Lo\u1ea1i Visa<\/strong><\/td>\n<td><strong>\u0110\u1ed1i t\u01b0\u1ee3ng b\u1ea3o l\u00e3nh<\/strong><\/td>\n<td><strong>\u0110\u1ed1i t\u01b0\u1ee3ng \u0111\u01b0\u1ee3c b\u1ea3o l\u00e3nh<\/strong><\/td>\n<\/tr>\n<tr>\n<td><strong>IR<\/strong><\/td>\n<td>Cha m\u1eb9 c\u00f3 qu\u1ed1c t\u1ecbch M\u1ef9\/con tr\u00ean 21 tu\u1ed5i l\u00e0 c\u00f4ng d\u00e2n M\u1ef9\/v\u1ee3 ho\u1eb7c ch\u1ed3ng l\u00e0 c\u00f4ng d\u00e2n M\u1ef9<\/td>\n<td>Con d\u01b0\u1edbi 21 tu\u1ed5i ch\u01b0a k\u1ebft h\u00f4n\/cha m\u1eb9 c\u1ee7a c\u00f4ng d\u00e2n M\u1ef9\/v\u1ee3 ho\u1eb7c ch\u1ed3ng c\u1ee7a c\u00f4ng d\u00e2n M\u1ef9<\/td>\n<\/tr>\n<tr>\n<td><strong>FB-2A<\/strong><\/td>\n<td>Cha m\u1eb9 l\u00e0 th\u01b0\u1eddng tr\u00fa nh\u00e2n h\u1ee3p ph\u00e1p\/ cha m\u1eb9 c\u00f3 qu\u1ed1c t\u1ecbch M\u1ef9<\/td>\n<td>Con c\u00e1i tr\u00ean 21 tu\u1ed5i ch\u01b0a k\u1ebft h\u00f4n<\/td>\n<\/tr>\n<tr>\n<td><strong>FB-2B<\/strong><\/td>\n<td>Cha m\u1eb9 l\u00e0 th\u01b0\u1eddng tr\u00fa nh\u00e2n h\u1ee3p ph\u00e1p<\/td>\n<td>Con tr\u00ean 21 tu\u1ed5i ch\u01b0a k\u1ebft h\u00f4n<\/td>\n<\/tr>\n<tr>\n<td><strong>FB3<\/strong><\/td>\n<td>Cha m\u1eb9 l\u00e0 c\u00f4ng d\u00e2n M\u1ef9 h\u1ee3p ph\u00e1p<\/td>\n<td>Con tr\u00ean 21 tu\u1ed5i ch\u01b0a k\u1ebft h\u00f4n<\/td>\n<\/tr>\n<tr>\n<td><strong>FB4<\/strong><\/td>\n<td>Anh ch\u1ecb em tr\u00ean 21 tu\u1ed5i l\u00e0 c\u00f4ng d\u00e2n M\u1ef9<\/td>\n<td>Anh ch\u1ecb em c\u1ee7a ng\u01b0\u1eddi b\u1ea3o l\u00e3nh<\/td>\n<\/tr>\n<\/tbody>\n<\/table>\n<p>Tr\u1eeb lo\u1ea1i\u00a0<strong>Visa IRm<\/strong>\u00a0c\u00e1c lo\u1ea1i visa c\u00f2n l\u1ea1i: c\u00f3 v\u1ee3 ch\u1ed3ng\/con c\u00e1i d\u01b0\u1edbi 21 tu\u1ed5i c\u00f3 th\u1ec3 \u0111i k\u00e8m v\u1edbi ng\u01b0\u1eddi \u0111\u1ee9ng \u0111\u01a1n khi \u0111\u1ec7 tr\u00ecnh xin visa \u0111\u01b0\u1ee3c ph\u00ea duy\u1ec7t.<\/p>\n<div id=\"attachment_7411\" class=\"wp-caption aligncenter\"><img loading=\"lazy\" class=\"wp-image-7411 size-full\" src=\"http:\/\/dautu.muathemewordpress.net\/wp-content\/uploads\/2019\/09\/dinh-cu-my-377.jpg\" alt=\"\" width=\"800\" height=\"500\" aria-describedby=\"caption-attachment-7411\" \/><\/p>\n<p id=\"caption-attachment-7411\" class=\"wp-caption-text\">Nhi\u1ec1u lo\u1ea1i visa \u0111o\u00e0n t\u1ee5 gia \u0111\u00ecnh c\u00f3 th\u1ec3 ph\u1ea3i n\u1eb1m trong danh s\u00e1ch d\u00e0i ch\u1edd \u0111\u1ee3i<\/p>\n<\/div>\n<div><\/div>\n<div>\n<p>V\u00ec l\u00fd do n\u00e0y, ng\u01b0\u1eddi nh\u1eadp c\u01b0 \u0111\u1ee7 \u0111i\u1ec1u ki\u1ec7n theo di\u1ec7n b\u1ea3o l\u00e3nh gia \u0111\u00ecnh c\u00f3 th\u1ec3 mu\u1ed1n c\u00e2n nh\u1eafc t\u1edbi c\u00e1c lo\u1ea1i visa kh\u00e1c nh\u01b0 visa l\u00e0m vi\u1ec7c,\u00a0visa \u0111\u1ea7u t\u01b0 EB-5\u2026 nh\u1eefng lo\u1ea1i visa cho ph\u00e9p h\u1ecd nh\u1eadp c\u01b0 v\u00e0o M\u1ef9 s\u1edbm h\u01a1n.<\/p>\n<\/div>\n<div>\n<div>\n<h2><span class=\"thread-619972073089302997859463 attrcomment attrcommentfirst thread-619972073089302997859463-first author-d-iz88z86z86za0dz67zz78zz78zz74zz68zjz80zz71z9iz90z9pgz79z4hdz88zvz72zlwwz82zz90zz65z8wf6dwmpz71zz68zz70zpz84zla\"><b>\u0110\u1ecaNH C\u01af M\u1ef8 THEO DI\u1ec6N LAO \u0110\u1ed8NG<\/b><\/span><\/h2>\n<\/div>\n<div>\n<p><strong><em>\u0110\u1ec3 \u0111\u01b0\u1ee3c c\u1ea5p visa nhanh ch\u00f3ng m\u00e0 kh\u00f4ng c\u1ea7n m\u1ea5t nhi\u1ec1u th\u1eddi gian, th\u1ee7 t\u1ee5c c\u0169ng nh\u01b0 \u0111\u00f2i h\u1ecfi nhi\u1ec1u y\u00eau c\u1ea7u kh\u00e1c th\u00ec \u0111\u01b0\u01a1ng \u0111\u01a1n n\u00ean ch\u1ecdn con \u0111\u01b0\u1eddng \u0111\u1ecbnh c\u01b0 M\u1ef9 theo di\u1ec7n l\u00e0m vi\u1ec7c. V\u1eady c\u00f3 nh\u1eefng di\u1ec7n visa \u0111\u1ecbnh c\u01b0 lao \u0111\u1ed9ng t\u1ea1i M\u1ef9 n\u00e0o?<\/em><\/strong><\/p>\n<blockquote>\n<p><strong>Visa EB-1 \u2013 \u0110\u1ecbnh c\u01b0 M\u1ef9 theo di\u1ec7n tay ngh\u1ec1 lao \u0111\u1ed9ng \u01b0u ti\u00ean<\/strong><\/p>\n<\/blockquote>\n<\/div>\n<\/div>\n<div>\n<p><strong>Visa EB-1<\/strong>\u00a0l\u00e0 lo\u1ea1i visa \u0111\u1ecbnh c\u01b0 M\u1ef9 theo di\u1ec7n tay ngh\u1ec1 lao \u0111\u1ed9ng \u01b0u ti\u00ean kh\u00f4ng c\u1ea7n gi\u1ea5y ch\u1ee9ng nh\u1eadn lao \u0111\u1ed9ng (Labor certification). C\u00f3 3 lo\u1ea1i\u00a0<strong>visa EB-1<\/strong>\u00a0d\u00e0nh cho 3 nh\u00f3m \u0111\u1ed1i t\u01b0\u1ee3ng sau<\/p>\n<ul>\n<li><em><strong>Visa EB-1A<\/strong><\/em>: Ng\u01b0\u1eddi c\u00f3 k\u1ef9 n\u0103ng \u0111\u1eb7c bi\u1ec7t trong khoa h\u1ecdc, ngh\u1ec7 thu\u1eadt, gi\u00e1o d\u1ee5c, th\u01b0\u01a1ng m\u1ea1i ho\u1eb7c th\u1ec3 thao. Ph\u1ea3i c\u00f3 gi\u1ea5y t\u1edd ch\u1ee9ng minh t\u00e0i n\u0103ng\/ th\u00e0nh t\u1ef1u b\u1edfi nh\u00e0 n\u01b0\u1edbc s\u1edf t\u1ea1i ho\u1eb7c qu\u1ed1c t\u1ebf.<\/li>\n<li><em><strong>Visa EB-1B<\/strong><\/em>: gi\u00e1o s\u01b0 v\u00e0 nh\u00e0 nghi\u00ean c\u1ee9u n\u1ed5i b\u1eadt v\u1edbi \u00edt nh\u1ea5t 3 n\u0103m kinh nghi\u1ec7m trong gi\u1ea3ng d\u1ea1y ho\u1eb7c nghi\u00ean c\u1ee9u v\u00e0 \u0111\u01b0\u1ee3c c\u00f4ng nh\u1eadn qu\u1ed1c t\u1ebf<\/li>\n<li><em><strong>Visa EB-1C<\/strong><\/em>: Qu\u1ea3n l\u00fd ho\u1eb7c gi\u00e1m \u0111\u1ed1c \u0111i\u1ec1u h\u00e0nh \u0110a qu\u1ed1c gia \u0111a l\u00e0m vi\u1ec7c \u00edt nh\u1ea5t 3 n\u0103m tr\u01b0\u1edbc \u0111\u00f3 b\u1edfi c\u00e1c li\u00ean k\u1ebft \u1edf n\u01b0\u1edbc ngo\u00e0i, c\u00f4ng ty m\u1eb9, c\u00f4ng ty con, ho\u1eb7c chi nh\u00e1nh c\u1ee7a ng\u01b0\u1eddi s\u1eed d\u1ee5ng lao \u0111\u1ed9ng M\u1ef9<\/li>\n<\/ul>\n<p>Visa di\u1ec7n vi\u1ec7c l\u00e0m \u01b0u ti\u00ean\u00a0<strong>EB-1<\/strong>\u00a0chi\u1ebfm 28.6% trong t\u1ea5t c\u1ea3 c\u00e1c lo\u1ea1i visa vi\u1ec7c l\u00e0m h\u1eb1ng n\u0103m, v\u00ec v\u1eady \u00edt khi n\u00e0o v\u01b0\u1ee3t qua s\u1ed1 l\u01b0\u1ee3ng ph\u00e2n b\u1ed5 v\u00e0 \u00edt khi b\u1ecb \u1ee9 \u0111\u1ecdng.<\/p>\n<blockquote>\n<p><strong>Visa EB-2 \u2013 \u0110\u1ecbnh c\u01b0 M\u1ef9 theo di\u1ec7n tay ngh\u1ec1 chuy\u00ean gia c\u00f3 b\u1eb1ng c\u1ea5p n\u00e2ng cao<\/strong><\/p>\n<\/blockquote>\n<p><em><strong>\u0110\u00e2y l\u00e0 visa \u0111\u1ecbnh c\u01b0 M\u1ef9 theo di\u1ec7n tay ngh\u1ec1 chuy\u00ean gia c\u00f3 b\u1eb1ng c\u1ea5p n\u00e2ng cao ph\u1ea3i c\u00f3 gi\u1ea5y ch\u1ee9ng nh\u1eadn lao \u0111\u1ed9ng ch\u1ea5p thu\u1eadn b\u1edfi B\u1ed9 Lao \u0110\u1ed9ng M\u1ef9.<\/strong><\/em><\/p>\n<p>\u0110\u1ed1i t\u01b0\u1ee3ng c\u1ee7a\u00a0<strong>visa EB-2<\/strong>\u00a0bao g\u1ed3m:<\/p>\n<ul>\n<li>Nh\u1eefng chuy\u00ean gia c\u00f3 tr\u00ecnh \u0111\u1ed9 cao \u0111\u01b0\u1ee3c m\u1eddi l\u00e0m vi\u1ec7c t\u1ea1i M\u1ef9<\/li>\n<li>Nh\u1eefng lao \u0111\u1ed9ng c\u00f3 kh\u1ea3 n\u0103ng \u0111\u1eb7c bi\u1ec7t \u0111\u01b0\u1ee3c \u0111\u1ec1 ngh\u1ecb l\u00e0m vi\u1ec7c t\u1ea1i M\u1ef9<\/li>\n<li>Nh\u1eefng ng\u01b0\u1eddi lao \u0111\u1ed9ng c\u00f3 kh\u1ea3 n\u0103ng \u0111\u1eb7c bi\u1ec7t ho\u1eb7c tr\u00ecnh \u0111\u1ed9 cao s\u1ebd l\u00e0m l\u1ee3i cho qu\u1ed1c gia M\u1ef9<\/li>\n<\/ul>\n<blockquote>\n<p><strong>Visa EB-3 \u2013 \u0110\u1ecbnh c\u01b0 M\u1ef9 theo di\u1ec7n c\u00f3 tay ngh\u1ec1, chuy\u00ean gia, lao \u0111\u1ed9ng ph\u1ed5 th\u00f4ng<\/strong><\/p>\n<\/blockquote>\n<p><strong><em>EB-3 l\u00e0 vi\u1ebft t\u1eaft c\u1ee7a Employment-Based Third category, ho\u1eb7c l\u00e0 Visa Theo Di\u1ec7n T\u00e0i Tr\u1ee3 Vi\u1ec7c L\u00e0m d\u1ea1ng 3 \u2013 m\u1ed9t kh\u00e1i ni\u1ec7m \u0111\u00e3 t\u1ed3n t\u1ea1i l\u00e2u d\u00e0i trong lu\u1eadt di tr\u00fa M\u1ef9, v\u00e0 l\u00e0 m\u1ed9t c\u00e1ch l\u1ea5y th\u1ebb xanh khi \u0111\u01b0\u1ee3c s\u1eed d\u1ee5ng \u0111\u00fang c\u00e1ch.<\/em><\/strong><\/p>\n<p>T\u00e0i tr\u1ee3 vi\u1ec7c l\u00e0m trong lu\u1eadt di tr\u00fa M\u1ef9 \u0111\u01b0\u1ee3c chia th\u00e0nh nhi\u1ec1u lo\u1ea1i, v\u1edbi Visa Theo Di\u1ec7n T\u00e0i Tr\u1ee3 Vi\u1ec7c L\u00e0m d\u1ea1ng 3 (<strong>Visa EB-3<\/strong>) s\u1ebd d\u00e0nh t\u00e0i tr\u1ee3 cho c\u00e1c \u0111\u1ed1i t\u01b0\u1ee3ng :<\/p>\n<ul>\n<li>Ngh\u1ec1 nghi\u1ec7p \u0111\u00f2i h\u1ecfi \u00edt h\u01a1n 02 n\u0103m \u0111\u00e0o t\u1ea1o ho\u1eb7c kinh nghi\u1ec7m (lao \u0111\u1ed9ng ph\u1ed5 th\u00f4ng)<\/li>\n<li>C\u00f3 \u00edt nh\u1ea5t 02 n\u0103m kinh nghi\u1ec7m trong l\u0129nh v\u1ef1c chuy\u00ean m\u00f4n (c\u00f4ng nh\u00e2n c\u00f3 tay ngh\u1ec1)<\/li>\n<li>C\u00f3 b\u1eb1ng c\u1eed nh\u00e2n<\/li>\n<\/ul>\n<p>\u0110i\u1ec1u ki\u1ec7n \u0111\u1ec3 n\u1ed9p h\u1ed3 s\u01a1 xin\u00a0<strong>visa EB-3<\/strong>\u00a0\u0111\u01b0\u1ee3c t\u00f3m t\u1eaft d\u01b0\u1edbi \u0111\u00e2y:<\/p>\n<table border=\"1\">\n<tbody>\n<tr>\n<td><strong>H\u1ea1ng m\u1ee5c<\/strong><\/td>\n<td><strong>B\u1eb1ng c\u1ea5p<\/strong><\/td>\n<td><strong>Ch\u1ee9ng nh\u1eadn<\/strong><\/td>\n<\/tr>\n<tr>\n<td>Lao \u0111\u1ed9ng c\u00f3 tay ngh\u1ec1<\/td>\n<td>\n<ul>\n<li>\u1ee8ng vi\u00ean \u0111\u1ecbnh c\u01b0 c\u1ea7n ch\u1ee9ng minh t\u1ed1i thi\u1ec3u 2 n\u0103m kinh nghi\u1ec7m l\u00e0m vi\u1ec7c ho\u1eb7c \u0111\u00e0o t\u1ea1o<\/li>\n<li>\u1ee8ng vi\u00ean \u0111\u1ecbnh c\u01b0 c\u1ea7n th\u1ec3 hi\u1ec7n kh\u1ea3 n\u0103ng l\u00e0m vi\u1ec7c m\u00e0 nh\u1eefng lao \u0111\u1ed9ng tay ngh\u1ec1 \u1edf M\u1ef9 hi\u1ec7n kh\u00f4ng c\u00f3<\/li>\n<\/ul>\n<\/td>\n<td>\n<ul>\n<li>Ch\u1ee9ng nh\u1eadn lao \u0111\u1ed9ng (Labor Certification) v\u00e0 l\u1eddi m\u1eddi l\u00e0m vi\u1ec7c to\u00e0n th\u1eddi gian, l\u00e2u d\u00e0i<\/li>\n<\/ul>\n<\/td>\n<\/tr>\n<tr>\n<td>Chuy\u00ean gia<\/td>\n<td>\n<ul>\n<li>\u1ee8ng vi\u00ean \u0111\u1ecbnh c\u01b0 c\u1ea7n ch\u1ee9ng minh c\u00f3 b\u1eb1ng c\u1eed nh\u00e2n t\u1ea1i M\u1ef9 ho\u1eb7c b\u1eb1ng qu\u1ed1c t\u1ebf t\u01b0\u01a1ng \u0111\u01b0\u01a1ng, v\u00e0 b\u1eb1ng c\u1eed nh\u00e2n l\u00e0 y\u00eau c\u1ea7u t\u1ed1i thi\u1ec3u \u0111\u1ec3 \u0111\u01b0\u1ee3c nh\u1eadp c\u1ea3nh di\u1ec7n lao \u0111\u1ed9ng<\/li>\n<li>\u1ee8ng vi\u00ean \u0111\u1ecbnh c\u01b0 c\u1ea7n th\u1ec3 hi\u1ec7n kh\u1ea3 n\u0103ng l\u00e0m vi\u1ec7c m\u00e0 nh\u1eefng lao \u0111\u1ed9ng tay ngh\u1ec1 \u1edf M\u1ef9 hi\u1ec7n kh\u00f4ng c\u00f3<\/li>\n<li>Kinh nghi\u1ec7m v\u00e0 tr\u00ecnh \u0111\u1ed9 h\u1ecdc v\u1ea5n kh\u00f4ng th\u1ec3 thay th\u1ebf cho b\u1eb1ng c\u1eed nh\u00e2n<\/li>\n<\/ul>\n<\/td>\n<td>\n<ul>\n<li>Ch\u1ee9ng nh\u1eadn lao \u0111\u1ed9ng (Labor Certification) v\u00e0 l\u1eddi m\u1eddi l\u00e0m vi\u1ec7c to\u00e0n th\u1eddi gian, l\u00e2u d\u00e0i<\/li>\n<\/ul>\n<\/td>\n<\/tr>\n<tr>\n<td>Lao \u0111\u1ed9ng kh\u00f4ng y\u00eau c\u1ea7u tay ngh\u1ec1 (lao \u0111\u1ed9ng ph\u1ed5 th\u00f4ng kh\u00e1c)<\/td>\n<td>\n<ul>\n<li>T\u1ea1i th\u1eddi \u0111i\u1ec3m ng\u01b0\u1eddi \u0111\u1ea1i di\u1ec7n n\u1ed9p \u0111\u01a1n thay cho b\u1ea1n, \u1ee9ng vi\u00ean c\u1ea7n th\u1ec3 hi\u1ec7n kh\u1ea3 n\u0103ng l\u00e0m vi\u1ec7c kh\u00f4ng y\u00eau c\u1ea7u tay ngh\u1ec1 (y\u00eau c\u1ea7u kh\u00f4ng qu\u00e1 2 n\u0103m \u0111\u00e0o t\u1ea1o ho\u1eb7c kinh nghi\u1ec7m), kh\u00f4ng thu\u1ed9c nh\u00f3m lao \u0111\u1ed9ng t\u1ea1m th\u1eddi hay th\u1eddi v\u1ee5, v\u00e0 nh\u1eefng lao \u0111\u1ed9ng tay ngh\u1ec1 \u1edf M\u1ef9 hi\u1ec7n kh\u00f4ng c\u00f3<\/li>\n<\/ul>\n<\/td>\n<td>\n<ul>\n<li>Ch\u1ee9ng nh\u1eadn lao \u0111\u1ed9ng (Labor Certification) v\u00e0 l\u1eddi m\u1eddi l\u00e0m vi\u1ec7c to\u00e0n th\u1eddi gian, l\u00e2u d\u00e0i<\/li>\n<\/ul>\n<\/td>\n<\/tr>\n<\/tbody>\n<\/table>\n<\/div>\n<div>\n<p>&nbsp;<\/p>\n<p>Nh\u01b0 v\u1eady, \u0111\u1ecbnh c\u01b0 di\u1ec7n vi\u1ec7c l\u00e0m EB-3 ch\u1ec9 c\u00f3 th\u1ec3 ph\u00f9 h\u1ee3p v\u1edbi nh\u1eefng \u0111\u1ed1i t\u01b0\u1ee3ng nh\u1ea5t \u0111\u1ecbnh nh\u01b0 c\u1eed nh\u00e2n \u0110\u1ea1i h\u1ecdc, chuy\u00ean gia, lao \u0111\u1ed9ng c\u00f3 tay ngh\u1ec1 v.v. V\u00ec anh\/ch\u1ecb ph\u1ea3i c\u00f3 gi\u1ea5y t\u1edd ch\u1ee9ng minh m\u00ecnh c\u00f3 kinh nghi\u1ec7m ho\u1eb7c \u0111\u00e3 \u0111\u01b0\u1ee3c \u0111\u00e0o t\u1ea1o \u00edt nh\u1ea5t 2 n\u0103m trong l\u0129nh v\u1ef1c \u0111\u00f3. \u1ede m\u1ed9t s\u1ed1 v\u1ecb tr\u00ed c\u00f2n \u0111\u00f2i h\u1ecfi c\u00e1 nh\u00e2n \u0111\u00f3 ph\u1ea3i c\u00f3 b\u1eb1ng \u0110\u1ea1i h\u1ecdc M\u1ef9 ho\u1eb7c b\u1eb1ng \u0110\u1ea1i h\u1ecdc t\u1eeb 1 n\u01b0\u1edbc b\u1ea5t k\u1ef3 c\u00f3 gi\u00e1 tr\u1ecb t\u01b0\u01a1ng \u0111\u01b0\u01a1ng. Quan tr\u1ecdng nh\u1ea5t \u0111\u1ec3 c\u00f3 th\u1ec3 xin \u0111\u01b0\u1ee3c\u00a0<strong>th\u1ebb xanh M\u1ef9 di\u1ec7n EB-3<\/strong>\u00a0n\u00e0y, anh\/ch\u1ecb c\u1ea7n ph\u1ea3i c\u00f3 gi\u1ea5y gi\u1edbi thi\u1ec7u ho\u1eb7c gi\u1ea5y \u0111\u1ea3m b\u1ea3o lao \u0111\u1ed9ng t\u1eeb 1 c\u00f4ng ty, doanh nghi\u1ec7p hay l\u00e0 1 nh\u00e0 tuy\u1ec3n d\u1ee5ng b\u1ea5t k\u1ef3 c\u00f3 uy t\u00edn t\u1ea1i M\u1ef9.<\/p>\n<p>&nbsp;<\/p>\n<div id=\"attachment_7410\" class=\"wp-caption aligncenter\"><img loading=\"lazy\" class=\"size-full wp-image-7410\" src=\"http:\/\/dautu.muathemewordpress.net\/wp-content\/uploads\/2019\/09\/dinh-cu-my-377-1.jpg\" alt=\"\" width=\"800\" height=\"500\" aria-describedby=\"caption-attachment-7410\" \/><\/p>\n<p id=\"caption-attachment-7410\" class=\"wp-caption-text\">\u0110\u1ecbnh c\u01b0 di\u1ec7n vi\u1ec7c l\u00e0m EB-3 ch\u1ec9 c\u00f3 th\u1ec3 ph\u00f9 h\u1ee3p v\u1edbi nh\u1eefng \u0111\u1ed1i t\u01b0\u1ee3ng nh\u1ea5t \u0111\u1ecbnh<\/p>\n<\/div>\n<blockquote>\n<p><strong>Visa EB-4 \u2013 \u0110\u1ecbnh c\u01b0 M\u1ef9 theo di\u1ec7n tay ngh\u1ec1 nh\u1eadp c\u01b0 \u0111\u1eb7c bi\u1ec7t<\/strong><\/p>\n<\/blockquote>\n<p><em><strong>Visa EB-4 l\u00e0 visa \u0111\u1ecbnh c\u01b0 M\u1ef9 d\u00e0nh cho nh\u1eefng di d\u00e2n \u0111\u1eb7c bi\u1ec7t ho\u1eb7c ng\u01b0\u1eddi l\u00e0m vi\u1ec7c cho t\u00f4n gi\u00e1o.<\/strong><\/em><\/p>\n<p>\u0110i\u1ec1u ki\u1ec7n \u0111\u1ec3 tham gia Visa EB-4<\/p>\n<ul>\n<li>\u0110\u01b0\u01a1ng \u0111\u01a1n ph\u1ea3i l\u00e0 Amerasian (con c\u1ee7a l\u00ednh M\u1ef9)<\/li>\n<li>Kh\u00f4ng c\u1ea7n gi\u1ea5y ch\u1ee9ng nh\u1eadn lao \u0111\u1ed9ng cho m\u1ed9t s\u1ed1 nh\u1eadp c\u01b0 \u0111\u1eb7c bi\u1ec7t<\/li>\n<li>C\u00f3 s\u1ef1 ngo\u1ea1i l\u1ec7 d\u00e0nh cho nh\u00e2n vi\u00ean c\u0169 t\u1ea1i c\u01a1 quan M\u1ef9 \u1edf n\u01b0\u1edbc ngo\u00e0i<\/li>\n<li>Ng\u01b0\u1eddi g\u00f3a v\u1ee3 ho\u1eb7c g\u00f3a ph\u1ee5, ng\u01b0\u1eddi nh\u1eadp c\u01b0 \u0111\u1eb7c bi\u1ec7t v\u00e0 \u0111\u01b0\u1ee3c s\u1ef1 ch\u1ea5p thu\u1eadn t\u1eeb FORM I-360<\/li>\n<\/ul>\n<h2><span class=\" author-d-iz88z86z86za0dz67zz78zz78zz74zz68zjz80zz71z9iz90z9pgz79z4hdz88zvz72zlwwz82zz90zz65z8wf6dwmpz71zz68zz70zpz84zla\"><b>\u0110\u1ecaNH C\u01af M\u1ef8 THEO DI\u1ec6N \u0110\u1ea6U T\u01af EB-5<\/b><\/span><\/h2>\n<p><em><strong>\u0110\u1ecbnh c\u01b0 M\u1ef9 theo di\u1ec7n EB-5\u00a0(Employment Base Fifth) l\u00e0 ch\u01b0\u01a1ng tr\u00ecnh \u0111\u1ea7u t\u01b0 l\u1ea5y\u00a0th\u1ebb xanh M\u1ef9\u00a0cho c\u1ea3 gia \u0111\u00ecnh.\u00a0\u0111\u01b0\u1ee3c Qu\u1ed1c H\u1ed9i M\u1ef9 ban h\u00e0nh v\u00e0o nh\u1eefng n\u0103m 1990 v\u1edbi m\u1ee5c \u0111\u00edch ch\u00ednh l\u00e0 t\u1ea1o c\u00f4ng \u0103n vi\u1ec7c l\u00e0m cho c\u00f4ng d\u00e2n M\u1ef9. Nh\u1eefng nh\u00e0 \u0111\u1ea7u t\u01b0 n\u01b0\u1edbc ngo\u00e0i s\u1ebd \u0111\u1ea7u t\u01b0 tr\u1ef1c ti\u1ebfp ho\u1eb7c gi\u00e1n ti\u1ebfp v\u00e0o c\u00e1c doanh nghi\u1ec7p m\u1edbi th\u00e0nh l\u1eadp; gia \u0111\u00ecnh c\u1ee7a nh\u00e0 \u0111\u1ea7u t\u01b0 bao g\u1ed3m v\u1ee3, ch\u1ed3ng v\u00e0 c\u00e1c con d\u01b0\u1edbi 21 tu\u1ed5i c\u00f2n \u0111\u1ed9c th\u00e2n s\u1ebd \u0111\u01b0\u1ee3c c\u1ea5p Th\u1ebb Xanh, h\u01b0\u1edfng quy\u1ec1n Th\u01b0\u1eddng tr\u00fa nh\u00e2n v\u00e0 c\u01a1 h\u1ed9i nh\u1eadp Qu\u1ed1c t\u1ecbch M\u1ef9.<\/strong><\/em><\/p>\n<blockquote>\n<p><strong>L\u1ee3i \u00edch visa di\u1ec7n \u0111\u1ea7u t\u01b0 \u0110\u1ecbnh c\u01b0 M\u1ef9 EB-5<\/strong><\/p>\n<\/blockquote>\n<ul>\n<li>T\u1ef1 \u0111\u01b0\u01a1ng \u0111\u01a1n n\u1ed9p \u0111\u01a1n kh\u00f4ng c\u1ea7n ai b\u1ea3o l\u00e3nh.<\/li>\n<li>M\u1ed9t su\u1ea5t \u0111\u1ea7u t\u01b0 duy nh\u1ea5t \u0111\u1ec3 l\u1ea5y th\u1ebb xanh cho v\u1ee3 ch\u1ed3ng v\u00e0 c\u00e1c con d\u01b0\u1edbi 21 tu\u1ed5i. H\u01b0\u1edfng m\u1ecdi quy\u1ec1n l\u1ee3i c\u1ee7a c\u00f4ng d\u00e2n M\u1ef9 v\u00e0 c\u01a1 h\u1ed9i nh\u1eadp qu\u1ed1c t\u1ecbch sau m\u1ed9t th\u1eddi gian sinh s\u1ed1ng.<\/li>\n<li>C\u01a1 h\u1ed9i h\u1ecdc t\u1eadp, l\u00e0m vi\u1ec7c, sinh s\u1ed1ng v\u0129nh vi\u1ec5n t\u1ea1i m\u00f4i tr\u01b0\u1eddng hi\u1ec7n \u0111\u1ea1i b\u1eadc nh\u1ea5t.<\/li>\n<li>Ti\u1ebft ki\u1ec7m chi ph\u00ed so v\u1edbi vi\u1ec7c du h\u1ecdc: con c\u00e1i d\u01b0\u1edbi 18 tu\u1ed5i \u0111\u01b0\u1ee3c h\u1ecdc mi\u1ec5n ph\u00ed t\u1ea1i Hoa K\u1ef3,\u00a0tr\u00ean 18 tu\u1ed5i h\u1ecdc ph\u00ed b\u1eb1ng 1\/3 h\u1ecdc ph\u00ed du h\u1ecdc sinh.<\/li>\n<li>Duy tr\u00ec c\u00f4ng vi\u1ec7c, t\u00e0i s\u1ea3n t\u1ea1i Vi\u1ec7t Nam, kh\u00f4ng b\u1ecb r\u00e0ng bu\u1ed9c v\u1ec1 th\u1eddi gian sinh s\u1ed1ng t\u1ea1i M\u1ef9.<\/li>\n<\/ul>\n<blockquote>\n<p><strong>\u0110i\u1ec1u ki\u1ec7n \u0111\u1ea7u t\u01b0 \u0110\u1ecbnh c\u01b0 M\u1ef9 EB-5 h\u00ecnh th\u1ee9c \u0111\u1ea7u t\u01b0 gi\u00e1n ti\u1ebfp<\/strong><\/p>\n<\/blockquote>\n<p>Tham gia ch\u01b0\u01a1ng tr\u00ecnh\u00a0\u0110\u1ecbnh c\u01b0 M\u1ef9 EB-5\u00a0theo h\u00ecnh th\u1ee9c \u0111\u1ea7u t\u01b0 gi\u00e1n ti\u1ebfp l\u00e0 \u0111\u1ea7u t\u01b0 v\u00e0o d\u1ef1 \u00e1n \u0111\u01b0\u1ee3c ph\u00e1t tri\u1ec3n b\u1edfi Trung T\u00e2m V\u00f9ng (Regional Center) \u0111\u00e3 \u0111\u01b0\u1ee3c S\u1edf Di Tr\u00fa Hoa K\u1ef3 (USCIS) ch\u1ea5p thu\u1eadn v\u1edbi m\u1ee9c \u0111\u1ea7u t\u01b0 $500,000 USD. \u0110\u1ec3 \u0111\u1ea1t \u0111\u01b0\u1ee3c th\u1ebb xanh M\u1ef9 v\u0129nh vi\u1ec5n nh\u00e0 \u0111\u1ea7u t\u01b0 c\u1ea7n \u0111\u1ea3m b\u1ea3o c\u00e1c \u0111i\u1ec1u ki\u1ec7n sau c\u1ee7a ch\u01b0\u01a1ng tr\u00ecnh:<\/p>\n<\/div>\n<ul>\n<li>H\u1ea1n m\u1ee9c\u00a0\u0111\u1ea7u t\u01b0 EB-5\u00a0t\u1eeb $500,000 USD v\u00e0o m\u1ed9t d\u1ef1 \u00e1n th\u1ecfa \u0111i\u1ec1u ki\u1ec7n c\u1ee7a ch\u01b0\u01a1ng tr\u00ecnh EB-5<\/li>\n<li>Ch\u1ee9ng minh s\u1ed1 ti\u1ec1n c\u1ee7a nh\u00e0 \u0111\u1ea7u t\u01b0 c\u00f3 ngu\u1ed3n g\u1ed1c h\u1ee3p ph\u00e1p<\/li>\n<li>Ch\u1ee9ng minh \u0111\u1ea7u t\u01b0 hi\u1ec7u qu\u1ea3 b\u1eb1ng vi\u1ec7c s\u1ed1 ti\u1ec1n c\u1ee7a nh\u00e0 \u0111\u1ea7u t\u01b0 t\u1ea1o ra \u0111\u01b0\u1ee3c 10 vi\u1ec7c l\u00e0m cho ng\u01b0\u1eddi lao \u0111\u1ed9ng b\u1ea3n x\u1ee9<\/li>\n<\/ul>\n<p>Kh\u00e1c v\u1edbi\u00a0Visa EB-3\u00a0ch\u1ec9 ph\u00f9 h\u1ee3p v\u1edbi m\u1ed9t s\u1ed1 \u0111\u1ed1i t\u01b0\u1ee3ng nh\u1ea5t \u0111\u1ecbnh, EB-5 kh\u00f4ng y\u00eau c\u1ea7u v\u1ec1 b\u1eb1ng c\u1ea5p, kinh nghi\u1ec7m hay n\u0103ng l\u1ef1c c\u00e1 nh\u00e2n\u2026 do \u0111\u00f3 n\u00f3 ph\u00f9 h\u1ee3p v\u1edbi m\u1ecdi \u0111\u1ed1i t\u01b0\u1ee3ng, mi\u1ec5n l\u00e0 b\u1ea1n \u0111\u1ee7 ti\u1ec1m l\u1ef1c v\u1ec1 t\u00e0i ch\u00ednh. B\u1ea1n ph\u1ea3i b\u1ecf ra \u00edt nh\u1ea5t 500.000 USD \u0111\u1ec3 \u0111\u1ea7u t\u01b0 v\u00e0o nh\u1eefng d\u1ef1 \u00e1n th\u1ecfa m\u00e3n \u0111i\u1ec1u ki\u1ec7n theo quy \u0111\u1ecbnh c\u1ee7a Ch\u00ednh ph\u1ee7 M\u1ef9, \u0111\u1ed3ng th\u1eddi ph\u1ea3i ch\u1ee9ng minh \u0111\u01b0\u1ee3c ngu\u1ed3n g\u1ed1c h\u1ee3p ph\u00e1p c\u1ee7a s\u1ed1 ti\u1ec1n n\u00e0y.<\/p>\n<div id=\"attachment_7409\" class=\"wp-caption aligncenter\"><img loading=\"lazy\" class=\"size-full wp-image-7409\" src=\"http:\/\/dautu.muathemewordpress.net\/wp-content\/uploads\/2019\/09\/dinh-cu-my-377-2.jpg\" alt=\"\" width=\"800\" height=\"500\" aria-describedby=\"caption-attachment-7409\" \/><\/p>\n<p id=\"caption-attachment-7409\" class=\"wp-caption-text\">Ch\u01b0\u01a1ng tr\u00ecnh \u0111\u1ecbnh c\u01b0 M\u1ef9 theo di\u1ec7n EB-5 (Employment Base Fifth) l\u00e0 ch\u01b0\u01a1ng tr\u00ecnh \u0111\u1ea7u t\u01b0 l\u1ea5y th\u1ebb xanh M\u1ef9 cho c\u1ea3 gia \u0111\u00ecnh.<\/p>\n<\/div>\n<p>Trong nh\u1eefng n\u0103m g\u1ea7n \u0111\u00e2y, ch\u01b0\u01a1ng tr\u00ecnh\u00a0\u0110\u1ecbnh c\u01b0 M\u1ef9 EB-5\u00a0li\u00ean t\u1ee5c \u0111\u01b0\u1ee3c gia h\u1ea1n ng\u1eafn b\u1edfi Qu\u1ed1c h\u1ed9i M\u1ef9 v\u1edbi nhi\u1ec1u d\u1ef1 lu\u1eadt m\u1edbi \u0111ang \u0111\u01b0\u1ee3c xem x\u00e9t. Theo th\u00f4ng tin ch\u00ednh th\u1ee9c, t\u1eeb ng\u00e0y 21\/11\/2019, v\u1ed1n \u0111\u1ea7u t\u01b0 ch\u01b0\u01a1ng tr\u00ecnh EB-5 s\u1ebd t\u0103ng t\u1eeb\u00a0<strong>$500.000<\/strong>\u00a0l\u00ean\u00a0<strong>$900.000<\/strong>\u00a0v\u1edbi h\u00ecnh th\u1ee9c \u0111\u1ea7u t\u01b0 qua trung t\u00e2m v\u00f9ng. Ch\u00ednh v\u00ec v\u1eady, th\u1eddi gian n\u00e0y ch\u00ednh l\u00e0 th\u1eddi \u0111i\u1ec3m v\u00e0ng \u0111\u1ec3 nh\u00e0 \u0111\u1ea7u t\u01b0 ra quy\u1ebft \u0111\u1ecbnh l\u1ef1a ch\u1ecdn d\u1ef1 \u00e1n \u0111\u1ea7u t\u01b0\u00a0\u0111\u1ecbnh c\u01b0 M\u1ef9 EB-5\u00a0an to\u00e0n v\u00e0 ho\u00e0n thi\u1ec7n b\u1ed9 h\u1ed3 s\u01a1 t\u00e0i ch\u00ednh c\u1ee7a m\u00ecnh n\u1eafm b\u1eaft c\u01a1 h\u1ed9i l\u1ea5y th\u1ebb xanh M\u1ef9 cho c\u1ea3 gia \u0111\u00ecnh tr\u01b0\u1edbc khi s\u1ed1 ti\u1ec1n t\u0103ng g\u1ea7n g\u1ea5p \u0111\u00f4i.<\/p>\n\t\t<\/div>\n\t\t\t<\/div>\n\n\t\n<\/div>\n\t\t<\/div>\n\n\t\t\n<style>\n#section_138276855 {\n  padding-top: 30px;\n  padding-bottom: 30px;\n}\n<\/style>\n\t<\/section>\n\t\n","protected":false},"excerpt":{"rendered":"","protected":false},"author":1,"featured_media":0,"parent":0,"menu_order":0,"comment_status":"closed","ping_status":"closed","template":"page-blank.php","meta":[],"_links":{"self":[{"href":"https:\/\/hosting.conasi.vn\/w\/congty122011\/wp-json\/wp\/v2\/pages\/377"}],"collection":[{"href":"https:\/\/hosting.conasi.vn\/w\/congty122011\/wp-json\/wp\/v2\/pages"}],"about":[{"href":"https:\/\/hosting.conasi.vn\/w\/congty122011\/wp-json\/wp\/v2\/types\/page"}],"author":[{"embeddable":true,"href":"https:\/\/hosting.conasi.vn\/w\/congty122011\/wp-json\/wp\/v2\/users\/1"}],"replies":[{"embeddable":true,"href":"https:\/\/hosting.conasi.vn\/w\/congty122011\/wp-json\/wp\/v2\/comments?post=377"}],"version-history":[{"count":5,"href":"https:\/\/hosting.conasi.vn\/w\/congty122011\/wp-json\/wp\/v2\/pages\/377\/revisions"}],"predecessor-version":[{"id":477,"href":"https:\/\/hosting.conasi.vn\/w\/congty122011\/wp-json\/wp\/v2\/pages\/377\/revisions\/477"}],"wp:attachment":[{"href":"https:\/\/hosting.conasi.vn\/w\/congty122011\/wp-json\/wp\/v2\/media?parent=377"}],"curies":[{"name":"wp","href":"https:\/\/api.w.org\/{rel}","templated":true}]}}