{"id":1007,"date":"2019-11-06T22:15:51","date_gmt":"2019-11-06T15:15:51","guid":{"rendered":"https:\/\/tinhoctaynguyen.com\/?post_type=product&#038;p=1007"},"modified":"2019-11-06T22:15:51","modified_gmt":"2019-11-06T15:15:51","slug":"camera-hikvision-ds-2ce16d0t-it3-2-0-megapixel-ir-exir-40m-f3-6mm-ip66","status":"publish","type":"product","link":"https:\/\/hosting.conasi.vn\/w\/camera12011\/san-pham\/camera-hikvision-ds-2ce16d0t-it3-2-0-megapixel-ir-exir-40m-f3-6mm-ip66\/","title":{"rendered":"Camera HIKVISION DS-2CE16D0T-IT3 2.0 Megapixel, IR EXIR 40m, F3.6mm, IP66"},"content":{"rendered":"<p>Camera HIKVISION DS-2CE16D0T-IT3<br \/>\nCamera HIKVISION DS-2CE16D0T-IT3 \u0111\u01b0\u1ee3c s\u1eed d\u1ee5ng c\u00f4ng ngh\u1ec7 m\u1edbi nh\u1ea5t cho m\u1ed9t camera cao c\u1ea5p.<br \/>\n     &#8211; Day\/Night (ICR) : s\u1eed d\u1ee5ng \u1ed1ng k\u00ednh ban ng\u00e0y v\u00e0 ban \u0111\u00eam kh\u00e1c nhau cho h\u00ecnh \u1ea3nh c\u1ef1c \u0111\u1eb9p xu\u1ea5t s\u1eafc gi\u1eefa ng\u00e0y v\u00e0 \u0111\u00eam.<br \/>\n<a href=\"https:\/\/tinhoctaynguyen.com\/wp-content\/uploads\/2019\/11\/2.jpg\"><img loading=\"lazy\" src=\"https:\/\/tinhoctaynguyen.com\/wp-content\/uploads\/2019\/11\/2-300x223.jpg\" alt=\"\" width=\"300\" height=\"223\" class=\"alignnone size-medium wp-image-1002\" srcset=\"https:\/\/hosting.conasi.vn\/w\/camera12011\/wp-content\/uploads\/2019\/11\/2-300x223.jpg 300w, https:\/\/hosting.conasi.vn\/w\/camera12011\/wp-content\/uploads\/2019\/11\/2.jpg 412w\" sizes=\"(max-width: 300px) 100vw, 300px\" \/><\/a><br \/>\n   &#8211; 3D-DNR gi\u1ea3m nhi\u1ec5u k\u1ef9 thu\u1eadt s\u1ed1 3D<br \/>\n<a href=\"https:\/\/tinhoctaynguyen.com\/wp-content\/uploads\/2019\/11\/3-2.jpg\"><img loading=\"lazy\" src=\"https:\/\/tinhoctaynguyen.com\/wp-content\/uploads\/2019\/11\/3-2-300x133.jpg\" alt=\"\" width=\"300\" height=\"133\" class=\"alignnone size-medium wp-image-1003\" srcset=\"https:\/\/hosting.conasi.vn\/w\/camera12011\/wp-content\/uploads\/2019\/11\/3-2-300x133.jpg 300w, https:\/\/hosting.conasi.vn\/w\/camera12011\/wp-content\/uploads\/2019\/11\/3-2-510x226.jpg 510w, https:\/\/hosting.conasi.vn\/w\/camera12011\/wp-content\/uploads\/2019\/11\/3-2.jpg 548w\" sizes=\"(max-width: 300px) 100vw, 300px\" \/><\/a><br \/>\n  &#8211; Camera HIKVISION DS-2CE16D0T-IT3 c\u00f4ng ngh\u1ec7 HDTVI  truy\u1ec1n h\u00ecnh \u1ea3nh HD v\u1edbi kho\u1ea3ng c\u00e1ch r\u1ea5t xa 300-500m, d\u1ec5 d\u00e0ng c\u00e0i \u0111\u1eb7t kh\u00f4ng b\u1ecb gi\u1eadt h\u00ecnh, kh\u00f4ng b\u1ecb \u0111\u1ed9 tr\u1ec5 so v\u1edbi camera IP, h\u01a1n h\u1eb3n c\u00f4ng ngh\u1ec7 HD-SDI v\u1ec1 t\u1ed1c \u0111\u1ed9 truy\u1ec1n, c\u00f4ng ng\u1ec7 HDTVI l\u00e0 c\u00f4ng ngh\u1ec7 analog sau c\u00f9ng cho h\u00ecnh \u1ea3nh s\u1eafc n\u00e9t r\u1ea5t trong v\u00e0 m\u1ecbn t\u1ed1t nh\u1ea5t d\u00f2ng analog.<\/p>\n<p>     &#8211; Camera quan s\u00e1t HIKVISION DS-2CE16D0T-IT3 th\u00e2n h\u1ed3ng ngo\u1ea1i h\u00ecnh \u1ea3nh HD 1080P si\u00eau n\u00e9t, M\u00e0u tr\u1eafng h\u00ecnh th\u1ee9c trang nh\u00e3 d\u1ec5 l\u1eafp \u0111\u1eb7t v\u00e0 \u0111i\u1ec1u ch\u1ec9nh, h\u00ecnh d\u1ea1ng nh\u1ecf g\u1ecdn th\u00edch h\u1ee3p s\u1eed d\u1ee5ng l\u1eafp camera cho v\u0103n ph\u00f2ng c\u00f4ng ty,camera cho shop th\u1eddi trang qu\u1ea7n \u00e1o, camera cho qu\u00e1n caf\u00e9\u2026S\u1ea3n ph\u1ea9m ch\u1ea5t l\u01b0\u1ee3ng si\u00eau n\u00e9t \u0111\u1ea3m b\u1ea3o h\u00e0i l\u00f2ng kh\u00e1ch h\u00e0ng kh\u00f3 t\u00ednh nh\u1ea5t. <\/p>\n","protected":false},"excerpt":{"rendered":"<p>Camera HIKVISION DS-2CE16D0T-IT3 Camera HIKVISION DS-2CE16D0T-IT3 \u0111\u01b0\u1ee3c s\u1eed d\u1ee5ng c\u00f4ng ngh\u1ec7 m\u1edbi nh\u1ea5t cho m\u1ed9t camera cao c\u1ea5p. &#8211; Day\/Night (ICR) : s\u1eed d\u1ee5ng \u1ed1ng k\u00ednh ban ng\u00e0y v\u00e0 ban \u0111\u00eam kh\u00e1c nhau cho h\u00ecnh \u1ea3nh c\u1ef1c \u0111\u1eb9p xu\u1ea5t s\u1eafc gi\u1eefa ng\u00e0y v\u00e0 \u0111\u00eam. &#8211; 3D-DNR gi\u1ea3m nhi\u1ec5u k\u1ef9 thu\u1eadt s\u1ed1 3D &#8211; Camera HIKVISION &#8230;<\/p>\n","protected":false},"featured_media":1008,"comment_status":"closed","ping_status":"closed","template":"","meta":[],"brands":[{"id":30,"name":"Hikvison","slug":"hikvison"}],"_links":{"self":[{"href":"https:\/\/hosting.conasi.vn\/w\/camera12011\/wp-json\/wp\/v2\/product\/1007"}],"collection":[{"href":"https:\/\/hosting.conasi.vn\/w\/camera12011\/wp-json\/wp\/v2\/product"}],"about":[{"href":"https:\/\/hosting.conasi.vn\/w\/camera12011\/wp-json\/wp\/v2\/types\/product"}],"replies":[{"embeddable":true,"href":"https:\/\/hosting.conasi.vn\/w\/camera12011\/wp-json\/wp\/v2\/comments?post=1007"}],"wp:featuredmedia":[{"embeddable":true,"href":"https:\/\/hosting.conasi.vn\/w\/camera12011\/wp-json\/wp\/v2\/media\/1008"}],"wp:attachment":[{"href":"https:\/\/hosting.conasi.vn\/w\/camera12011\/wp-json\/wp\/v2\/media?parent=1007"}],"curies":[{"name":"wp","href":"https:\/\/api.w.org\/{rel}","templated":true}]}}